{"id":3961,"date":"2025-12-31T23:39:00","date_gmt":"2025-12-31T21:39:00","guid":{"rendered":"https:\/\/opus-folyoirat.sk\/?page_id=3961"},"modified":"2026-01-14T21:40:23","modified_gmt":"2026-01-14T19:40:23","slug":"konnektom","status":"publish","type":"page","link":"https:\/\/opus-folyoirat.sk\/?page_id=3961","title":{"rendered":"Konnekt\u00f3m\u00a0"},"content":{"rendered":"<div class=\"has-text-align-right wp-block-post-date\"><time datetime=\"2025-12-31T23:39:00+02:00\">2025-12-31<\/time><\/div>\n\n\n<p>Rubin doktor munk\u00e1j\u00e1nak k\u00f6sz\u00f6nhet\u0151en t\u00edz-h\u00fasz \u00e9v m\u00falva \u2014 tal\u00e1n \u2014 meg\u00e9rtj\u00fck a muslinca agy m\u0171k\u00f6d\u00e9s\u00e9t. V\u00e9lem\u00e9nye szerint az emberi agy, az emberi tudat megismer\u00e9s\u00e9hez m\u00e9g legal\u00e1bb sz\u00e1z \u00e9v kutat\u00f3munk\u00e1ra van sz\u00fcks\u00e9g. &nbsp;<\/p>\n\n\n\n<p>Mi\u00e9rt ez a nagy \u00e9rdekl\u0151d\u00e9s? A tudom\u00e1nyos \u00e9rdekl\u0151d\u00e9sen t\u00fal egy\u00e9b meggondol\u00e1sok is vez\u00e9relnek benn\u00fcnket: Bolyg\u00f3nkon k\u00e9tmilli\u00e1rd embert \u00e9rintenek az elmebetegs\u00e9gek, s ugyanakkor botr\u00e1nyosan keveset tudunk az elme betegs\u00e9geir\u0151l. \u201e \u2013 Egyetlen olyan neurol\u00f3giai betegs\u00e9g sincs, amelyr\u0151l b\u00e1rki tudn\u00e1, hogy mif\u00e9le meghib\u00e1sod\u00e1s okozza, azaz melyik idegp\u00e1ly\u00e1val, melyik szinapszissal, melyik sejttel, melyik receptorral van baj.\u201d \u2013 hangzik a tudom\u00e1nyos kijelent\u00e9s. Az agy betegs\u00e9gei m\u00e1r a k\u00f6zelj\u00f6v\u0151ben a hazai brutt\u00f3 hazai \u00f6sszterm\u00e9k h\u00fasz sz\u00e1zal\u00e9k\u00e1val terhelhetik meg a vil\u00e1ggazdas\u00e1got! \u2014 mondja egy m\u00e1sik tud\u00f3s.&nbsp;<\/p>\n\n\n\n<p>\u00c9s m\u00e9gis \u2014 vagy \u00e9ppen ez\u00e9rt \u2014 \u00e1lmodozunk: Az emberi konnekt\u00f3m \u2014 az emberi agy idegp\u00e1ly\u00e1inak olyan szint\u0171 felt\u00e9rk\u00e9pez\u00e9se, amely t\u00e9rk\u00e9p m\u00e1r tartalmazza az illet\u0151 szem\u00e9lyis\u00e9g\u00e9t \u00e9s eml\u00e9keit is \u2014 teljes inform\u00e1ci\u00f3tartalma egy zetab\u00e1jt (egy egyes \u00e9s huszonegy nulla), ami nagyj\u00e1b\u00f3l azonos a ma a vil\u00e1gh\u00e1l\u00f3n fellelhet\u0151 \u00f6sszes inform\u00e1ci\u00f3 mennyis\u00e9g\u00e9vel. Az optikai k\u00e1belek adattov\u00e1bb\u00edt\u00e1si sebess\u00e9ge m\u00e1sodpercenk\u00e9nt egy terab\u00e1jt (egy egyes \u00e9s tizenk\u00e9t nulla).&nbsp;<\/p>\n\n\n\n<p>Az inform\u00e1ci\u00f3t\u00e1rol\u00e1s \u00e9s adatt\u00f6m\u00f6r\u00edt\u00e9s hat\u00e9konys\u00e1g\u00e1t egymilli\u00f3szoros\u00e1ra kell n\u00f6veln\u00fcnk, hogy a konnekt\u00f3mot l\u00e9zersug\u00e1r seg\u00edts\u00e9g\u00e9vel az \u0171rbe tov\u00e1bb\u00edtsuk.&nbsp;<\/p>\n\n\n\n<p>A Moore-t\u00f6rv\u00e9ny alapj\u00e1n tudjuk, hogy a sz\u00e1m\u00edt\u00f3g\u00e9pek teljes\u00edtm\u00e9nye egy bizonyos ponton t\u00fal nem n\u00f6velhet\u0151 tov\u00e1bb azzal, hogy egyre kisebb tranzisztorokat \u00e1ll\u00edtsunk el\u0151.&nbsp;<\/p>\n\n\n\n<p>Impon\u00e1l ez a hit ez az elsz\u00e1nts\u00e1g, ez a kitart\u00e1s\u2026 mintha a j\u00f6v\u0151nek sz\u00fcks\u00e9ge lenne r\u00e1nk\u2026 mintha k\u00fcldet\u00e9s\u00fcnk lenne, mintha az eg\u00e9sznek \u00e9rtelme lenne.<\/p>\n\n\n\n<p>\u00c9s mindent olyan j\u00f3l meg tudunk magyar\u00e1zni&#8230;&nbsp; eleinte vall\u00e1si alapon, majd tudom\u00e1nyos alapon, majd t\u00fal\u00e9l\u00e9si alapon, s m\u00e1r r\u00e9g nem lesz\u00fcnk, de kifog\u00e1saink, indokaink ott rejt\u0151znek majd a tov\u00e1bb kering\u0151 atomjainkban&#8230;&nbsp;<\/p>\n\n\n\n<p>Holott a t\u00fal\u00e9l\u00e9s alapvet\u0151 k\u00f6vetelm\u00e9nyeinek sem tudunk eleget tenni&#8230; mintha nem gn\u00f3mok \u00e9s f\u00e9lresiker\u00fclt k\u00eds\u00e9rleti alanyok t\u00f6mkeleg\u00e9n kellene majd eljutnunk egy olyasfajta szingularit\u00e1shoz, amely, ha nem is utunk deklar\u00e1lt c\u00e9lja, \u00e1m nyilv\u00e1nval\u00f3 v\u00e9gpontja.<\/p>\n\n\n\n<p class=\"has-text-align-right\"><em>Hogya Gy\u00f6rgy<\/em><\/p>\n","protected":false},"excerpt":{"rendered":"<p>Rubin doktor munk\u00e1j\u00e1nak k\u00f6sz\u00f6nhet\u0151en t\u00edz-h\u00fasz \u00e9v m\u00falva \u2014 tal\u00e1n \u2014 meg\u00e9rtj\u00fck a muslinca agy m\u0171k\u00f6d\u00e9s\u00e9t. V\u00e9lem\u00e9nye szerint az emberi agy, az emberi tudat megismer\u00e9s\u00e9hez m\u00e9g legal\u00e1bb sz\u00e1z \u00e9v kutat\u00f3munk\u00e1ra van sz\u00fcks\u00e9g. &nbsp; Mi\u00e9rt ez a nagy \u00e9rdekl\u0151d\u00e9s? A tudom\u00e1nyos \u00e9rdekl\u0151d\u00e9sen &hellip; <a href=\"https:\/\/opus-folyoirat.sk\/?page_id=3961\">Egy kattint\u00e1s ide a folytat\u00e1shoz&#8230;. <span class=\"meta-nav\">&rarr;<\/span><\/a><\/p>\n","protected":false},"author":4,"featured_media":0,"parent":0,"menu_order":0,"comment_status":"closed","ping_status":"closed","template":"","meta":{"footnotes":""},"class_list":["post-3961","page","type-page","status-publish","hentry"],"_links":{"self":[{"href":"https:\/\/opus-folyoirat.sk\/index.php?rest_route=\/wp\/v2\/pages\/3961","targetHints":{"allow":["GET"]}}],"collection":[{"href":"https:\/\/opus-folyoirat.sk\/index.php?rest_route=\/wp\/v2\/pages"}],"about":[{"href":"https:\/\/opus-folyoirat.sk\/index.php?rest_route=\/wp\/v2\/types\/page"}],"author":[{"embeddable":true,"href":"https:\/\/opus-folyoirat.sk\/index.php?rest_route=\/wp\/v2\/users\/4"}],"replies":[{"embeddable":true,"href":"https:\/\/opus-folyoirat.sk\/index.php?rest_route=%2Fwp%2Fv2%2Fcomments&post=3961"}],"version-history":[{"count":1,"href":"https:\/\/opus-folyoirat.sk\/index.php?rest_route=\/wp\/v2\/pages\/3961\/revisions"}],"predecessor-version":[{"id":3962,"href":"https:\/\/opus-folyoirat.sk\/index.php?rest_route=\/wp\/v2\/pages\/3961\/revisions\/3962"}],"wp:attachment":[{"href":"https:\/\/opus-folyoirat.sk\/index.php?rest_route=%2Fwp%2Fv2%2Fmedia&parent=3961"}],"curies":[{"name":"wp","href":"https:\/\/api.w.org\/{rel}","templated":true}]}}

Konnektóm

<div class="has-text-align-right wp-block-post-date"><time datetime="2025-12-31T23:39:00+02:00">2025-12-31</time></div>


<p>Rubin doktor munkájának köszönhetően tíz-húsz év múlva — talán — megértjük a muslinca agy működését. Véleménye szerint az emberi agy, az emberi tudat megismeréséhez még legalább száz év kutatómunkára van szükség. &nbsp;</p>



<p>Miért ez a nagy érdeklődés? A tudományos érdeklődésen túl egyéb meggondolások is vezérelnek bennünket: Bolygónkon kétmilliárd embert érintenek az elmebetegségek, s ugyanakkor botrányosan keveset tudunk az elme betegségeiről. „ – Egyetlen olyan neurológiai betegség sincs, amelyről bárki tudná, hogy miféle meghibásodás okozza, azaz melyik idegpályával, melyik szinapszissal, melyik sejttel, melyik receptorral van baj.” – hangzik a tudományos kijelentés. Az agy betegségei már a közeljövőben a hazai bruttó hazai össztermék húsz százalékával terhelhetik meg a világgazdaságot! — mondja egy másik tudós.&nbsp;</p>



<p>És mégis — vagy éppen ezért — álmodozunk: Az emberi konnektóm — az emberi agy idegpályáinak olyan szintű feltérképezése, amely térkép már tartalmazza az illető személyiségét és emlékeit is — teljes információtartalma egy zetabájt (egy egyes és huszonegy nulla), ami nagyjából azonos a ma a világhálón fellelhető összes információ mennyiségével. Az optikai kábelek adattovábbítási sebessége másodpercenként egy terabájt (egy egyes és tizenkét nulla).&nbsp;</p>



<p>Az információtárolás és adattömörítés hatékonyságát egymilliószorosára kell növelnünk, hogy a konnektómot lézersugár segítségével az űrbe továbbítsuk.&nbsp;</p>



<p>A Moore-törvény alapján tudjuk, hogy a számítógépek teljesítménye egy bizonyos ponton túl nem növelhető tovább azzal, hogy egyre kisebb tranzisztorokat állítsunk elő.&nbsp;</p>



<p>Imponál ez a hit ez az elszántság, ez a kitartás… mintha a jövőnek szüksége lenne ránk… mintha küldetésünk lenne, mintha az egésznek értelme lenne.</p>



<p>És mindent olyan jól meg tudunk magyarázni&#8230;&nbsp; eleinte vallási alapon, majd tudományos alapon, majd túlélési alapon, s már rég nem leszünk, de kifogásaink, indokaink ott rejtőznek majd a tovább keringő atomjainkban&#8230;&nbsp;</p>



<p>Holott a túlélés alapvető követelményeinek sem tudunk eleget tenni&#8230; mintha nem gnómok és félresikerült kísérleti alanyok tömkelegén kellene majd eljutnunk egy olyasfajta szingularitáshoz, amely, ha nem is utunk deklarált célja, ám nyilvánvaló végpontja.</p>



<p class="has-text-align-right"><em>Hogya György</em></p>

<p>Rubin doktor munkájának köszönhetően tíz-húsz év múlva — talán — megértjük a muslinca agy működését. Véleménye szerint az emberi agy, az emberi tudat megismeréséhez még legalább száz év kutatómunkára van szükség. &nbsp; Miért ez a nagy érdeklődés? A tudományos érdeklődésen &hellip; <a href="https://opus-folyoirat.sk/?page_id=3961">Egy kattintás ide a folytatáshoz&#8230;. <span class="meta-nav">&rarr;</span></a></p>
