{"id":3971,"date":"2025-07-11T21:47:00","date_gmt":"2025-07-11T19:47:00","guid":{"rendered":"https:\/\/opus-folyoirat.sk\/?page_id=3971"},"modified":"2026-01-14T21:48:07","modified_gmt":"2026-01-14T19:48:07","slug":"borostyan","status":"publish","type":"page","link":"https:\/\/opus-folyoirat.sk\/?page_id=3971","title":{"rendered":"Borosty\u00e1n"},"content":{"rendered":"\n<p><em>(Ujv\u00e1ri Erzsinek)<\/em><\/p>\n\n\n<div class=\"has-text-align-right wp-block-post-date\"><time datetime=\"2025-07-11T21:47:00+02:00\">2025-07-11<\/time><\/div>\n\n\n<div class=\"wp-block-group is-vertical is-layout-flex wp-container-core-group-is-layout-8cf370e7 wp-block-group-is-layout-flex\">\n<p><br>Ott tartunk, ahol sz\u00e1z \u00e9ve. Ut\u00e1ln\u00e1d<\/p>\n\n\n\n<p>te is, azt hiszem.<\/p>\n\n\n\n<p>K\u00eds\u00e9rletezt\u00e9l, t\u00fcnd\u00f6k\u00f6lt\u00e9l, ahogy<\/p>\n\n\n\n<p>egy munk\u00e1sl\u00e1nyt\u00f3l elvileg<\/p>\n\n\n\n<p>nem telik.<\/p>\n\n\n\n<p>Att\u00f3l se, akinek h\u00edres a b\u00e1tyja. Dacb\u00f3l<\/p>\n\n\n\n<p>lehett\u00e9l volna s\u00fclt realista is, \u00e1m<\/p>\n\n\n\n<p>a politika \u00e9s az izmos izmusok<\/p>\n\n\n\n<p>magukkal ragadtak a l\u00e9gbe.<\/p>\n\n\n\n<p>A vil\u00e1gmegv\u00e1lt\u00e1s olyan szexi volt!<\/p>\n\n\n\n<p>J\u00f3<\/p>\n\n\n\n<p>lenne tudni, hogy azt\u00e1n m\u00e9rt<\/p>\n\n\n\n<p>adt\u00e1l fel mindent.<\/p>\n\n\n\n<p>Persze, kital\u00e1lhatom.<\/p>\n\n\n\n<p>A politika, az \u00edr\u00e1s, meg a<\/p>\n\n\n\n<p>sok pasas egy\u00fctt se \u00e9rt annyit, mint a<\/p>\n\n\n\n<p>gyerekeid. A jobb napokon<\/p>\n\n\n\n<p>ezzel \u00e1ltattad magad. K\u00fcl\u00f6nben csak<\/p>\n\n\n\n<p>a kozmikus f\u00e1radts\u00e1g a konyhak\u00f6v\u00f6n.<\/p>\n\n\n\n<p>Sz\u0171k\u00f6s kosztp\u00e9nz, szoros konty.<\/p>\n\n\n\n<p>Gr\u00e1nithomlokod m\u00f6g\u00fcl<\/p>\n\n\n\n<p>hamar kikoptak a vad<\/p>\n\n\n\n<p>k\u00e9pzett\u00e1rs\u00edt\u00e1sok.<\/p>\n\n\n\n<p>M\u00e9rt hagytad, hogy feszes,<\/p>\n\n\n\n<p>magnetikus melleidb\u0151l<\/p>\n\n\n\n<p>sz\u00edtt eml\u0151k legyenek?<\/p>\n\n\n\n<p>Hogy kisz\u00edvott nyakad, nyakas term\u00e9szeted<\/p>\n\n\n\n<p>k\u00f6z\u00f6nny\u00e9 hamvadjon? A t\u00f6redelem<\/p>\n\n\n\n<p>term\u00e9szetellenesre<\/p>\n\n\n\n<p>fak\u00edtotta sz\u00edneidet.<\/p>\n\n\n\n<p>Tal\u00e1n eleinte v\u00e1gytad m\u00e9g,<\/p>\n\n\n\n<p>hogy szavad \u00e9s neved legyen, de<\/p>\n\n\n\n<p>meggy\u0151ztek azt\u00e1n, hogy<\/p>\n\n\n\n<p>nem ez a l\u00e9nyeges. Ha \u00e9lni<\/p>\n\n\n\n<p>akart\u00e1l, hinned kellett nekik.<\/p>\n\n\n\n<p>Mikor pedig m\u00e1r nem, addigra minden<\/p>\n\n\n\n<p>megmindegyedett.<\/p>\n\n\n\n<p>Mint egyedet, mint egyedit<\/p>\n\n\n\n<p>a sors m\u00e9zg\u00e1ja mag\u00e1ba z\u00e1rt.<\/p>\n\n\n\n<p>Egyszer m\u00e9g borosty\u00e1n leszel.<\/p>\n<\/div>\n\n\n\n<p class=\"has-text-align-right\"><em>Kartali Zsuzsanna<\/em><\/p>\n","protected":false},"excerpt":{"rendered":"<p>(Ujv\u00e1ri Erzsinek) Ott tartunk, ahol sz\u00e1z \u00e9ve. Ut\u00e1ln\u00e1d te is, azt hiszem. K\u00eds\u00e9rletezt\u00e9l, t\u00fcnd\u00f6k\u00f6lt\u00e9l, ahogy egy munk\u00e1sl\u00e1nyt\u00f3l elvileg nem telik. Att\u00f3l se, akinek h\u00edres a b\u00e1tyja. Dacb\u00f3l lehett\u00e9l volna s\u00fclt realista is, \u00e1m a politika \u00e9s az izmos izmusok magukkal &hellip; <a href=\"https:\/\/opus-folyoirat.sk\/?page_id=3971\">Egy kattint\u00e1s ide a folytat\u00e1shoz&#8230;. <span class=\"meta-nav\">&rarr;<\/span><\/a><\/p>\n","protected":false},"author":4,"featured_media":0,"parent":0,"menu_order":0,"comment_status":"closed","ping_status":"closed","template":"","meta":{"footnotes":""},"class_list":["post-3971","page","type-page","status-publish","hentry"],"_links":{"self":[{"href":"https:\/\/opus-folyoirat.sk\/index.php?rest_route=\/wp\/v2\/pages\/3971","targetHints":{"allow":["GET"]}}],"collection":[{"href":"https:\/\/opus-folyoirat.sk\/index.php?rest_route=\/wp\/v2\/pages"}],"about":[{"href":"https:\/\/opus-folyoirat.sk\/index.php?rest_route=\/wp\/v2\/types\/page"}],"author":[{"embeddable":true,"href":"https:\/\/opus-folyoirat.sk\/index.php?rest_route=\/wp\/v2\/users\/4"}],"replies":[{"embeddable":true,"href":"https:\/\/opus-folyoirat.sk\/index.php?rest_route=%2Fwp%2Fv2%2Fcomments&post=3971"}],"version-history":[{"count":1,"href":"https:\/\/opus-folyoirat.sk\/index.php?rest_route=\/wp\/v2\/pages\/3971\/revisions"}],"predecessor-version":[{"id":3972,"href":"https:\/\/opus-folyoirat.sk\/index.php?rest_route=\/wp\/v2\/pages\/3971\/revisions\/3972"}],"wp:attachment":[{"href":"https:\/\/opus-folyoirat.sk\/index.php?rest_route=%2Fwp%2Fv2%2Fmedia&parent=3971"}],"curies":[{"name":"wp","href":"https:\/\/api.w.org\/{rel}","templated":true}]}}

Borostyán

<p><em>(Ujvári Erzsinek)</em></p>


<div class="has-text-align-right wp-block-post-date"><time datetime="2025-07-11T21:47:00+02:00">2025-07-11</time></div>


<div class="wp-block-group is-vertical is-layout-flex wp-container-core-group-is-layout-8cf370e7 wp-block-group-is-layout-flex">
<p><br>Ott tartunk, ahol száz éve. Utálnád</p>



<p>te is, azt hiszem.</p>



<p>Kísérleteztél, tündököltél, ahogy</p>



<p>egy munkáslánytól elvileg</p>



<p>nem telik.</p>



<p>Attól se, akinek híres a bátyja. Dacból</p>



<p>lehettél volna sült realista is, ám</p>



<p>a politika és az izmos izmusok</p>



<p>magukkal ragadtak a légbe.</p>



<p>A világmegváltás olyan szexi volt!</p>



<p>Jó</p>



<p>lenne tudni, hogy aztán mért</p>



<p>adtál fel mindent.</p>



<p>Persze, kitalálhatom.</p>



<p>A politika, az írás, meg a</p>



<p>sok pasas együtt se ért annyit, mint a</p>



<p>gyerekeid. A jobb napokon</p>



<p>ezzel áltattad magad. Különben csak</p>



<p>a kozmikus fáradtság a konyhakövön.</p>



<p>Szűkös kosztpénz, szoros konty.</p>



<p>Gránithomlokod mögül</p>



<p>hamar kikoptak a vad</p>



<p>képzettársítások.</p>



<p>Mért hagytad, hogy feszes,</p>



<p>magnetikus melleidből</p>



<p>szítt emlők legyenek?</p>



<p>Hogy kiszívott nyakad, nyakas természeted</p>



<p>közönnyé hamvadjon? A töredelem</p>



<p>természetellenesre</p>



<p>fakította színeidet.</p>



<p>Talán eleinte vágytad még,</p>



<p>hogy szavad és neved legyen, de</p>



<p>meggyőztek aztán, hogy</p>



<p>nem ez a lényeges. Ha élni</p>



<p>akartál, hinned kellett nekik.</p>



<p>Mikor pedig már nem, addigra minden</p>



<p>megmindegyedett.</p>



<p>Mint egyedet, mint egyedit</p>



<p>a sors mézgája magába zárt.</p>



<p>Egyszer még borostyán leszel.</p>
</div>



<p class="has-text-align-right"><em>Kartali Zsuzsanna</em></p>

<p>(Ujvári Erzsinek) Ott tartunk, ahol száz éve. Utálnád te is, azt hiszem. Kísérleteztél, tündököltél, ahogy egy munkáslánytól elvileg nem telik. Attól se, akinek híres a bátyja. Dacból lehettél volna sült realista is, ám a politika és az izmos izmusok magukkal &hellip; <a href="https://opus-folyoirat.sk/?page_id=3971">Egy kattintás ide a folytatáshoz&#8230;. <span class="meta-nav">&rarr;</span></a></p>
