{"id":3989,"date":"2025-08-09T01:03:00","date_gmt":"2025-08-08T23:03:00","guid":{"rendered":"https:\/\/opus-folyoirat.sk\/?page_id=3989"},"modified":"2026-01-15T01:04:11","modified_gmt":"2026-01-14T23:04:11","slug":"nyilas-atilla","status":"publish","type":"page","link":"https:\/\/opus-folyoirat.sk\/?page_id=3989","title":{"rendered":"Nyilas Atilla"},"content":{"rendered":"\n<p><strong>F\u00e9nyt\u00f6r\u00e9s<\/strong><\/p>\n\n\n<div class=\"has-text-align-right wp-block-post-date\"><time datetime=\"2025-08-09T01:03:00+02:00\">2025-08-09<\/time><\/div>\n\n\n<div class=\"wp-block-group is-vertical is-layout-flex wp-container-core-group-is-layout-8cf370e7 wp-block-group-is-layout-flex\">\n<p>F\u00f6lnevel\u0151 apai nagyap\u00e1mmal<\/p>\n\n\n\n<p>K\u0151b\u00e1ny\u00e1n sorra l\u00e1togattuk<\/p>\n\n\n\n<p>a k\u00f6rny\u00e9k kerti t\u00f6rp\u00e9it,<\/p>\n\n\n\n<p>j\u00e1t\u00e9kv\u00e1r\u00e1t, makett v\u00edzes\u00e9s\u00e9t,<\/p>\n\n\n\n<p>s a v\u00e9g\u00e9n v\u00e1laszthattam magamnak<\/p>\n\n\n\n<p>a h\u00e1zuk k\u00f6zel\u00e9ben \u00e1ll\u00f3<\/p>\n\n\n\n<p>tarfikban egy m\u0171anyag katon\u00e1t.<\/p>\n\n\n\n<p>Kelenf\u00f6ld\u00f6n az\u00e9rt h\u00edvott le<\/p>\n\n\n\n<p>egy este s\u00e9t\u00e1lni, hogy k\u00f6zben<\/p>\n\n\n\n<p>megj\u00f6hessen n\u00e1lunk a Mikul\u00e1s.<\/p>\n\n\n\n<p>Mag\u00e1val vitt a Csarnokba,<\/p>\n\n\n\n<p>a Margit-szigetre, a Gell\u00e9rt-hegyre,<\/p>\n\n\n\n<p>z\u00f6ld di\u00f3t szedni T\u00f6r\u00f6kb\u00e1lintra,<\/p>\n\n\n\n<p>az \u00e1ltala k\u00e9sz\u00edtett lik\u0151r<\/p>\n\n\n\n<p>\u00edzlett a legjobban \u00e9letemben.<\/p>\n\n\n\n<p>Gyakran dics\u00e9rte a szememet,<\/p>\n\n\n\n<p>b\u00fcszk\u00e9n olvastam neki le<\/p>\n\n\n\n<p>az abb\u00f3l a t\u00e1vols\u00e1gb\u00f3l sz\u00e1m\u00e1ra<\/p>\n\n\n\n<p>kibet\u0171zhetetlen utcaneveket.<\/p>\n\n\n\n<p>M\u00e1r nagykamasz koromban<\/p>\n\n\n\n<p>a csill\u00e1r fel\u00e9 n\u00e9zve meg-megk\u00e9rdezte,<\/p>\n\n\n\n<p>l\u00e1tom-e \u00e9n is a sziv\u00e1rv\u00e1nyt,<\/p>\n\n\n\n<p>\u00e9s egyszer \u00fagy \u00f6sszefacsarodott<\/p>\n\n\n\n<p>enyh\u00e9n gonosz sz\u00edvem,<\/p>\n\n\n\n<p>hogy meger\u0151s\u00edtettem: igen, most,<\/p>\n\n\n\n<p>hogy jobban figyelek, l\u00e1tom \u00e9n is.<\/p>\n\n\n\n<p>Az \u00e9vek elszaladtak, \u0151 r\u00e9g nem \u00e9l,<\/p>\n\n\n\n<p>az\u00f3ta nekem is lett szem\u00fcvegem,<\/p>\n\n\n\n<p>\u00e9s id\u0151nk\u00e9nt f\u00f6lfedezni v\u00e9lem<\/p>\n\n\n\n<p>az \u00f6reg f\u00fcgg\u0151l\u00e1mpa izz\u00f3i k\u00f6z\u00f6tt<\/p>\n\n\n\n<p>a t\u00fcnd\u00e9ri szalag elmos\u00f3d\u00f3 sz\u00edneit.<\/p>\n<\/div>\n\n\n\n<p><br><br><strong>Zsolt\u00e1r<\/strong><\/p>\n\n\n\n<div class=\"wp-block-group is-vertical is-layout-flex wp-container-core-group-is-layout-8cf370e7 wp-block-group-is-layout-flex\">\n<p>Am\u00edg csak veled t\u00e1rsalgok, Uram,<\/p>\n\n\n\n<p>b\u00e9ke lakik a sz\u00edvemben,<\/p>\n\n\n\n<p>de ha a n\u00e9p k\u00f6z\u00e9 kell vegy\u00fcln\u00f6m,<\/p>\n\n\n\n<p>kellemetlens\u00e9gek sora \u00e9r, noha<\/p>\n\n\n\n<p>nem gy\u0171l\u00f6l\u00f6m, \u00e9s meg sem vetem.<\/p>\n\n\n\n<p>Vonakodnak elismerni igazamat,<\/p>\n\n\n\n<p>v\u00e9lt \u00e9rdekeik szerint hazudnak,<\/p>\n\n\n\n<p>\u00e1lnoks\u00e1gban telnek napjaik,<\/p>\n\n\n\n<p>elm\u00e9j\u00fckre s\u00f6t\u00e9ts\u00e9g borul,<\/p>\n\n\n\n<p>\u00faj k\u00f6zvetlens\u00e9gemre s\u00fcketek,<\/p>\n\n\n\n<p><em>torkuk nyitott, d\u00f6gletes s\u00edr.<\/em><\/p>\n\n\n\n<p><em>Mennyien szorongatnak, Uram,<\/em><\/p>\n\n\n\n<p><em>h\u00e1nyan fordulnak ellenem!<\/em><\/p>\n\n\n\n<p><em>Szememet a gond hom\u00e1lyos\u00edtja,<\/em><\/p>\n\n\n\n<p><em>sok ellens\u00e9gem miatt \u0151sz\u00fcl\u00f6k.<\/em><\/p>\n\n\n\n<p><em>Add jel\u00e9t kegyelmednek,<\/em><\/p>\n\n\n\n<p><em>hadd l\u00e1ss\u00e1k csak gy\u0171l\u00f6l\u0151im!<\/em><\/p>\n\n\n\n<p>Mutasd meg mindannyiuknak,<\/p>\n\n\n\n<p>hogy nem hi\u00e1ba \u00e9l bennem a hit,<\/p>\n\n\n\n<p><em>\u00e9rje sz\u00e9gyen \u00e9s gyal\u00e1zat \u0151ket,<\/em><\/p>\n\n\n\n<p><em>akik f\u00f6l\u00e9nyesen besz\u00e9lnek fel\u0151lem,<\/em><\/p>\n\n\n\n<p><em>piruljanak \u00e9s sz\u00e9gyenkezzenek,<\/em><\/p>\n\n\n\n<p><em>akik t\u00f6nkre akarnak tenni,<\/em><\/p>\n\n\n\n<p><em>sz\u00e9gyen\u00fcljenek meg egyt\u0151l egyig!<\/em><\/p>\n\n\n\n<p><em>B\u00e1rhogy \u00e9lezik kardjukat,<\/em><\/p>\n\n\n\n<p><em>b\u00e1rhogy fesz\u00edtik \u00edjukat ellenem:<\/em><\/p>\n\n\n\n<p>saj\u00e1t test\u00fckbe m\u00e1rts\u00e1k a peng\u00e9t,<\/p>\n\n\n\n<p><em>magukra hulljanak t\u00fczes nyilaik!<\/em><\/p>\n\n\n\n<p><em>Szolg\u00e1ltass nekem igazs\u00e1got<\/em><\/p>\n\n\n\n<p>egykori \u00edg\u00e9reted, sz\u00f6vets\u00e9g\u00fcnk,<\/p>\n\n\n\n<p><em>\u00e9rdemem \u00e9s jogom szerint.<\/em><\/p>\n<\/div>\n\n\n\n<p><br><br><strong>B\u00facs\u00fa<\/strong><\/p>\n\n\n\n<div class=\"wp-block-group is-vertical is-layout-flex wp-container-core-group-is-layout-8cf370e7 wp-block-group-is-layout-flex\">\n<p>A fon\u00f3d\u00f3 budai villamosh\u00e1l\u00f3zat<\/p>\n\n\n\n<p>abszol\u00fat nyertesek\u00e9nt<\/p>\n\n\n\n<p>egy j\u00e1rm\u0171vel eljutok itthonr\u00f3l<\/p>\n\n\n\n<p>keresztmam\u00e1\u00e9k r\u00e9gi h\u00e1z\u00e1ig.<\/p>\n\n\n\n<p>M\u00e1moros \u00fat,<\/p>\n\n\n\n<p>a vil\u00e1g \u00f6r\u00f6ks\u00e9g\u00e9n halad kereszt\u00fcl,<\/p>\n\n\n\n<p>er\u0151s \u00e9rv k\u00fclf\u00f6ldre k\u00f6lt\u00f6z\u00e9s ellen,<\/p>\n\n\n\n<p>egyszer tal\u00e1n majd elmes\u00e9lem.<\/p>\n\n\n\n<p>Nem tudom f\u00f6lid\u00e9zni,<\/p>\n\n\n\n<p>melyik l\u00e9pcs\u0151h\u00e1zban laktunk,<\/p>\n\n\n\n<p>de az egykori \u00e9rz\u00e9s \u00e1tj\u00e1r,<\/p>\n\n\n\n<p>ahogy szentest\u00e9n megyek \u00e1t hozz\u00e1juk.<\/p>\n\n\n\n<p>A kapucseng\u0151n\u00e9l<\/p>\n\n\n\n<p>keresztap\u00e1m nev\u00e9t m\u00e1r hi\u00e1ba keresem.<\/p>\n\n\n\n<p>Mint annyiszor,<\/p>\n\n\n\n<p>megm\u00e1szom a n\u00e9gy emeletet.<\/p>\n\n\n\n<p>Elid\u0151z\u00f6m a nappaliban,<\/p>\n\n\n\n<p>ahol hatalmas b\u0151rfotelbe s\u00fcppedve<\/p>\n\n\n\n<p>mennyi j\u00f3 sz\u00f3ban volt r\u00e9szem,<\/p>\n\n\n\n<p>b\u00f6ng\u00e9szgetem<\/p>\n\n\n\n<p>keresztapa k\u00f6nyvt\u00e1r\u00e1nak marad\u00e9k\u00e1t,<\/p>\n\n\n\n<p>annak a hajdani Pessoa-k\u00f6tetnek<\/p>\n\n\n\n<p>se h\u00edre, se hamva.<\/p>\n\n\n\n<p>A szomsz\u00e9d szob\u00e1ban<\/p>\n\n\n\n<p>megvan viszont m\u00e9g a k\u00e9kes,<\/p>\n\n\n\n<p>kacsal\u00e1bon forg\u00f3 kast\u00e9lyt form\u00e1z\u00f3<\/p>\n\n\n\n<p>Morvay-ker\u00e1mia.<\/p>\n\n\n\n<p>Az erk\u00e9lyen<\/p>\n\n\n\n<p>hosszasan b\u00facs\u00fazom a kil\u00e1t\u00e1st\u00f3l,<\/p>\n\n\n\n<p>amely gyerekkorom \u00f3ta k\u00eds\u00e9r.<\/p>\n\n\n\n<p>\u00dagy t\u0171nik f\u00f6l,<\/p>\n\n\n\n<p>panelh\u00e1zak nem cs\u00faf\u00edtj\u00e1k.<\/p>\n\n\n\n<p>Benne s\u00e9t\u00e1l a bar\u00e1tom,<\/p>\n\n\n\n<p>mintha a h\u00faga is vele lenne,<\/p>\n\n\n\n<p>benne lakik gyermekszerelmem,<\/p>\n\n\n\n<p>sokat biciklizem arra,<\/p>\n\n\n\n<p>felh\u0151 f\u00e1tyolozza a nyugati napot,<\/p>\n\n\n\n<p>ott vonatozom a Balatonra,<\/p>\n\n\n\n<p>emitt bandukolok haza.<\/p>\n\n\n\n<p>Visszan\u00e9zek,<\/p>\n\n\n\n<p>\u00e9s az \u00e9n dr\u00e1ga keresztsz\u00fcleim<\/p>\n\n\n\n<p>mindig integetnek.<\/p>\n<\/div>\n","protected":false},"excerpt":{"rendered":"<p>F\u00e9nyt\u00f6r\u00e9s F\u00f6lnevel\u0151 apai nagyap\u00e1mmal K\u0151b\u00e1ny\u00e1n sorra l\u00e1togattuk a k\u00f6rny\u00e9k kerti t\u00f6rp\u00e9it, j\u00e1t\u00e9kv\u00e1r\u00e1t, makett v\u00edzes\u00e9s\u00e9t, s a v\u00e9g\u00e9n v\u00e1laszthattam magamnak a h\u00e1zuk k\u00f6zel\u00e9ben \u00e1ll\u00f3 tarfikban egy m\u0171anyag katon\u00e1t. Kelenf\u00f6ld\u00f6n az\u00e9rt h\u00edvott le egy este s\u00e9t\u00e1lni, hogy k\u00f6zben megj\u00f6hessen n\u00e1lunk a Mikul\u00e1s. &hellip; <a href=\"https:\/\/opus-folyoirat.sk\/?page_id=3989\">Egy kattint\u00e1s ide a folytat\u00e1shoz&#8230;. <span class=\"meta-nav\">&rarr;<\/span><\/a><\/p>\n","protected":false},"author":4,"featured_media":0,"parent":0,"menu_order":0,"comment_status":"closed","ping_status":"closed","template":"","meta":{"footnotes":""},"class_list":["post-3989","page","type-page","status-publish","hentry"],"_links":{"self":[{"href":"https:\/\/opus-folyoirat.sk\/index.php?rest_route=\/wp\/v2\/pages\/3989","targetHints":{"allow":["GET"]}}],"collection":[{"href":"https:\/\/opus-folyoirat.sk\/index.php?rest_route=\/wp\/v2\/pages"}],"about":[{"href":"https:\/\/opus-folyoirat.sk\/index.php?rest_route=\/wp\/v2\/types\/page"}],"author":[{"embeddable":true,"href":"https:\/\/opus-folyoirat.sk\/index.php?rest_route=\/wp\/v2\/users\/4"}],"replies":[{"embeddable":true,"href":"https:\/\/opus-folyoirat.sk\/index.php?rest_route=%2Fwp%2Fv2%2Fcomments&post=3989"}],"version-history":[{"count":1,"href":"https:\/\/opus-folyoirat.sk\/index.php?rest_route=\/wp\/v2\/pages\/3989\/revisions"}],"predecessor-version":[{"id":3990,"href":"https:\/\/opus-folyoirat.sk\/index.php?rest_route=\/wp\/v2\/pages\/3989\/revisions\/3990"}],"wp:attachment":[{"href":"https:\/\/opus-folyoirat.sk\/index.php?rest_route=%2Fwp%2Fv2%2Fmedia&parent=3989"}],"curies":[{"name":"wp","href":"https:\/\/api.w.org\/{rel}","templated":true}]}}

<p><strong>Fénytörés</strong></p>


<div class="has-text-align-right wp-block-post-date"><time datetime="2025-08-09T01:03:00+02:00">2025-08-09</time></div>


<div class="wp-block-group is-vertical is-layout-flex wp-container-core-group-is-layout-8cf370e7 wp-block-group-is-layout-flex">
<p>Fölnevelő apai nagyapámmal</p>



<p>Kőbányán sorra látogattuk</p>



<p>a környék kerti törpéit,</p>



<p>játékvárát, makett vízesését,</p>



<p>s a végén választhattam magamnak</p>



<p>a házuk közelében álló</p>



<p>tarfikban egy műanyag katonát.</p>



<p>Kelenföldön azért hívott le</p>



<p>egy este sétálni, hogy közben</p>



<p>megjöhessen nálunk a Mikulás.</p>



<p>Magával vitt a Csarnokba,</p>



<p>a Margit-szigetre, a Gellért-hegyre,</p>



<p>zöld diót szedni Törökbálintra,</p>



<p>az általa készített likőr</p>



<p>ízlett a legjobban életemben.</p>



<p>Gyakran dicsérte a szememet,</p>



<p>büszkén olvastam neki le</p>



<p>az abból a távolságból számára</p>



<p>kibetűzhetetlen utcaneveket.</p>



<p>Már nagykamasz koromban</p>



<p>a csillár felé nézve meg-megkérdezte,</p>



<p>látom-e én is a szivárványt,</p>



<p>és egyszer úgy összefacsarodott</p>



<p>enyhén gonosz szívem,</p>



<p>hogy megerősítettem: igen, most,</p>



<p>hogy jobban figyelek, látom én is.</p>



<p>Az évek elszaladtak, ő rég nem él,</p>



<p>azóta nekem is lett szemüvegem,</p>



<p>és időnként fölfedezni vélem</p>



<p>az öreg függőlámpa izzói között</p>



<p>a tündéri szalag elmosódó színeit.</p>
</div>



<p><br><br><strong>Zsoltár</strong></p>



<div class="wp-block-group is-vertical is-layout-flex wp-container-core-group-is-layout-8cf370e7 wp-block-group-is-layout-flex">
<p>Amíg csak veled társalgok, Uram,</p>



<p>béke lakik a szívemben,</p>



<p>de ha a nép közé kell vegyülnöm,</p>



<p>kellemetlenségek sora ér, noha</p>



<p>nem gyűlölöm, és meg sem vetem.</p>



<p>Vonakodnak elismerni igazamat,</p>



<p>vélt érdekeik szerint hazudnak,</p>



<p>álnokságban telnek napjaik,</p>



<p>elméjükre sötétség borul,</p>



<p>új közvetlenségemre süketek,</p>



<p><em>torkuk nyitott, dögletes sír.</em></p>



<p><em>Mennyien szorongatnak, Uram,</em></p>



<p><em>hányan fordulnak ellenem!</em></p>



<p><em>Szememet a gond homályosítja,</em></p>



<p><em>sok ellenségem miatt őszülök.</em></p>



<p><em>Add jelét kegyelmednek,</em></p>



<p><em>hadd lássák csak gyűlölőim!</em></p>



<p>Mutasd meg mindannyiuknak,</p>



<p>hogy nem hiába él bennem a hit,</p>



<p><em>érje szégyen és gyalázat őket,</em></p>



<p><em>akik fölényesen beszélnek felőlem,</em></p>



<p><em>piruljanak és szégyenkezzenek,</em></p>



<p><em>akik tönkre akarnak tenni,</em></p>



<p><em>szégyenüljenek meg egytől egyig!</em></p>



<p><em>Bárhogy élezik kardjukat,</em></p>



<p><em>bárhogy feszítik íjukat ellenem:</em></p>



<p>saját testükbe mártsák a pengét,</p>



<p><em>magukra hulljanak tüzes nyilaik!</em></p>



<p><em>Szolgáltass nekem igazságot</em></p>



<p>egykori ígéreted, szövetségünk,</p>



<p><em>érdemem és jogom szerint.</em></p>
</div>



<p><br><br><strong>Búcsú</strong></p>



<div class="wp-block-group is-vertical is-layout-flex wp-container-core-group-is-layout-8cf370e7 wp-block-group-is-layout-flex">
<p>A fonódó budai villamoshálózat</p>



<p>abszolút nyerteseként</p>



<p>egy járművel eljutok itthonról</p>



<p>keresztmamáék régi házáig.</p>



<p>Mámoros út,</p>



<p>a világ örökségén halad keresztül,</p>



<p>erős érv külföldre költözés ellen,</p>



<p>egyszer talán majd elmesélem.</p>



<p>Nem tudom fölidézni,</p>



<p>melyik lépcsőházban laktunk,</p>



<p>de az egykori érzés átjár,</p>



<p>ahogy szentestén megyek át hozzájuk.</p>



<p>A kapucsengőnél</p>



<p>keresztapám nevét már hiába keresem.</p>



<p>Mint annyiszor,</p>



<p>megmászom a négy emeletet.</p>



<p>Elidőzöm a nappaliban,</p>



<p>ahol hatalmas bőrfotelbe süppedve</p>



<p>mennyi jó szóban volt részem,</p>



<p>böngészgetem</p>



<p>keresztapa könyvtárának maradékát,</p>



<p>annak a hajdani Pessoa-kötetnek</p>



<p>se híre, se hamva.</p>



<p>A szomszéd szobában</p>



<p>megvan viszont még a kékes,</p>



<p>kacsalábon forgó kastélyt formázó</p>



<p>Morvay-kerámia.</p>



<p>Az erkélyen</p>



<p>hosszasan búcsúzom a kilátástól,</p>



<p>amely gyerekkorom óta kísér.</p>



<p>Úgy tűnik föl,</p>



<p>panelházak nem csúfítják.</p>



<p>Benne sétál a barátom,</p>



<p>mintha a húga is vele lenne,</p>



<p>benne lakik gyermekszerelmem,</p>



<p>sokat biciklizem arra,</p>



<p>felhő fátyolozza a nyugati napot,</p>



<p>ott vonatozom a Balatonra,</p>



<p>emitt bandukolok haza.</p>



<p>Visszanézek,</p>



<p>és az én drága keresztszüleim</p>



<p>mindig integetnek.</p>
</div>

<p>Fénytörés Fölnevelő apai nagyapámmal Kőbányán sorra látogattuk a környék kerti törpéit, játékvárát, makett vízesését, s a végén választhattam magamnak a házuk közelében álló tarfikban egy műanyag katonát. Kelenföldön azért hívott le egy este sétálni, hogy közben megjöhessen nálunk a Mikulás. &hellip; <a href="https://opus-folyoirat.sk/?page_id=3989">Egy kattintás ide a folytatáshoz&#8230;. <span class="meta-nav">&rarr;</span></a></p>
