{"id":4007,"date":"2025-09-30T11:16:00","date_gmt":"2025-09-30T09:16:00","guid":{"rendered":"https:\/\/opus-folyoirat.sk\/?page_id=4007"},"modified":"2026-01-15T01:16:46","modified_gmt":"2026-01-14T23:16:46","slug":"zirig-arpad-2","status":"publish","type":"page","link":"https:\/\/opus-folyoirat.sk\/?page_id=4007","title":{"rendered":"Zirig \u00c1rp\u00e1d"},"content":{"rendered":"\n<p><br><\/p>\n\n\n<div class=\"has-text-align-right wp-block-post-date\"><time datetime=\"2025-09-30T11:16:00+02:00\">2025-09-30<\/time><\/div>\n\n\n<p><strong>Vel\u00fcnk p\u00e1rban j\u00e1r a gy\u00e1sz<\/strong><br><br>Hangtalan szavaimmal sz\u00f3longatlak<br>gyere, a testem megszelt keny\u00e9r.<br>Ha \u00e9hes leszel, sz\u00f3lj, gyere, egy\u00e9l.<br>Lez\u00e1rt szemedben a mindens\u00e9g,<br>a csend f\u00e1tyla leng k\u00f6r\u00fcl,<br>hamusz\u00edn\u0171 f\u00e1z\u00f3s t\u00e9lben,<br>ezt hagytad r\u00e1m \u00f6r\u00f6k\u00fcl.<br>Arcodon a hal\u00e1l \u00e1rnya,<br>az is lehet tal\u00e1n m\u00e1r az eny\u00e9m.<br>\u00c9rted kel f\u00f6l reggelente a nap,<br>ez\u00e9rt \u00a0sz\u00fcletik\u00a0most meg bennem<br>e megk\u00ednl\u00f3dott k\u00f6ltem\u00e9ny.<br>Az id\u0151s ember gy\u00e1moltalan senki,<br>mag\u00e1ba roskadva mocorog,<br>a napokat \u00f6sszetereli \u00e9s elfelejti.<br>A te \u00a0vigasztal\u00f3 hangod m\u00e9g \u00e9l,<br>a kit\u00e1rulkozott \u00e9ter \u0151rzi.<br><br>Feket\u00e9ben \u00e1llok az id\u0151 kar\u00e9j\u00e1n,<br>tompa f\u00e9nyek k\u00f6z\u00f6tt kutakodom,<br>egym\u00e1sba kapaszkod\u00f3 \u00a0m\u00faltunk<br>f\u00f6lid\u00e9zem vacogva, n\u00e9m\u00e1n.<br>\u00c9jszak\u00e1kban suhannak az \u00e1rnyak<br>A test hallgatag, a f\u00e1jdalom<br>kapkodva sz\u00fcli n\u00e9ha a\u00a0v\u00e1gyat,<br>\u00e1lmaimban m\u00e9g megk\u00edv\u00e1nlak.<br>\u00c9bred\u00e9skor kikrist\u00e1lyosodott<br>k\u00f6nnyek hagynak nyomot<br>az arcomon.<br>Reszket\u0151 kezekkel ny\u00falok a<br>felejthet\u0151 holnapok ut\u00e1n.<br>Sz\u00e9thessentett napjaim k\u00f6z\u00f6tt<br>bolyongok f\u00e1radtan, sut\u00e1n.<br>Ha velem tartasz, sz\u00f3lj. Vigy\u00e1zz!<br>Nem vagyunk egyed\u00fcl,<br>vel\u00fcnk p\u00e1rban j\u00e1r a gy\u00e1sz.<\/p>\n","protected":false},"excerpt":{"rendered":"<p>Vel\u00fcnk p\u00e1rban j\u00e1r a gy\u00e1sz Hangtalan szavaimmal sz\u00f3longatlakgyere, a testem megszelt keny\u00e9r.Ha \u00e9hes leszel, sz\u00f3lj, gyere, egy\u00e9l.Lez\u00e1rt szemedben a mindens\u00e9g,a csend f\u00e1tyla leng k\u00f6r\u00fcl,hamusz\u00edn\u0171 f\u00e1z\u00f3s t\u00e9lben,ezt hagytad r\u00e1m \u00f6r\u00f6k\u00fcl.Arcodon a hal\u00e1l \u00e1rnya,az is lehet tal\u00e1n m\u00e1r az eny\u00e9m.\u00c9rted kel f\u00f6l &hellip; <a href=\"https:\/\/opus-folyoirat.sk\/?page_id=4007\">Egy kattint\u00e1s ide a folytat\u00e1shoz&#8230;. <span class=\"meta-nav\">&rarr;<\/span><\/a><\/p>\n","protected":false},"author":4,"featured_media":0,"parent":0,"menu_order":0,"comment_status":"closed","ping_status":"closed","template":"","meta":{"footnotes":""},"class_list":["post-4007","page","type-page","status-publish","hentry"],"_links":{"self":[{"href":"https:\/\/opus-folyoirat.sk\/index.php?rest_route=\/wp\/v2\/pages\/4007","targetHints":{"allow":["GET"]}}],"collection":[{"href":"https:\/\/opus-folyoirat.sk\/index.php?rest_route=\/wp\/v2\/pages"}],"about":[{"href":"https:\/\/opus-folyoirat.sk\/index.php?rest_route=\/wp\/v2\/types\/page"}],"author":[{"embeddable":true,"href":"https:\/\/opus-folyoirat.sk\/index.php?rest_route=\/wp\/v2\/users\/4"}],"replies":[{"embeddable":true,"href":"https:\/\/opus-folyoirat.sk\/index.php?rest_route=%2Fwp%2Fv2%2Fcomments&post=4007"}],"version-history":[{"count":1,"href":"https:\/\/opus-folyoirat.sk\/index.php?rest_route=\/wp\/v2\/pages\/4007\/revisions"}],"predecessor-version":[{"id":4008,"href":"https:\/\/opus-folyoirat.sk\/index.php?rest_route=\/wp\/v2\/pages\/4007\/revisions\/4008"}],"wp:attachment":[{"href":"https:\/\/opus-folyoirat.sk\/index.php?rest_route=%2Fwp%2Fv2%2Fmedia&parent=4007"}],"curies":[{"name":"wp","href":"https:\/\/api.w.org\/{rel}","templated":true}]}}

Zirig Árpád

<p><br></p>


<div class="has-text-align-right wp-block-post-date"><time datetime="2025-09-30T11:16:00+02:00">2025-09-30</time></div>


<p><strong>Velünk párban jár a gyász</strong><br><br>Hangtalan szavaimmal szólongatlak<br>gyere, a testem megszelt kenyér.<br>Ha éhes leszel, szólj, gyere, egyél.<br>Lezárt szemedben a mindenség,<br>a csend fátyla leng körül,<br>hamuszínű fázós télben,<br>ezt hagytad rám örökül.<br>Arcodon a halál árnya,<br>az is lehet talán már az enyém.<br>Érted kel föl reggelente a nap,<br>ezért  születik most meg bennem<br>e megkínlódott költemény.<br>Az idős ember gyámoltalan senki,<br>magába roskadva mocorog,<br>a napokat összetereli és elfelejti.<br>A te  vigasztaló hangod még él,<br>a kitárulkozott éter őrzi.<br><br>Feketében állok az idő karéján,<br>tompa fények között kutakodom,<br>egymásba kapaszkodó  múltunk<br>fölidézem vacogva, némán.<br>Éjszakákban suhannak az árnyak<br>A test hallgatag, a fájdalom<br>kapkodva szüli néha a vágyat,<br>álmaimban még megkívánlak.<br>Ébredéskor kikristályosodott<br>könnyek hagynak nyomot<br>az arcomon.<br>Reszkető kezekkel nyúlok a<br>felejthető holnapok után.<br>Széthessentett napjaim között<br>bolyongok fáradtan, sután.<br>Ha velem tartasz, szólj. Vigyázz!<br>Nem vagyunk egyedül,<br>velünk párban jár a gyász.</p>

<p>Velünk párban jár a gyász Hangtalan szavaimmal szólongatlakgyere, a testem megszelt kenyér.Ha éhes leszel, szólj, gyere, egyél.Lezárt szemedben a mindenség,a csend fátyla leng körül,hamuszínű fázós télben,ezt hagytad rám örökül.Arcodon a halál árnya,az is lehet talán már az enyém.Érted kel föl &hellip; <a href="https://opus-folyoirat.sk/?page_id=4007">Egy kattintás ide a folytatáshoz&#8230;. <span class="meta-nav">&rarr;</span></a></p>
