{"id":4011,"date":"2025-09-20T11:18:00","date_gmt":"2025-09-20T09:18:00","guid":{"rendered":"https:\/\/opus-folyoirat.sk\/?page_id=4011"},"modified":"2026-01-15T01:19:01","modified_gmt":"2026-01-14T23:19:01","slug":"toro-istvan","status":"publish","type":"page","link":"https:\/\/opus-folyoirat.sk\/?page_id=4011","title":{"rendered":"T\u00f6r\u0151 Istv\u00e1n"},"content":{"rendered":"\n<p><strong>A dobsinai j\u00e9gbarlangban<\/strong><\/p>\n\n\n<div class=\"has-text-align-right wp-block-post-date\"><time datetime=\"2025-09-20T11:18:00+02:00\">2025-09-20<\/time><\/div>\n\n\n<div class=\"wp-block-group is-vertical is-layout-flex wp-container-core-group-is-layout-8cf370e7 wp-block-group-is-layout-flex\">\n<p>A l\u00e9pcs\u0151k m\u00f6g\u00f6tt j\u00e9gfolyam dereng,<\/p>\n\n\n\n<p>denev\u00e9r alszik, kem\u00e9ny l\u00e9pt\u00fcnk cseng,<\/p>\n\n\n\n<p>a cs\u00fcng\u0151 j\u00e9gcsap oszlopp\u00e1 megn\u0151tt,<\/p>\n\n\n\n<p>j\u00e9gkrist\u00e1ly \u0151rzi a bez\u00e1rt id\u0151t,<\/p>\n\n\n\n<p>mi lehet ott, a m\u00e9lyben lent,<\/p>\n\n\n\n<p>ahonnan hideg p\u00e1ra leng?<\/p>\n\n\n\n<p>cseppk\u0151k\u00e9nt cs\u00f6p\u00f6g\u0151 \u00e1lmait<\/p>\n\n\n\n<p>vir\u00e1gg\u00e1 form\u00e1lja a v\u00edz v\u00e1gyait,<\/p>\n\n\n\n<p>hol tr\u00f3n\u00f6r\u00f6k\u00f6s is korcsoly\u00e1zott,<\/p>\n\n\n\n<p>e j\u00e9gbarlang m\u00e9ly\u00e9n csod\u00e1t l\u00e1tott?<\/p>\n\n\n\n<p>megn\u00e9zte J\u00f3kai, s m\u00e1s \u00edr\u00f3,<\/p>\n\n\n\n<p>rideg vil\u00e1ga oly cs\u00e1b\u00edt\u00f3,<\/p>\n\n\n\n<p>dolgozik j\u00e9gbe z\u00e1rt gy\u00f6ny\u00f6r,<\/p>\n\n\n\n<p>k\u00edv\u00e1ncsi szemekben t\u00fcnd\u00f6k\u00f6l,<\/p>\n\n\n\n<p>ezer m\u00e9teren lakik a sz\u00e1j,<\/p>\n\n\n\n<p>mit annyi sz\u00e1jt\u00e1t\u00f3 megcsod\u00e1l,<\/p>\n\n\n\n<p>kedvesem is pirul\u00f3 arccal,<\/p>\n\n\n\n<p>j\u00e9gt\u0171vel varrt eml\u00e9k marasztal,<\/p>\n\n\n\n<p>amikor sz\u00edvbe dermed a f\u00e9nye,<\/p>\n\n\n\n<p>az \u00e1tutaz\u00f3k nagy \u00f6r\u00f6m\u00e9re.<\/p>\n<\/div>\n","protected":false},"excerpt":{"rendered":"<p>A dobsinai j\u00e9gbarlangban A l\u00e9pcs\u0151k m\u00f6g\u00f6tt j\u00e9gfolyam dereng, denev\u00e9r alszik, kem\u00e9ny l\u00e9pt\u00fcnk cseng, a cs\u00fcng\u0151 j\u00e9gcsap oszlopp\u00e1 megn\u0151tt, j\u00e9gkrist\u00e1ly \u0151rzi a bez\u00e1rt id\u0151t, mi lehet ott, a m\u00e9lyben lent, ahonnan hideg p\u00e1ra leng? cseppk\u0151k\u00e9nt cs\u00f6p\u00f6g\u0151 \u00e1lmait vir\u00e1gg\u00e1 form\u00e1lja a v\u00edz &hellip; <a href=\"https:\/\/opus-folyoirat.sk\/?page_id=4011\">Egy kattint\u00e1s ide a folytat\u00e1shoz&#8230;. <span class=\"meta-nav\">&rarr;<\/span><\/a><\/p>\n","protected":false},"author":4,"featured_media":0,"parent":0,"menu_order":0,"comment_status":"closed","ping_status":"closed","template":"","meta":{"footnotes":""},"class_list":["post-4011","page","type-page","status-publish","hentry"],"_links":{"self":[{"href":"https:\/\/opus-folyoirat.sk\/index.php?rest_route=\/wp\/v2\/pages\/4011","targetHints":{"allow":["GET"]}}],"collection":[{"href":"https:\/\/opus-folyoirat.sk\/index.php?rest_route=\/wp\/v2\/pages"}],"about":[{"href":"https:\/\/opus-folyoirat.sk\/index.php?rest_route=\/wp\/v2\/types\/page"}],"author":[{"embeddable":true,"href":"https:\/\/opus-folyoirat.sk\/index.php?rest_route=\/wp\/v2\/users\/4"}],"replies":[{"embeddable":true,"href":"https:\/\/opus-folyoirat.sk\/index.php?rest_route=%2Fwp%2Fv2%2Fcomments&post=4011"}],"version-history":[{"count":1,"href":"https:\/\/opus-folyoirat.sk\/index.php?rest_route=\/wp\/v2\/pages\/4011\/revisions"}],"predecessor-version":[{"id":4012,"href":"https:\/\/opus-folyoirat.sk\/index.php?rest_route=\/wp\/v2\/pages\/4011\/revisions\/4012"}],"wp:attachment":[{"href":"https:\/\/opus-folyoirat.sk\/index.php?rest_route=%2Fwp%2Fv2%2Fmedia&parent=4011"}],"curies":[{"name":"wp","href":"https:\/\/api.w.org\/{rel}","templated":true}]}}