{"id":4016,"date":"2025-09-21T11:21:00","date_gmt":"2025-09-21T09:21:00","guid":{"rendered":"https:\/\/opus-folyoirat.sk\/?page_id=4016"},"modified":"2026-01-15T01:22:22","modified_gmt":"2026-01-14T23:22:22","slug":"fulop-antal-2","status":"publish","type":"page","link":"https:\/\/opus-folyoirat.sk\/?page_id=4016","title":{"rendered":"F\u00fcl\u00f6p Antal"},"content":{"rendered":"\n<div class=\"wp-block-group is-vertical is-layout-flex wp-container-core-group-is-layout-8cf370e7 wp-block-group-is-layout-flex\">\n<p><strong>B\u00e9cs\u00fajhelyi tullianum<\/strong><\/p>\n\n\n\n<p><em>(T\u00f6rt\u00e9nelmi \u00e1thall\u00e1sok a 18. sz\u00e1zadb\u00f3l)<\/em><\/p>\n<\/div>\n\n\n<div class=\"has-text-align-right wp-block-post-date\"><time datetime=\"2025-09-21T11:21:00+02:00\">2025-09-21<\/time><\/div>\n\n\n<p>II. R\u00e1k\u00f3czi Ferenc, a szabads\u00e1gharc mer\u00e9sz gondolat\u00e1t forgatva fej\u00e9ben, bizalm\u00e1ba fogadta Longueval kapit\u00e1nyt. Ekkorra orsz\u00e1gos h\u00edre ment: a cs\u00e1sz\u00e1r Longuevalt, a Liege-i sz\u00fclet\u00e9s\u0171 \u201emegb\u00edzhatatlan\u201d franci\u00e1t, elbocs\u00e1totta parancsnoki \u00e1ll\u00e1s\u00e1b\u00f3l. B\u00e1r a kapit\u00e1ny \u00e9vek hossz\u00fa sor\u00e1n p\u00e9ld\u00e1s h\u0171s\u00e9ggel szolg\u00e1lta a cs\u00e1sz\u00e1rt. Ez akkor senkinek, m\u00e9g R\u00e1k\u00f3czinak sem t\u0171nt fel, s mikor Longueval, \u00e1ll\u00e1s \u00e9s keny\u00e9r n\u00e9lk\u00fcl belovagolt a nagys\u00e1rosi R\u00e1k\u00f3czi-kast\u00e9ly udvar\u00e1ra, s az ajt\u00f3n\u00e1ll\u00f3, R\u00e1k\u00f3czi Ferenc sz\u00edne el\u00e9 bocs\u00e1totta, Longueval d\u00e9lceg tart\u00e1sban kezdte sajn\u00e1ltatni mag\u00e1t:<\/p>\n\n\n\n<p>\u2013 M\u00e9lt\u00f3s\u00e1gos uram! Itt \u00e1llok: se testem, se lelkem, se tud\u00e1som, nem kell m\u00e1r senkinek. Szolg\u00e1latra jelentkezem!<\/p>\n\n\n\n<p>R\u00e1k\u00f3czi Ferenc \u00f6r\u00f6mmel fogadta Longuevalt. Megegyeztek, \u00e9s R\u00e1k\u00f3czi hamarosan titkos lev\u00e9llel k\u00fcldte XIV. Lajos francia kir\u00e1lyhoz: \u201eHa az eur\u00f3pai hadi helyzet meg\u00e9rett r\u00e1, a magyar szabads\u00e1gharc b\u00e1rmikor kit\u00f6rhet: Lajos \u00e9s R\u00e1k\u00f3czi serege oll\u00f3ba foghatja a cs\u00e1sz\u00e1rt.\u201d Longueval megesk\u00fcd\u00f6tt r\u00e1, hogy b\u00e1rmi t\u00f6rt\u00e9nj\u00e9k, a lev\u00e9l avatatlan kezekbe soha nem ker\u00fclhet. Ink\u00e1bb lenyeli! \u00c9s nem sokkal azut\u00e1n, hogy Longueval, a Bibli\u00e1n tartva kez\u00e9t esk\u00fcd\u00f6z\u00f6tt, II. R\u00e1k\u00f3czi Ferenc fogolyk\u00e9nt \u00fclt a b\u00e9cs\u00fajhelyi v\u00e1rb\u00f6rt\u00f6nben\u2026<\/p>\n\n\n\n<p>A b\u00f6rt\u00f6n alagsor\u00e1t sebt\u00e9ben t\u00e1rgyal\u00f3teremm\u00e9 alak\u00edtott\u00e1k, nem sokat t\u00f6r\u0151dve azzal, hogy megfelel-e az el\u0151\u00edr\u00e1soknak. \u00cdgy azt\u00e1n egyetlen el\u0151\u00edr\u00e1snak sem felelt meg. A h\u00e1rom tag\u00fa v\u00e9szb\u00edr\u00f3s\u00e1g feje f\u00f6l\u00f6tt m\u00e9csl\u00e1ng imbolygott, f\u00e9ny\u00e9t a bolt\u00edv t\u00e9gl\u00e1ira vetette. Mialatt Traun marsall komoran n\u00e9zte az abroszt, mintha nem is \u00e9rten\u00e9, mit keres \u0151 itt ebben a pillanatban, Kollonich b\u00edboros, R\u00e1k\u00f3czi volt gy\u00e1mja, az egyh\u00e1z zordonabb korszak\u00e1t id\u00e9zve: idegess\u00e9g\u00e9ben kekszet r\u00e1gcs\u00e1lt.<\/p>\n\n\n\n<p>Buccelli, a b\u00edr\u00f3s\u00e1g eln\u00f6ke, kiadta az utas\u00edt\u00e1st:<\/p>\n\n\n\n<p>&nbsp;\u2013 Solari ezredes, vezesse el\u0151 a foglyot!<\/p>\n\n\n\n<p>R\u00e1k\u00f3czit, k\u00e9s\u0151 \u00e9jszaka Solari ezredes tart\u00f3ztatta le, s sz\u00e1ll\u00edtotta \u0151t a nagys\u00e1rosi R\u00e1k\u00f3czi-kast\u00e9lyb\u00f3l a b\u00e9cs\u00fajhelyi v\u00e1rb\u00f6rt\u00f6nbe. Sz\u00e1guld\u00f3 hint\u00f3j\u00e1t l\u00f3h\u00e1ton, fegyveres \u0151r\u00f6k k\u00eds\u00e9rt\u00e9k. A megnyer\u0151 modor\u00fa Solari, R\u00e1k\u00f3czival egy hint\u00f3ban \u00fclve tette meg az utat, \u00e9s siker\u00fclt azt a benyom\u00e1st keltenie, mintha \u0151 csup\u00e1n a zordon parancsnak engedne, s l\u00e9lekben semmi k\u00f6ze sem volna a botr\u00e1nyos letart\u00f3ztat\u00e1shoz. M\u00e9g a bilincset is levette R\u00e1k\u00f3czi kez\u00e9r\u0151l.<br>\u2013 Porkol\u00e1b! \u2013 adta most tov\u00e1bb Buccelli parancs\u00e1t Solari. \u2013 Nyissa ki a r\u00e1csajt\u00f3t!<\/p>\n\n\n\n<p>Azt\u00e1n a kit\u00e1rul\u00f3 r\u00e1csajt\u00f3ban meg\u00e1llva m\u00e9ly tisztelettel sz\u00f3lt be a fogolynak:<br>\u2013 M\u00e9lt\u00f3s\u00e1gos uram, a b\u00edr\u00f3s\u00e1g k\u00e9reti. Engedelm\u00e9vel \u00e1tk\u00eds\u00e9rn\u00e9m a b\u00edr\u00f3i asztalhoz.<br>&nbsp; R\u00e1k\u00f3czi mag\u00e1hoz vette iratait. Tal\u00e1n csak az\u00e9rt nem \u00e9szlelte Solari sz\u00ednpadias udvariass\u00e1g\u00e1t, mert gondolatban m\u00e1r b\u00edr\u00e1i el\u0151tt \u00e1llt, s az \u00e9let\u00e9\u00e9rt k\u00fczd\u00f6tt.<\/p>\n\n\n\n<p>R\u00e1k\u00f3czi Solarit ekkorra olyan cs\u00e1sz\u00e1ri tisztnek tekintete, akit\u0151l nem volt idegen a magyar szabads\u00e1gharc gondolata, s aki mostanra m\u00e1r ink\u00e1bb&nbsp; neki, R\u00e1k\u00f3czinak drukkolt. Az \u00edgy gondolkod\u00f3 tisztekb\u0151l m\u00e1r t\u00f6bb is volt a cs\u00e1sz\u00e1ri seregben, \u00e9s Solari szolg\u00e1latk\u00e9szs\u00e9ggel r\u00e1 is j\u00e1tszott erre.<\/p>\n\n\n\n<p>\u2013 M\u00e9lt\u00f3s\u00e1gos uram\u2026 \u2013 sz\u00f3lt.<\/p>\n\n\n\n<p>\u2013 M\u00e9g valami? \u2013 k\u00e9rdezte R\u00e1k\u00f3czi, mik\u00f6zben pap\u00edrra vetett sz\u00f6veg\u00e9n \u00e1tfutott a tekintete.<\/p>\n\n\n\n<p>\u2013 Nincs \u00d6n ellen bizony\u00edt\u00e9k.<\/p>\n\n\n\n<p>\u2013 Tudom\u2026<\/p>\n\n\n\n<p>\u2013 Csak figyelmeztetni szerettem volna, m\u00e9lt\u00f3s\u00e1gos uram \u2013 mondta Solari, hangj\u00e1t le sem halk\u00edtva, mintha az IGAZS\u00c1G kimond\u00e1s\u00e1nak ig\u00e9zet\u00e9ben m\u00e1r az sem sz\u00e1m\u00edtott volna, hogy szavainak s\u00falyos k\u00f6vetkezm\u00e9nyei lehetnek. Tal\u00e1n, ha R\u00e1k\u00f3czi figyelm\u00e9t nem k\u00f6t\u00f6tte volna le az el\u0151tte \u00e1ll\u00f3 tort\u00fara iszony\u00fa fesz\u00fclts\u00e9ge, Solariba vetett hite megingott volna! Most azonban f\u00e9lsz\u00edvvel fogadta, mintegy elsiklott f\u00f6l\u00f6tte. Nem \u00fagy Buccelli. V\u00e9rcsek\u00e9nt csapott le Solari szavaira:<\/p>\n\n\n\n<p>\u2013 Ezredes! \u2013 mondta, majd hat\u00e1ssz\u00fcnetet tartva Kollonichra \u00e9s Traunra vetett egy-egy sokat sejtet\u0151 pillant\u00e1st. \u2013 Solari ezredes, a b\u00edr\u00f3s\u00e1g mostant\u00f3l z\u00e1rtk\u00f6r\u0171v\u00e9 min\u0151s\u00edti a t\u00e1rgyal\u00e1st. K\u00e9rem, hagyja el a termet!<\/p>\n\n\n\n<p>Traun marsall meglep\u0151d\u00f6tt:<\/p>\n\n\n\n<p>\u2013 \u00cdgy d\u00f6nt\u00f6tt\u00fcnk volna? Mikor d\u00f6nt\u00f6tt\u00fcnk \u00edgy?<\/p>\n\n\n\n<p>Solari v\u00e1llalva R\u00e1k\u00f3czi ir\u00e1nti szolidarit\u00e1s\u00e1t, t\u00fcntet\u0151en \u00e1llva maradt.<br>\u2013 Ezredes! \u2013 ism\u00e9telte Buccelli a kij\u00e1rat fel\u00e9 mutatva. \u2013 Legyen sz\u00edves, hagyja el a termet!&nbsp;<\/p>\n\n\n\n<p>\u2013 A termet? \u2013 nevetett Solari. F\u00f6ln\u00e9zett az alacsony bolt\u00edv hom\u00e1ly\u00e1ba, ahol a vaksi m\u00e9csl\u00e1ng f\u00e9nye t\u00e1ncolt. \u2013 M\u00e9ghogy termet! Hol itt a terem? \u2013 nevetett. Mert Buccelli ide, Buccelli oda, b\u00e1r \u0151m\u00e9lt\u00f3s\u00e1ga \u00e9ppen egy v\u00e9szb\u00edr\u00f3s\u00e1g eln\u00f6ke, az\u00e9rt, Solari szem\u00e9ben Buccelli csup\u00e1n egy civil volt, egy rik\u00e1csol\u00f3 civil a nagy eur\u00f3pai h\u00e1bor\u00fa kell\u0151s k\u00f6zep\u00e9n.&nbsp;<\/p>\n\n\n\n<p>Traun marsall nem sokat \u00e9rtett abb\u00f3l a finomsz\u00f6v\u00e9s\u0171 sz\u00ednj\u00e1t\u00e9kb\u00f3l, amit Buccelli, Kollonich \u00e9s Solari sz\u0151ttek R\u00e1k\u00f3czi k\u00f6r\u00e9 mes\u00e9s baksis rem\u00e9ny\u00e9ben: b\u0151ven jutott volna mindenkinek a hatalmas R\u00e1k\u00f3czi-vagyonb\u00f3l, ha R\u00e1k\u00f3czit, a j\u00f6vend\u0151 fejedelmet siker\u00fcl a b\u00edr\u00f3s\u00e1gnak v\u00e9rpadra k\u00fcldenie!<\/p>\n\n\n\n<p>Traun komor igazs\u00e1g\u00e9rz\u00e9k\u00e9t: csatamez\u0151k l\u0151por-, s hal\u00e1lszag\u00fa eml\u00e9ke m\u00e1s koordin\u00e1t\u00e1k fel\u00e9 tolta, mint amilyenek e pillanatban a b\u00edr\u00f3i asztaln\u00e1l ir\u00e1nyszab\u00f3ak voltak.<\/p>\n\n\n\n<p>\u2013 Menjen, fiam! \u2013 mondta Solarinak. \u2013 Vegye \u00fagy, hogy t\u0151lem kapta a parancsot.<\/p>\n\n\n\n<p>\u2013 \u00c9rtettem \u2013 felelte szolg\u00e1latk\u00e9szen Solari, s az oldals\u00f3 ajt\u00f3n \u00e1t elhagyta a helyis\u00e9get.<\/p>\n\n\n\n<p>\u2013 V\u00e1dlott! \u2013 fordult most Buccelli R\u00e1k\u00f3cihoz.<\/p>\n\n\n\n<p>\u2013 Hozz\u00e1m sz\u00f3lt, Buccelli? \u2013 k\u00e9rdezte R\u00e1k\u00f3czi.<\/p>\n\n\n\n<p>\u2013 Tal\u00e1n <em>Eln\u00f6k \u00far<\/em>, R\u00e1k\u00f3czi! A cs\u00e1sz\u00e1r nev\u00e9ben felsz\u00f3l\u00edtom, s\u00fcrg\u0151sen sz\u00e1lljon le a magas l\u00f3r\u00f3l!<\/p>\n\n\n\n<p>\u2013 II. R\u00e1k\u00f3czi Ferenc vagyok, birodalmi herceg, s eddig nem k\u00f6z\u00f6lt\u00e9k velem, mivel v\u00e1dolnak.<\/p>\n\n\n\n<p>\u2013 Mivel v\u00e1doljuk?! A v\u00e1d a lehet\u0151 legrosszabb\u2026 Fels\u00e9g\u00e1rul\u00e1s! A b\u00fcntet\u00e9s a legjobb esetben is f\u0151veszt\u00e9s. Rosszabb esetben akaszt\u00e1s. Mit tud felhozni ments\u00e9g\u00e9re?<\/p>\n\n\n\n<p>B\u00e1r R\u00e1k\u00f3czi felk\u00e9sz\u00fclt a legrosszabbra is, most m\u00e9gis megremegett. Ami a jelenl\u00e9v\u0151k sz\u00e1m\u00e1ra ebb\u0151l l\u00e1that\u00f3 volt: egy b\u00e1tor, sz\u00e1lfaegyenes ember \u00e1llt a b\u00edr\u00f3s\u00e1g el\u0151tt, s egyenesen b\u00edr\u00e1i szem\u00e9be n\u00e9zett.<\/p>\n\n\n\n<p>\u2013 Nincs ellenem bizony\u00edt\u00e9k \u2013 mondta R\u00e1k\u00f3czi. \u2013 Ezt a b\u00edr\u00f3s\u00e1got pedig v\u00e9szt\u00f6rv\u00e9nysz\u00e9knek tekintem.<\/p>\n\n\n\n<p>\u2013 Hallott\u00e1k uraim?! R\u00e1k\u00f3czi v\u00e9szt\u00f6rv\u00e9nysz\u00e9knek tekint benn\u00fcnket \u2013 h\u00fcledezett Buccelli.<\/p>\n\n\n\n<p>\u2013 A b\u0171ntudat k\u00e9ts\u00e9gtelen jele! \u2013 jegyezte meg Kollonich.<\/p>\n\n\n\n<p>\u2013 B\u0171n\u00f6snek \u00e9rzi mag\u00e1t, R\u00e1k\u00f3czi? \u2013 k\u00e9rdezte Buccelli<\/p>\n\n\n\n<p>\u2013 Vigy\u00e1zzon, R\u00e1k\u00f3czi! V\u00e9tkeit ne tet\u00e9zze \u00fajabb v\u00e9tkekkel! V\u00e1lasza csak beismer\u00e9s lehet \u2013 mondta Kollonich. Anno, R\u00e1k\u00f3czi gy\u00e1mjak\u00e9nt, nem siker\u00fclt megkaparintania a mes\u00e9s R\u00e1k\u00f3czi\u2013vagyont, s most itt volt r\u00e1 az alkalom. \u2013 Aj\u00e1nlom, ismerje be!<\/p>\n\n\n\n<p>\u2013 Ismerje be! \u2013 mondta mag\u00e1b\u00f3l kikelve Buccelli. \u2013 Makacskodik?<\/p>\n\n\n\n<p>R\u00e1k\u00f3czi Buccelli feje f\u00f6l\u00e9 mosolygott.<\/p>\n\n\n\n<p>\u2013 Ne makacskodj! \u2013 rivallta volna Kollonich, imm\u00e1r f\u00e9lrel\u00f6kve minden formalit\u00e1st, de egy f\u00e9lrecs\u00faszott keksz-falat mentette meg \u0151t a v\u00e9gs\u0151 lealacsonyod\u00e1st\u00f3l. K\u00f6h\u00f6g\u00f6tt-kr\u00e1kogott. F\u00e9l\u0151 volt, m\u00e9g egy pillanat, s eg\u00e9szen kiborul.<\/p>\n\n\n\n<p>\u2013 De, uraim! Uraim! \u2013 sz\u00f3lt k\u00f6zbe Traun. \u2013 A cs\u00e1sz\u00e1ri b\u00edr\u00f3s\u00e1g m\u00e9lt\u00f3s\u00e1ga\u2026<\/p>\n\n\n\n<p>Komor daraboss\u00e1g\u00e1ban is j\u00f3val emberibb volt, mint a m\u00e1sik k\u00e9t b\u00edr\u00f3t\u00e1rsa.<\/p>\n\n\n\n<p>\u2013 Nincs ellenem bizony\u00edt\u00e9k \u2013 felelte ism\u00e9t R\u00e1k\u00f3czi.<\/p>\n\n\n\n<p>Buccelli apr\u00f3 szem\u00e9ben ravaszs\u00e1g csillant:<\/p>\n\n\n\n<p>\u2013 Hogy \u00e9rti ezt, R\u00e1k\u00f3czi? \u2013 k\u00e9rdezte. \u2013 Tal\u00e1n \u00fagy, hogy nem is volt? Vagy ink\u00e1bb \u00fagy, hogy Longueval kapit\u00e1ny, akit a cs\u00e1sz\u00e1r h\u0171 emberei f\u00e1ra akasztottak, \u00f6r\u00f6kre eln\u00e9mult?<\/p>\n\n\n\n<p>S\u00falyos csend t\u00e1madt.<\/p>\n\n\n\n<p>\u2013 Istenemre\u2026 \u2013 felelte R\u00e1k\u00f3czi megindultan. \u2013 Arra, amivel itt engem v\u00e1dolnak, a fels\u00e9g\u00e1rul\u00e1s b\u0171n\u00e9re nincs, mert sosem volt, nem is lesz, mert nem is lehet ellenem bizony\u00edt\u00e9k! A szeretet\u2026<\/p>\n\n\n\n<p>Buccelli grimaszt v\u00e1gott. Erre Kollonich is elh\u00fazta a sz\u00e1j\u00e1t, mintha citromba haraptak volna.<\/p>\n\n\n\n<p>\u2013 J\u00f3l hallok?! \u2013 v\u00e1gott k\u00f6zbe Kollonich. \u2013 Azt mondta: szeretet?<\/p>\n\n\n\n<p>\u2013 \u00c1t\u00e9rezni katon\u00e1nak hurcolt, a cs\u00e1sz\u00e1r\u00e9rt meg\u00f6letett jobb\u00e1gyaim, embert\u00e1rsaim szenved\u00e9s\u00e9t \u2013 folytatta rezzen\u00e9stelen arccal R\u00e1k\u00f3czi \u2013, se Isten, se ember el\u0151tt nem sz\u00e1m\u00edthat b\u0171nnek. H\u00e1t m\u00e9g fels\u00e9g\u00e1rul\u00e1snak! \u2013 de hi\u00e1ba, mert l\u00e1that\u00f3 volt, hogy szavainak itt, enn\u00e9l az asztaln\u00e1l nincs akusztik\u00e1juk.<\/p>\n\n\n\n<p>\u2013 Mir\u0151l besz\u00e9l, R\u00e1k\u00f3czi? \u2013 rikkantotta Buccelli.<\/p>\n\n\n\n<p>\u2013 Ez minden, amit mondani tud? \u2013 k\u00e9rdezte Kollonich.<\/p>\n\n\n\n<p>\u2013 Bizony\u00edt\u00e9k kell? H\u00e1t j\u00f3! H\u00edvj\u00e1k be Solarit! \u2013 adta ki a parancsot, Buccelli.<\/p>\n\n\n\n<p>A porkol\u00e1b kisz\u00f3lt a folyos\u00f3ra:<\/p>\n\n\n\n<p>\u2013 Solari ezredes! A b\u00edr\u00f3s\u00e1g k\u00e9reti.<\/p>\n\n\n\n<p>A r\u00e1csajt\u00f3, melyen \u00e1t Solari kor\u00e1bban t\u00e1vozott, megnyikordult. R\u00e1k\u00f3czi szinte f\u00f6lder\u00fclt: ha Solari tan\u00faskodik, tal\u00e1n m\u00e9gsem rem\u00e9nytelen minden. Azt\u00e1n bel\u00e9pett Solari, azaz valaki, aki a bolt\u00edv hom\u00e1ly\u00e1ban ak\u00e1r Solari is lehetett volna. Egy \u00f6r\u00f6kk\u00e9val\u00f3s\u00e1gig tartott m\u00edg kil\u00e9pett a f\u00e9nyre, a m\u00e9csl\u00e1ng imbolyg\u00f3, de tiszt\u00e1bb \u00e9s er\u0151sebb f\u00e9ny\u00e9re, ahol Solarib\u00f3l Longueval kapit\u00e1ny lett. A gyorsfut\u00e1r Longueval, akit a h\u00edrek szerint a cs\u00e1sz\u00e1ri prib\u00e9kek egy ak\u00e1cfa \u00e1g\u00e1ra akasztottak. J\u00f6tt, kez\u00e9ben lobogtatva R\u00e1k\u00f3czi level\u00e9t, melyet esk\u00fc alatt le kellett volna nyelnie!&nbsp;<\/p>\n\n\n\n<p>J\u00f6tt, j\u00f6tt, a biztos hal\u00e1lt hozva k\u00f6zeledett\u2026<\/p>\n\n\n\n<p>(Epil\u00f3gus: Napokkal k\u00e9s\u0151bb R\u00e1k\u00f3czinak, feles\u00e9ge k\u00f6zrem\u0171k\u00f6d\u00e9s\u00e9vel, siker\u00fclt megsz\u00f6knie b\u00f6rt\u00f6n\u00e9b\u0151l, \u00e9s Podolin v\u00e1ros\u00e1n\u00e1l \u00e1tl\u00e9pte az \u00e9letet jelent\u0151 magyar-lengyel hat\u00e1rt.)<\/p>\n","protected":false},"excerpt":{"rendered":"<p>B\u00e9cs\u00fajhelyi tullianum (T\u00f6rt\u00e9nelmi \u00e1thall\u00e1sok a 18. sz\u00e1zadb\u00f3l) II. R\u00e1k\u00f3czi Ferenc, a szabads\u00e1gharc mer\u00e9sz gondolat\u00e1t forgatva fej\u00e9ben, bizalm\u00e1ba fogadta Longueval kapit\u00e1nyt. Ekkorra orsz\u00e1gos h\u00edre ment: a cs\u00e1sz\u00e1r Longuevalt, a Liege-i sz\u00fclet\u00e9s\u0171 \u201emegb\u00edzhatatlan\u201d franci\u00e1t, elbocs\u00e1totta parancsnoki \u00e1ll\u00e1s\u00e1b\u00f3l. B\u00e1r a kapit\u00e1ny \u00e9vek hossz\u00fa &hellip; <a href=\"https:\/\/opus-folyoirat.sk\/?page_id=4016\">Egy kattint\u00e1s ide a folytat\u00e1shoz&#8230;. <span class=\"meta-nav\">&rarr;<\/span><\/a><\/p>\n","protected":false},"author":4,"featured_media":0,"parent":0,"menu_order":0,"comment_status":"closed","ping_status":"closed","template":"","meta":{"footnotes":""},"class_list":["post-4016","page","type-page","status-publish","hentry"],"_links":{"self":[{"href":"https:\/\/opus-folyoirat.sk\/index.php?rest_route=\/wp\/v2\/pages\/4016","targetHints":{"allow":["GET"]}}],"collection":[{"href":"https:\/\/opus-folyoirat.sk\/index.php?rest_route=\/wp\/v2\/pages"}],"about":[{"href":"https:\/\/opus-folyoirat.sk\/index.php?rest_route=\/wp\/v2\/types\/page"}],"author":[{"embeddable":true,"href":"https:\/\/opus-folyoirat.sk\/index.php?rest_route=\/wp\/v2\/users\/4"}],"replies":[{"embeddable":true,"href":"https:\/\/opus-folyoirat.sk\/index.php?rest_route=%2Fwp%2Fv2%2Fcomments&post=4016"}],"version-history":[{"count":1,"href":"https:\/\/opus-folyoirat.sk\/index.php?rest_route=\/wp\/v2\/pages\/4016\/revisions"}],"predecessor-version":[{"id":4017,"href":"https:\/\/opus-folyoirat.sk\/index.php?rest_route=\/wp\/v2\/pages\/4016\/revisions\/4017"}],"wp:attachment":[{"href":"https:\/\/opus-folyoirat.sk\/index.php?rest_route=%2Fwp%2Fv2%2Fmedia&parent=4016"}],"curies":[{"name":"wp","href":"https:\/\/api.w.org\/{rel}","templated":true}]}}