{"id":4038,"date":"2025-07-21T01:45:00","date_gmt":"2025-07-20T23:45:00","guid":{"rendered":"https:\/\/opus-folyoirat.sk\/?page_id=4038"},"modified":"2026-01-15T01:48:12","modified_gmt":"2026-01-14T23:48:12","slug":"mesek-es-mondak-az-also-ipoly-menten","status":"publish","type":"page","link":"https:\/\/opus-folyoirat.sk\/?page_id=4038","title":{"rendered":"Mes\u00e9k \u00e9s mond\u00e1k az Als\u00f3-Ipoly ment\u00e9n"},"content":{"rendered":"\n<p><em>(Magyar Zolt\u00e1n k\u00f6nyveir\u0151l)<\/em><\/p>\n\n\n<div class=\"has-text-align-right wp-block-post-date\"><time datetime=\"2025-07-21T01:45:00+02:00\">2025-07-21<\/time><\/div>\n\n\n<p>Magyar Zolt\u00e1n 1967-ben sz\u00fcletett Kisk\u0151r\u00f6s\u00f6n. Elemi \u00e9s k\u00f6z\u00e9pfok\u00fa iskol\u00e1it sz\u00fcl\u0151v\u00e1ros\u00e1ban v\u00e9gezte, 1987\u20121993 k\u00f6z\u00f6tt a debreceni Kossuth Lajos Tudom\u00e1nyegyetemen tanult, ahol t\u00f6rt\u00e9n\u00e9sz-irodalm\u00e1r-etnogr\u00e1fus diplom\u00e1t szerzett. Ugyanott v\u00e9dte meg PhD disszert\u00e1ci\u00f3j\u00e1t 2000-ben Halhatatlan \u00e9s visszat\u00e9r\u0151 h\u0151s\u00f6k. Egy nemzetk\u00f6zi mondat\u00edpus k\u00e1rp\u00e1t-medencei redakci\u00f3i c\u00edmmel. Dolgozott a P\u00e9csi Tudom\u00e1nyegyetemen, a Magyar Nemzeti M\u00fazeumban, \u00f6szt\u00f6nd\u00edjask\u00e9nt pedig a londoni The Grail Centre-ben, valamint a Habsburg T\u00f6rt\u00e9neti Int\u00e9zetben. 1997 \u00f3ta az MTA BTK N\u00e9prajztudom\u00e1nyi Int\u00e9zet\u00e9nek tudom\u00e1nyos f\u0151munkat\u00e1rsa, a Folkl\u00f3r Oszt\u00e1ly tagja. Eddig 87 \u00f6n\u00e1ll\u00f3 k\u00f6tete \u00e9s k\u00f6zel k\u00e9tsz\u00e1z egy\u00e9b tanulm\u00e1nya jelent meg magyar \u00e9s idegen nyelven. Magyarorsz\u00e1gon k\u00edv\u00fcl t\u00edz orsz\u00e1gban v\u00e9gzett n\u00e9prajzi terepmunk\u00e1t. Alap\u00edt\u00f3 szerkeszt\u0151je a Magyar N\u00e9pk\u00f6lt\u00e9szet T\u00e1ra, a Documentatio Folkloristica \u00e9s a Documentatio Epica c\u00edm\u0171 sz\u00f6vegfolklorisztikai k\u00f6nyvsorozatoknak. 2011 \u00f3ta szerkeszt\u0151je a kutat\u00f3int\u00e9zet \u00e9vk\u00f6nyv\u00e9nek (Ethno-Lore) is. F\u0151 kutat\u00e1si ter\u00fcletei: folkl\u00f3rsz\u00f6vegek tudom\u00e1nyos rendszerez\u00e9se, t\u00f6rt\u00e9neti mond\u00e1k, magyar n\u00e9phit \u00e9s szentkultusz, mesemond\u00f3k reperto\u00e1rja.<\/p>\n\n\n\n<p>A B\u00f6rzs\u00f6nyvid\u00e9k sorozat hetedik k\u00f6tetek\u00e9nt jelent meg Magyar Zolt\u00e1n N\u00e9pmond\u00e1k az Als\u00f3-Ipoly ment\u00e9n c\u00edm\u0171 terjedelmes munk\u00e1ja.&nbsp;<\/p>\n\n\n\n<p>A szerz\u0151 a B\u00f6rzs\u00f6ny t\u00f6v\u00e9ben megh\u00faz\u00f3d\u00f3 Ipoly magyarorsz\u00e1gi oldal\u00e1n fekv\u0151 t\u00edz telep\u00fcl\u00e9sen (Szob, Ipolydam\u00e1sd, Letk\u00e9s, Ipolyt\u00f6lgyes, Nagyb\u00f6rzs\u00f6ny, V\u00e1mosmikola, Per\u0151cs\u00e9ny, Kemence, Bernecebar\u00e1ti, T\u00e9sa), tov\u00e1bb\u00e1 a v\u00edzgy\u0171jt\u0151 ter\u00fclet\u00e9n tal\u00e1lhat\u00f3 K\u00f3spallagon \u00e9s a n\u00e9pis\u00e9gt\u00f6rt\u00e9netileg \u00e9s kist\u00e1ji \u00e9rtelemben javar\u00e9szt szint\u00e9n ide sorolhat\u00f3 M\u00e1rianosztr\u00e1n \u00f6sszegy\u0171jt\u00f6tt mond\u00e1kat dolgozta fel. A k\u00e9tsz\u00e1zhatvan oldalon olvashat\u00f3 753 t\u00f6rt\u00e9net fel\u00f6leli a monda m\u0171faj\u00e1nak teljes spektrum\u00e1t, tematik\u00e1j\u00e1t tekintve mindazt, amelyr\u0151l az Ipoly v\u00f6lgy\u00e9nek als\u00f3 szakasz\u00e1n, a Pest megyei telep\u00fcl\u00e9seken&nbsp;az ut\u00f3bbi sz\u00e1z \u00e9vben mes\u00e9ltek az ott lak\u00f3 emberek.<\/p>\n\n\n\n<p>A r\u00e9g\u00f3ta esed\u00e9kes \u00e9s hi\u00e1nyp\u00f3tl\u00f3 gy\u0171jt\u00e9s 2017 m\u00e1jus\u00e1ban indult per\u0151cs\u00e9nyi n\u00e9prajzi interj\u00fak form\u00e1j\u00e1ban. A szerz\u0151 2019 j\u00falius\u00e1ig \u00f6sszesen tizenhat alkalommal j\u00e1rt mondagy\u0171jt\u00e9si c\u00e9llal az Als\u00f3-Ipoly menti falvakban. E gy\u0171jt\u00e9s anyag\u00e1b\u00f3l \u00e1llt \u00f6ssze a k\u00f6tet.&nbsp;<\/p>\n\n\n\n<p>Magyar Zolt\u00e1n gy\u0171jt\u00e9s\u00e9nek term\u00e9szetesen vannak el\u0151zm\u00e9nyei, amir\u0151l a k\u00f6tet Bevezet\u00e9s\u00e9ben olvashatunk. A szerz\u0151 sz\u00f3l a felf\u00f6ldi r\u00e9gi\u00f3 t\u00f6bb t\u00e1jegys\u00e9g\u00e9n v\u00e9gzett \u00e9s publik\u00e1lt gy\u0171jt\u00e9seir\u0151l, amelyeket e k\u00f6tet tesz teljess\u00e9 az Als\u00f3-Ipoly mente mondavil\u00e1g\u00e1nak felt\u00e9rk\u00e9pez\u00e9s\u00e9vel, \u00e9s r\u00f6viden bemutatja az ezen t\u00e1jegys\u00e9gen t\u00f6rt\u00e9nt kor\u00e1bbi kutat\u00e1sokat is. Ezek k\u00f6z\u00fcl a lejelent\u0151sebb a Pest Megyei M\u00fazeumok Igazgat\u00f3s\u00e1ga \u00e1ltal \u00f6sszehangolt kutat\u00e1s volt, amelynek f\u0151bb eredm\u00e9nyeit a Studia Comitatensia 5. k\u00f6tet\u00e9ben (1977) olvashattuk. De t\u00f6bb neves kutat\u00f3 (Egy\u00fcd \u00c1rp\u00e1d, Di\u00f3szegi Vilmos, Cs\u00e1ky K\u00e1roly, D\u00f6m\u00f6t\u00f6r \u00c1kos, H\u00e1la J\u00f3zsef) 20. sz\u00e1zadi gy\u0171jt\u00e9sei \u00e9s kutat\u00e1sai is el\u0151zm\u00e9nyeknek tekinthet\u0151k a t\u00e9ma egy-egy r\u00e9szter\u00fclet\u00e9n.<\/p>\n\n\n\n<p>A szerz\u0151 a Bevezet\u00e9sben sz\u00f3l a gy\u0171jt\u00e9s elvi \u00e9s m\u00f3dszertani dilemm\u00e1ir\u00f3l is. Mindenekel\u0151tt lesz\u00f6gezi, hogy a vizsg\u00e1lt ter\u00fclet n\u00e9pi kult\u00far\u00e1ja \u2013 noha \u201epal\u00f3cosnak\u201d t\u0171nik \u2013 t\u00f6bb vonatkoz\u00e1sban elt\u00e9r a pal\u00f3c centrum\u00e9t\u00f3l, \u00e9s ezt term\u00e9szetf\u00f6ldrajzi k\u00f6r\u00fclm\u00e9nyek, a Ipoly foly\u00f3 k\u00f6zels\u00e9ge, az \u00e1ltal l\u00e9trej\u00f6tt \u00e9letm\u00f3d hat\u00e1rozt\u00e1k meg. Tov\u00e1bbi kutat\u00e1sokat ig\u00e9nyel az, hogy milyen azonoss\u00e1gok \u00e9s elt\u00e9r\u00e9sek mutathat\u00f3k ki a N\u00f3gr\u00e1d \u00e9s Hon megyei t\u00e1jegys\u00e9gr\u00e9szek, illetve az Ipoly jobb \u00e9s bal partj\u00e1n \u00e9l\u0151k n\u00e9pi kult\u00far\u00e1ja k\u00f6z\u00f6tt, az hogyan v\u00e1ltozott az id\u0151k sor\u00e1n, milyen hat\u00e1ssal volt r\u00e1 pl. a Trianon ut\u00e1ni \u00faj orsz\u00e1ghat\u00e1r, mennyire maradt meg \u00e9s \u00e9l\u0151 ma a 19. sz\u00e1zadban m\u00e9g eleven, a pal\u00f3cokt\u00f3l elhat\u00e1rol\u00f3 <em>huntyiak <\/em>tudat \u00e9s megnevez\u00e9s. \u00c9s mindez milyen hat\u00e1ssal volt a t\u00e9rs\u00e9g pr\u00f3zaepikai hagyom\u00e1ny\u00e1ra.<\/p>\n\n\n\n<p>A k\u00f6zreadott recens gy\u0171jt\u00e9s l\u00e9nyeg\u00e9ben lefedi a kist\u00e1ji mondaregiszter teljes spektrum\u00e1t.&nbsp; \u00c9s b\u00e1r az anyag j\u00f3val t\u00f6red\u00e9kesebb \u00e9s tipol\u00f3giailag kev\u00e9sb\u00e9 v\u00e1ltozatos, m\u00e9gis, a gy\u0171jt\u00e9s idej\u00e9n, a 21. sz\u00e1zad m\u00e1sodik \u00e9vtized\u00e9ben m\u00e9g <em>\u201eminden faluban akadt egy-k\u00e9t olyan adatk\u00f6zl\u0151, akiknek vonatkoz\u00f3 ismeretanyaga kimagasl\u00f3 volt, \u00e9s akik esetenk\u00e9nt eszt\u00e9tikailag is relev\u00e1ns, epikus kifejt\u00e9ssel tudt\u00e1k felid\u00e9zni a t\u00f6bbnyire m\u00e9g fiatalkorukban hallott t\u00f6rt\u00e9neteket.\u201d<\/em><\/p>\n\n\n\n<p>A gy\u0171jt\u0151utak sor\u00e1n k\u00f6zel f\u00e9lsz\u00e1z adatk\u00f6zl\u0151 agyag\u00e1t r\u00f6gz\u00edthette a szerz\u0151, k\u00f6zt\u00fck t\u00f6bb, a <em>\u201e19\u201320. sz\u00e1zadi \u00e9rtelemben vett autentikus, j\u00f3 elbesz\u00e9l\u0151 k\u00e9szs\u00e9ggel meg\u00e1ldott adatk\u00f6zl\u0151re is\u201d <\/em>r\u00e1lelt.Legjelent\u0151sebb adatk\u00f6zl\u0151je, mesemond\u00f3ja a nagyb\u00f6rzs\u00f6nyi Gl\u00e1zer L\u00e1szl\u00f3n\u00e9 Freml Erzs\u00e9bet (sz\u00fcl.: 1935), akinek tud\u00e1sanyag\u00e1t k\u00fcl\u00f6n monogr\u00e1fi\u00e1ban adta k\u00f6zre a szerz\u0151 (l\u00e1sd lentebb).<\/p>\n\n\n\n<p>A k\u00f6zreadott gy\u0171jt\u00e9s tipol\u00f3gi\u00e1ja a k\u00f6vetkez\u0151: t\u00f6rt\u00e9neti mond\u00e1k, helyi mond\u00e1k, legend\u00e1k, hiedelemmond\u00e1k, falucs\u00fafol\u00f3k. A gy\u0171jt\u00e9s hagyom\u00e1nyanyag\u00e1nak egy r\u00e9sze t\u00e1jspecifikus folkl\u00f3rjelens\u00e9g. Vannak csak egy, adott telep\u00fcl\u00e9sen ismert, de folklorisztikailag k\u00fcl\u00f6nleges elbesz\u00e9l\u00e9sek is. Ilyenek pl. a nagyb\u00f6rzs\u00f6nyi templom eredett\u00f6rt\u00e9nete, az ahhoz kapcsol\u00f3d\u00f3, helyi Szent Istv\u00e1n-mond\u00e1k, vagy a M\u00e1rianosztr\u00e1n p\u00e1los kolostort alap\u00edt\u00f3 Nagy Lajos kir\u00e1ly eml\u00e9ke, a II. J\u00f3zsef ott j\u00e1rt\u00e1t meg\u00f6r\u00f6k\u00edt\u0151 nagyb\u00f6rzs\u00f6nyi mond\u00e1k.<\/p>\n\n\n\n<p>Sz\u00e1mos t\u00f6rt\u00e9neti hagyom\u00e1ny mond\u00e1k form\u00e1j\u00e1ban sz\u00e9lesebb t\u00e9rben, t\u00f6bb faluban is \u00e9lt \u00e9s fennmaradt, mint a t\u00f6r\u00f6k id\u0151k eml\u00e9kezete, a 16\u201318. sz\u00e1zadi vall\u00e1sk\u00fczdelmek a nagyb\u00f6rzs\u00f6nyi evang\u00e9likusok \u00e9s a per\u0151cs\u00e9nyi reform\u00e1tusok k\u00f6z\u00f6tt, a II. vil\u00e1gh\u00e1bor\u00fa helyi esem\u00e9nyeinek m\u00e1ig elevenen \u00e9l\u0151 folkl\u00f3rja.<\/p>\n\n\n\n<p>Az anyag kutathat\u00f3s\u00e1g\u00e1t a folkl\u00f3rsz\u00f6vegek jegyzetei, a gy\u0171jt\u00e9si helysz\u00ednek \u00e9s az adatk\u00f6zl\u0151k ismertet\u00e9se, t\u00e1jsz\u00f3jegyz\u00e9k \u00e9s 24 t\u00e9teles irodalomjegyz\u00e9k seg\u00edtik. A k\u00f6tetet 30 oldalas, 68 sz\u00ednes fot\u00f3t tartalmaz\u00f3 K\u00e9pmell\u00e9klet teszi teljess\u00e9.<\/p>\n\n\n\n<p>*<\/p>\n\n\n\n<p>A m\u00e1sik k\u00f6tet \u2013 Szent Mikl\u00f3s orsz\u00e1ga: Freml Erzs\u00e9bet t\u00f6rt\u00e9netei \u2013 Nagyb\u00f6rzs\u00f6nyi mes\u00e9k, mond\u00e1k \u00e9s egy\u00e9b n\u00e9pi elbesz\u00e9l\u00e9sek\u2013 az Eur\u00f3pai Folkl\u00f3r Int\u00e9zet \u00e9s Nagyb\u00f6rzs\u00f6ny K\u00f6zs\u00e9g \u00d6nkorm\u00e1nyzata k\u00f6z\u00f6s kiad\u00e1s\u00e1ban jelent meg a Dokumentatio Folkloristica III k\u00f6tetek\u00e9nt.<\/p>\n\n\n\n<p>A 148 oldalas kiadv\u00e1ny a magyar folklorisztik\u00e1ban nagy m\u00faltra visszatekint\u0151 egy\u00e9nis\u00e9gkutat\u00f3 iskola leg\u00fajabb darabja. A k\u00f6tet \u00f6ssze\u00e1ll\u00edt\u00f3ja az Als\u00f3-Ipoly mente mondavil\u00e1g\u00e1nak felt\u00e9rk\u00e9pez\u00e9se k\u00f6zben a 2010-es \u00e9vek m\u00e1sodik fel\u00e9ben ismerkedett meg azzal az id\u0151s nagyb\u00f6rzs\u00f6nyi asszonnyal, aki a t\u00e1jegys\u00e9g legnagyobb tud\u00e1s\u00fa elbesz\u00e9l\u0151j\u00e9nek bizonyult, \u00e9s akit\u0151l a folkl\u00f3rgy\u0171jt\u0151 az elk\u00f6vetkez\u0151 \u00e9vekben k\u00f6zel m\u00e1sf\u00e9lsz\u00e1z pr\u00f3zaepikai alkot\u00e1st \u00e9s sz\u00e1mos egy\u00e9b helyi folkl\u00f3rhagyom\u00e1nyt jegyzett fel.<\/p>\n\n\n\n<p>Gl\u00e1zer L\u00e1szl\u00f3n\u00e9 Freml Erzs\u00e9bet n\u00e9pi mesemond\u00f3k\u00e9nt 2024 augusztus\u00e1ban r\u00e9szes\u00fclt a N\u00e9pm\u0171v\u00e9szet Mestere kit\u00fcntet\u00e9sben. A mesemond\u00f3 adatk\u00f6zl\u0151 egy ma m\u00e1r sok tekintetben p\u00e1rj\u00e1t ritk\u00edt\u00f3 folkl\u00f3rhagyom\u00e1ny ismer\u0151je. A r\u00f3la sz\u00f3l\u00f3 n\u00e9pk\u00f6lt\u00e9szeti egy\u00e9nis\u00e9gmonogr\u00e1fia azonban nem csup\u00e1n az \u0151 t\u00f6rt\u00e9netmond\u00f3i alakj\u00e1t \u00e9s epikus reperto\u00e1rj\u00e1t \u00f6r\u00f6k\u00edti meg, hanem eml\u00e9ket \u00e1ll\u00edt mindazoknak is, akik kultur\u00e1lis \u00f6r\u00f6ks\u00e9gk\u00e9nt meg\u0151rizt\u00e9k \u00e9s tov\u00e1bbadt\u00e1k Nagyb\u00f6rzs\u00f6ny, e rangos m\u00faltj\u00e1ra m\u00e1ig b\u00fcszke, n\u00e9met eredet\u0171 b\u00e1ny\u00e1szk\u00f6zs\u00e9g sz\u00e1jhagyom\u00e1nyozott szellemi hagyat\u00e9k\u00e1t gener\u00e1ci\u00f3r\u00f3l gener\u00e1ci\u00f3ra, m\u00e1ig hat\u00f3an.&nbsp;<\/p>\n\n\n\n<p>A gy\u0171jtem\u00e9nyben olvashat\u00f3 mes\u00e9k, mond\u00e1k, tr\u00e9f\u00e1s n\u00e9pi elbesz\u00e9l\u00e9sek \u00e9s igazt\u00f6rt\u00e9netek region\u00e1lis tekintetben az ut\u00f3bbi \u00e9vek egyik legnagyobb szab\u00e1s\u00fa \u00e9s eszt\u00e9tikai szempontb\u00f3l is figyelemre m\u00e9lt\u00f3 n\u00e9pk\u00f6lt\u00e9szeti korpusz\u00e1t alkotj\u00e1k. A k\u00f6tet m\u0171faji \u00e9s tematikus rendben k\u00f6zli a 2017 \u00e9s 2024 k\u00f6z\u00f6tt Freml Erzs\u00e9bett\u0151l feljegyzett elbesz\u00e9l\u00e9seket.&nbsp;<\/p>\n\n\n\n<p>A gy\u0171jt\u00f6tt anyag 3 t\u00fcnd\u00e9rmes\u00e9t, 12 legendames\u00e9t, apokrifet, 12 tr\u00e9f\u00e1s mes\u00e9t, 3 hazugs\u00e1gmes\u00e9t, 23 t\u00f6rt\u00e9neti mond\u00e1t, 19 helyi mond\u00e1t, 12 vall\u00e1sos t\u00e9m\u00e1j\u00fa mond\u00e1t, 7 b\u0171n \u00e9s b\u0171nh\u0151d\u00e9s t\u00edpus\u00fa mond\u00e1t, 10 hiedelemmond\u00e1t, 13 n\u00e9pi anekdot\u00e1t, 9 viccet, 7 falucs\u00fafol\u00f3t, 3 igaz t\u00f6rt\u00e9netet, 2 sz\u00f3l\u00e1st, k\u00f6zmond\u00e1st, tov\u00e1bb\u00e1 Freml Erzs\u00e9bet \u00f6n\u00e9let\u00edr\u00e1s\u00e1t \u00e9s 2 vers\u00e9t tartalmazza. Figyelemre m\u00e9lt\u00f3, hogy a h\u00e1rom t\u00fcnd\u00e9rmese mellett 71 k\u00fcl\u00f6nb\u00f6z\u0151 mond\u00e1t tartalmaz az adatk\u00f6zl\u0151 reperto\u00e1rja. Tov\u00e1bb\u00e1, hogy a h\u00e1rom t\u00fcnd\u00e9rmese k\u00f6z\u00fcl kett\u0151t az adatk\u00f6zl\u0151 gyermekkor\u00e1ban k\u00f6nyvb\u0151l olvasott (Az \u00e9gi\u00e9r\u0151 fa, MNK 317; A rep\u00fcl\u0151 bunda, MNK 571 + 575). <em>\u201eFreml Erzs\u00e9bet gyerekkor\u00e1ban (1935\u20131950 k\u00f6z\u00f6tt) t\u00fcnd\u00e9rmes\u00e9ket m\u00e1r alig mes\u00e9ltek a sz\u00fcl\u0151faluj\u00e1ban, vagy ha m\u00e9gis, m\u00e1r elfelejthette azokat, ugyanis mindazokat, melyekre eml\u00e9kezett, k\u00f6nyvekb\u0151l olvasta\/hallotta nyolc-kilenc \u00e9vtizede.\u201d <\/em>A k\u00f6z\u00f6lt anyagban 30 mese (22 %) k\u00e9pviseli a k\u00fcl\u00f6nb\u00f6z\u0151 meset\u00edpusokat, mellett\u00fck 71 mondasz\u00f6veg (53 %) szerepel, jelezve, hogy ez ut\u00f3bbi m\u0171faj a nagyb\u00f6rzs\u00f6nyi n\u00e9pi epika eg\u00e9sz\u00e9ben bel\u00fcl meghat\u00e1roz\u00f3 s\u00fallyal van jelen. Ez a m\u0171faji megoszl\u00e1s egy\u00e9bk\u00e9nt t\u00e1gabban az eg\u00e9sz 20. sz\u00e1zad v\u00e9gi, 21. sz\u00e1zad eleji pal\u00f3cf\u00f6ldi gy\u0171jt\u00e9sekre igaz.<\/p>\n\n\n\n<p>A k\u00f6nyvet r\u00e9szletes n\u00e9prajzi tanulm\u00e1ny vezeti be, amelyben a szerz\u0151 kit\u00e9r Nagyb\u00f6rzs\u00f6ny, e B\u00f6rzs\u00f6ny-vid\u00e9ki n\u00e9met nyelvsziget m\u00faltj\u00e1ra \u00e9s n\u00e9prajzi jellegzetess\u00e9geire, r\u00f6vid \u00f6sszegz\u00e9st ad azon mesemond\u00f3kr\u00f3l, akik a 20-21. sz\u00e1zadban Nagyb\u00f6rzs\u00f6ny t\u00e1gabb f\u00f6ldrajzi k\u00f6rnyezet\u00e9ben, valamint a Pal\u00f3cf\u00f6ld keleti r\u00e9sz\u00e9ben \u00e9ltek, \u00e9s reperto\u00e1rjuk publik\u00e1l\u00e1sra ker\u00fclt, \u00e1ttekinti Freml Erzs\u00e9bet \u00e9let\u00e9t \u00e9s hagyom\u00e1ny\u0151rz\u0151 tev\u00e9kenys\u00e9g\u00e9t, valamint n\u00e9pk\u00f6lt\u00e9szeti szempontb\u00f3l elemzi sz\u00f6vegfolkl\u00f3r reperto\u00e1rj\u00e1t, elhelyezve azt a magyar pr\u00f3zaepika eg\u00e9sz\u00e9n bel\u00fcl is. Magyar Zolt\u00e1n meg\u00e1llap\u00edtja, hogy: <em>\u201eLegal\u00e1bb ennyire fontos szempont a nagyb\u00f6rzs\u00f6nyi mesemond\u00f3 reperto\u00e1rj\u00e1nak elemz\u00e9se kapcs\u00e1n annak m\u00e9rete, ugyanis folkl\u00f3rt\u00f6rt\u00e9neti szempontb\u00f3l is jelent\u0151s sz\u00f6vegkorpuszr\u00f3l van sz\u00f3. (\u2026) Szembet\u0171n\u0151 \u00e9s egyszersmind tov\u00e1bbgondol\u00e1sra is \u00e9rdemes, hogy t\u00f6bb olyan n\u00e9pi mesemond\u00f3 eset\u00e9ben, akiknek epikus ismeretanyaga az ezredfordul\u00f3t k\u00f6vet\u0151 \u00e9vekben, hivat\u00e1sos folkl\u00f3rkutat\u00f3k \u00e1ltal komplex m\u00f3don lett meg\u00f6r\u00f6k\u00edtve, a reperto\u00e1r nagys\u00e1ga valahol 130\u2013140 sz\u00f6veg k\u00f6r\u00fcl \u00e1llapodott meg \u2013 tegy\u00fck hozz\u00e1, \u00e9veken \u00e1t tart\u00f3 gy\u0171jt\u00e9s eredm\u00e9nyek\u00e9ppen. Az itt jelzett f\u00e9ltucatnyi adat pedig arra, az egyes hagyom\u00e1ny\u0151rz\u0151k p\u00e9ld\u00e1j\u00e1n t\u00fali k\u00f6vetkeztet\u00e9sekre sarkallhat, hogy a nagy tud\u00e1s\u00fa mesemond\u00f3k t\u00f6rt\u00e9netreperto\u00e1rja valahol m\u00e1sf\u00e9lsz\u00e1z sz\u00f6veg k\u00f6r\u00fcl \u00e1llapodik meg, \u00e9s enn\u00e9l nagyobb sz\u00e1m m\u00e1r csak a legkiemelked\u0151bbek, illetve egyes folkl\u00f3r specialist\u00e1k eset\u00e9ben dokument\u00e1lhat\u00f3.<\/em><\/p>\n\n\n\n<p>A k\u00f6tet v\u00e9g\u00e9n a folkl\u00f3rsz\u00f6vegek jegyzeteit tal\u00e1ljuk t\u00edpussz\u00e1m mutat\u00f3val. Tov\u00e1bb\u00e1 a F\u00fcggel\u00e9kben a t\u00e1jszavak magyar\u00e1zat\u00e1t olvashatjuk, \u00e9s gazdag irodalomjegyz\u00e9ket kapunk. V\u00e9g\u00fcl 52 t\u00e9teles sz\u00ednes k\u00e9pjegyz\u00e9k z\u00e1rja a k\u00f6nyvet, amely a mesemond\u00f3 \u00e9let\u00e9nek legf\u0151bb mozzanatait \u00e9s&nbsp;sz\u00fcl\u0151faluj\u00e1nak egyes helysz\u00edneit mutatja be, tov\u00e1bb\u00e1 a k\u00f6nyv megsz\u00fclet\u00e9s\u00e9hez \u00e9s az \u00e1llami kit\u00fcntet\u00e9shez vezet\u0151 \u00fat egy-egy st\u00e1ci\u00f3j\u00e1t is meg\u00f6r\u00f6k\u00edti.<\/p>\n\n\n\n<p><em>(Magyar Zolt\u00e1n: N\u00e9pmond\u00e1k az Als\u00f3-Ipoly ment\u00e9n. B\u00f6rzs\u00f6nyvid\u00e9k 7. B\u00f6rzs\u00f6ny M\u00fazeum Bar\u00e1ti K\u00f6re, Szob, 2024.)<\/em><\/p>\n\n\n\n<p><em>(Magyar Zolt\u00e1n: Szent Mikl\u00f3s orsz\u00e1ga. Freml Erzs\u00e9bet t\u00f6rt\u00e9netei. Dokumentatio Folkloristica III. Eur\u00f3pai Folkl\u00f3r Int\u00e9zet \u2013 Nagyb\u00f6rzs\u00f6ny \u00d6nkorm\u00e1nyzata, Budapest \u2013 Nagyb\u00f6rzs\u00f6ny, 2024.)<\/em><\/p>\n\n\n\n<p class=\"has-text-align-right\"><em>Vasv\u00e1ri Zolt\u00e1n<\/em><\/p>\n","protected":false},"excerpt":{"rendered":"<p>(Magyar Zolt\u00e1n k\u00f6nyveir\u0151l) Magyar Zolt\u00e1n 1967-ben sz\u00fcletett Kisk\u0151r\u00f6s\u00f6n. Elemi \u00e9s k\u00f6z\u00e9pfok\u00fa iskol\u00e1it sz\u00fcl\u0151v\u00e1ros\u00e1ban v\u00e9gezte, 1987\u20121993 k\u00f6z\u00f6tt a debreceni Kossuth Lajos Tudom\u00e1nyegyetemen tanult, ahol t\u00f6rt\u00e9n\u00e9sz-irodalm\u00e1r-etnogr\u00e1fus diplom\u00e1t szerzett. Ugyanott v\u00e9dte meg PhD disszert\u00e1ci\u00f3j\u00e1t 2000-ben Halhatatlan \u00e9s visszat\u00e9r\u0151 h\u0151s\u00f6k. Egy nemzetk\u00f6zi mondat\u00edpus k\u00e1rp\u00e1t-medencei &hellip; <a href=\"https:\/\/opus-folyoirat.sk\/?page_id=4038\">Egy kattint\u00e1s ide a folytat\u00e1shoz&#8230;. <span class=\"meta-nav\">&rarr;<\/span><\/a><\/p>\n","protected":false},"author":4,"featured_media":0,"parent":0,"menu_order":0,"comment_status":"closed","ping_status":"closed","template":"","meta":{"footnotes":""},"class_list":["post-4038","page","type-page","status-publish","hentry"],"_links":{"self":[{"href":"https:\/\/opus-folyoirat.sk\/index.php?rest_route=\/wp\/v2\/pages\/4038","targetHints":{"allow":["GET"]}}],"collection":[{"href":"https:\/\/opus-folyoirat.sk\/index.php?rest_route=\/wp\/v2\/pages"}],"about":[{"href":"https:\/\/opus-folyoirat.sk\/index.php?rest_route=\/wp\/v2\/types\/page"}],"author":[{"embeddable":true,"href":"https:\/\/opus-folyoirat.sk\/index.php?rest_route=\/wp\/v2\/users\/4"}],"replies":[{"embeddable":true,"href":"https:\/\/opus-folyoirat.sk\/index.php?rest_route=%2Fwp%2Fv2%2Fcomments&post=4038"}],"version-history":[{"count":1,"href":"https:\/\/opus-folyoirat.sk\/index.php?rest_route=\/wp\/v2\/pages\/4038\/revisions"}],"predecessor-version":[{"id":4039,"href":"https:\/\/opus-folyoirat.sk\/index.php?rest_route=\/wp\/v2\/pages\/4038\/revisions\/4039"}],"wp:attachment":[{"href":"https:\/\/opus-folyoirat.sk\/index.php?rest_route=%2Fwp%2Fv2%2Fmedia&parent=4038"}],"curies":[{"name":"wp","href":"https:\/\/api.w.org\/{rel}","templated":true}]}}