{"id":4072,"date":"2025-08-01T02:22:00","date_gmt":"2025-08-01T00:22:00","guid":{"rendered":"https:\/\/opus-folyoirat.sk\/?page_id=4072"},"modified":"2026-01-15T02:22:56","modified_gmt":"2026-01-15T00:22:56","slug":"mielott-kiesne-a-csaladfo-tenyerebol","status":"publish","type":"page","link":"https:\/\/opus-folyoirat.sk\/?page_id=4072","title":{"rendered":"Miel\u0151tt &#8211; \u201e\u2026kiesne a csal\u00e1df\u0151 tenyer\u00e9b\u0151l\u2026\u201d"},"content":{"rendered":"\n<p><em>K\u00f6sz\u00f6nt\u0151: Fellinger K\u00e1roly \u201960<\/em><\/p>\n\n\n<div class=\"has-text-align-right wp-block-post-date\"><time datetime=\"2025-08-01T02:22:00+02:00\">2025-08-01<\/time><\/div>\n\n\n<p>H\u00f6lgyek, Urak, szerz\u0151k \u00e9s szeri\u0151z\u00f6k, bar\u00e1taim, r\u00f3maiak. Pardon \u2013 szerdahelyiek. \u00c9s Felvid\u00e9kiek. \u00cdgy m\u00e1ris nem stimmel (vagy h\u00e1t nem eg\u00e9szen) a folytat\u00e1s \u2013 a \u201ef\u00f6ldieim\u201d. S a \u201etemetni j\u00f6ttem\u201d v\u00e9gk\u00e9pp nem, hiszen Fellinger K\u00e1roly a maga hatvan \u00e9v\u00e9vel t\u00f6bb\u00fcnkh\u00f6z k\u00e9pest tacsk\u00f3korban van, s ha k\u00f6nyvei sz\u00e1m\u00e1n-sor\u00e1n v\u00e9gig tekintek, azt gondolom, ezt \u00fajabb m\u0171vekkel bizony\u00edtani is fogja. De most maradjunk m\u00e9g ama \u00fcnnepi kiadv\u00e1nyn\u00e1l, melyet volt szerencs\u00e9m szerkeszteni s \u00edgy volt alkalmam belem\u00e9lyedni kiss\u00e9 eddigi \u00e9letm\u0171ve r\u00e9tegeibe. \u00c1m, miel\u0151tt err\u0151l besz\u00e9ln\u00e9k, sz\u00f3lnom kell egy\u00e9b dologr\u00f3l is. Nevezetesen arr\u00f3l \u2013 valahogy \u00fagy akartam elkezdeni, amit a Shakespeare-monol\u00f3g fel\u00fct\u00e9s\u00e9vel m\u00e1r jeleztem, hogy \u2013 eln\u00e9z\u00e9st, hogy a csapos k\u00f6zbesz\u00f3l. Hogy beleelegyedik a Kehely t\u00f6rzsvend\u00e9geinek bels\u0151 diskurzusaiba. Hogy valamif\u00e9le \u201eautsz\u00e1jderk\u00e9nt\u201d felbukkantam itt kv\u00e1zi m\u00e1sf\u00e9l \u00e9ve, nem \u00e9pp f\u00f6ldik\u00e9nt, \u2013 de \u00f6r\u00f6mmel j\u00f6ttem. Mi t\u00f6bb, kiss\u00e9 sz\u00e9gyenkezve. Nos, ez lenne az els\u0151, amit \u00e9rinteni szeretn\u00e9k most.<\/p>\n\n\n\n<p>El\u0151sz\u00f6r is pontos\u00edtva kiss\u00e9 az im\u00e9ntieket \u2013 az\u00e9rt k\u00f6zel f\u00e9l \u00e9vsz\u00e1zad az f\u00e9l \u00e9vsz\u00e1zad. \u00dagy nagyj\u00e1b\u00f3l annyi ideje \u00e9rtem \u00e9s tudom azt, hogy nyelvi szerkezet\u00e9ben mit jelent a csehszlov\u00e1kiai magyar irodalom nyakatekert&nbsp; kifejez\u00e9se, s\u0151t, m\u00e9g a F\u00e9rfikorb\u00f3l is id\u00e9zn\u00e9k \u2013 korabeli kedvenc versemb\u0151l &#8211; n\u00e9h\u00e1ny sort, ha itt lenne T\u0151zs\u00e9r \u00c1rp\u00e1d \u2013 valahol azt olvastam ugyanis, hogy \u00fagy van vele, mint Darvas Iv\u00e1n volt a Liliomfivel; unta, hogy mindig azt emlegett\u00e9k; s \u00edrt az\u00e9rt \u0151 m\u00e1st is, dohogott valahogy \u00edgy T\u0151zs\u00e9r is, ha j\u00f3l eml\u00e9kszem. Nos, f\u00e9l \u00e9vsz\u00e1zad, mondtam, s bizony, annyi. De m\u00e9g negyven sem telt el abb\u00f3l, amikor r\u00e9szemr\u0151l m\u00e1r sokakkal szem\u00e9lyes ismerets\u00e9g, bar\u00e1ts\u00e1g sz\u00f6v\u0151d\u00f6tt; volt, akivel \u2013 akikkel &#8211; szerkeszt\u0151jek\u00e9nt dolgozhattam, m\u00e1sokkal k\u00f6z\u00f6s szerkeszt\u0151s\u00e9gben, gyarapodott teh\u00e1t az ismeret, de mostan\u00e1ban d\u00f6bbentem r\u00e1 valami nagyon fontosra: arra, hogy akkoriban, sok \u00e9vtizeddel ezel\u0151tt a k\u00f6nyvh\u00e9ten az \u00fagymond hat\u00e1ron t\u00fali magyar kiad\u00f3k pavilonjain\u00e1l rakodtunk fel k\u00e9t-h\u00e1rom szatyornyi k\u00f6nyvet. Ha azt akartuk, hogy k\u00e9pben legy\u00fcnk a friss megjelen\u00e9sek ter\u00e9n. \u00c9s l\u00e1ss csod\u00e1t, sz\u00f3l bel\u0151lem az ir\u00f3nia, ez ma is ugyan\u00edgy van. \u00c9v k\u00f6zben egy k\u00f6nyvesboltba bet\u00e9rve messze nem l\u00e1tom viszont azt a manifeszt\u00e1l\u00f3dott teljes\u00edtm\u00e9nyt, azt a kitereb\u00e9lyesedett \u00e9letm\u0171vet, amit oly sokan \u2013 \u00edgy Fellinger is \u2013 megteremtett, l\u00e9trehozott. Ezt, amit mondok, senki ne \u00e9rtse f\u00e9lre, nem menteget\u0151z\u00e9s akar lenni; am\u00edg sodor benn\u00fcnket a munka, tudjuk, \u201eF\u00e9rfikor, \u00edgy j\u00f6jj, \/ vigy\u00e1zlak, v\u00e1rlak\u201d (r\u00e9szlet egy T\u0151zs\u00e9r-versb\u0151l, ha valaki nem ismern\u00e9), addig v\u00e9szesen kev\u00e9s az id\u0151, s ha m\u00e1r nyuggerk\u00e9nt ballagunk a k\u00f6nyvheti s\u00e1trak k\u00f6zel\u00e9be, addigra a k\u00f6nyvre k\u00f6lthet\u0151 p\u00e9nz fogy el v\u00e9szesen. &nbsp;<\/p>\n\n\n\n<p>F\u00e9lig-meddig tr\u00e9f\u00e1ra vettem, de nagyon komoly dolog ez. A kort\u00e1rs magyar sz\u00e9pirodalom egyes r\u00e9szei ma is csak oly l\u00e1thatatlanok, mint voltak f\u00e9l \u00e9vsz\u00e1zada, a mi \u00e9let\u00fcnkben s voltak m\u00e1r figyelmeztet\u00e9sek Ady r\u00f6pirataiban is \u2013 err\u0151l. A magukra hagyott v\u00e9gekr\u0151l. E p\u00e9ld\u00e1val, amit tov\u00e1bb nem is ragozn\u00e9k, \u00e9pp csak sz\u0151rment\u00e9n arra pr\u00f3b\u00e1ltam utalni: \u00e9rdekes, izgalmas, sz\u00e9p az a diskurzus, hogy egyetemes magyar irodalom, hogy ott lenni a nagy eg\u00e9szben, a spektrum eg\u00e9sz\u00e9ben lenni jelen s jelen lenni, \u00e1ltal\u00e1ban, nem csak \u00e1tabot\u00e1ban; de az olvas\u00f3k, azt gondolom, itt vannak. Szerdahelyen, Somorj\u00e1n, Jok\u00e1n. S bizony, izgalmas \u00edr\u00e1sokkal tal\u00e1lkozhatnak nap mint nap \u2013 ez\u00e9rt, azt gondolom, nem eg\u00e9szen helyt\u00e1ll\u00f3 p\u00e9ld\u00e1ul L. Simon L\u00e1szl\u00f3 azon mondata egy interj\u00faban, m\u00e9g aktu\u00e1lis kult\u00farpolitikusk\u00e9nt nyilatkozva, hogy \u201eA lokalit\u00e1soknak nagyon komoly a jelent\u0151s\u00e9g\u00fck, vannak, amik lok\u00e1lisan hatnak, fontosak \u00e9s&nbsp; \u00e9rv\u00e9nyesek, de nincs olyan nagy hat\u00e1suk az \u00f6ssznemzeti kult\u00far\u00e1ban. Szerintem ez nem baj, hogy \u00edgy van.\u201d Mondta \u0151, s \u00e9n azt mondom, hogy szerintem ez baj.&nbsp;<\/p>\n\n\n\n<p>Mert amikor \u00e1tfog\u00f3an megismerked\u00fcnk p\u00e9ld\u00e1ul Fellinger K\u00e1roly verseivel, akkor arra kell r\u00e1d\u00f6bbenn\u00fcnk: mindent elmond arr\u00f3l az \u00f6ssznemzeti kult\u00far\u00e1r\u00f3l, annak majd minden szempontb\u00f3l n\u00e9zve pusztul\u00e1s\u00e1r\u00f3l, roml\u00e1s\u00e1r\u00f3l, fogy\u00e1s\u00e1r\u00f3l, identit\u00e1s-k\u00e9pz\u00e9si \u00e9rt\u00e9keinek cs\u00f6kken\u00e9s\u00e9r\u0151l, egy\u00e1ltal\u00e1n: identit\u00e1s-ered\u0151inek egyre nagyobb hi\u00e1nyair\u00f3l, amir\u0151l az \u00fagymond \u00f6ssznemzeti a maga purparl\u00e9iban, kulturkampfjaiban, id\u0151nk\u00e9nt sz\u00e1nalmasan piti morzsahadj\u00e1rataiban rendre megfeledkezik. Mondhatn\u00e1m, hogy felel\u0151ss\u00e9g, lelkiismeret, szolg\u00e1lat, \u00e9s sok ilyesmi elk\u00f6telezetts\u00e9g-elk\u00f6telez\u0151d\u00e9s vezeti toll\u00e1t, ir\u00e1ny\u00edtja megfigyel\u00e9seit, de nem mondom, mert nem lenne igaz. Sz\u00e1m\u00e1ra a vers enn\u00e9l t\u00f6bb \u00e9s term\u00e9szetesebb &#8211; a l\u00e9tez\u00e9s alapfelt\u00e9tele. Mik\u00e9nt Hamvas \u00edrta a k\u00f6lt\u0151el\u0151dr\u0151l: Tak\u00e1ts Gyula \u201eaz a k\u00f6lt\u0151, aki, ha reggel a kis h\u00e1z ajtaj\u00e1n kil\u00e9p, a jegeny\u00e9kre feln\u00e9z, az m\u00e1r k\u00f6lt\u00e9szet.\u201d E p\u00e9lda nyom\u00e1n kijelenthetj\u00fck: Fellinger teljes \u00e9letm\u0171ve harmincegymilli\u00f3 \u00f6tsz\u00e1z\u00f6tvenhatezer kilencsz\u00e1z\u00f6tvenk\u00e9t vers, de p\u00e1r napja enn\u00e9l m\u00e1r egy kicsit t\u00f6bb, mert nagyj\u00e1b\u00f3l ennyi percet \u2013 hatvan \u00e9vet s n\u00e9h\u00e1ny napot &#8211; t\u00f6lt\u00f6tt eddig a l\u00e9tez\u00e9s vizsg\u00e1lat\u00e1val. S ne mondj\u00e1k, hogy k\u00f6zben az\u00e9rt aludt is \u2013 az elme mindig \u00e9ber. A test alszik, de az agyhull\u00e1mok l\u00e1zasan sz\u00e1ll\u00edtj\u00e1k az \u00e1lmokat. A verseket. Amelyek sz\u00e1m\u00e1t meglehet, rosszul is mondtam. Mert \u2013 kerek\u00edtve \u2013 eddig nagyj\u00e1b\u00f3l \u00f6tsz\u00e1z\u00f6t milli\u00f3szor vett l\u00e9legzetet \u2013 versei sz\u00e1ma teh\u00e1t nagyj\u00e1b\u00f3l \u00f6tsz\u00e1z\u00f6t milli\u00f3. Fokozzam? \u00dagy nagyj\u00e1b\u00f3l k\u00e9t \u00e9s f\u00e9lmilli\u00e1rd sz\u00edvver\u00e9st \u00e9lt meg. A tan\u00fas\u00e1gt\u00e9tel\u00e9rt. A l\u00e9tez\u00e9s\u00e9rt. Az otthonr\u00f3l, a haz\u00e1r\u00f3l sz\u00f3l\u00f3 h\u00edrad\u00e1s\u00e9rt. Tal\u00e1n t\u00falz\u00e1snak \u00e9rzik most e magasztos szavakat, a p\u00e1toszt, de higgy\u00e9k el: ez\u00e9rt s err\u0151l sz\u00f3l valamennyi verse.&nbsp;<\/p>\n\n\n\n<p>Err\u0151l b\u0151vebben a k\u00f6tet el\u0151szav\u00e1ban m\u00e1r besz\u00e9ltem, ez\u00e9rt nem t\u00e9rtem ki r\u00e1 itt r\u00e9szletesebben \u2013 de van valami, amit az id\u0151 m\u00fal\u00e1sa ellen\u00e9re is el szeretn\u00e9k mondani. A Fellinger-titokr\u00f3l. Mi is az, ami sz\u00e1momra \u00e9rdekess\u00e9, k\u00fcl\u00f6nlegess\u00e9 tette ezt a po\u00e9zist? Az, amit a megism\u00e9telhetetlen tagad\u00e1s\u00e1nak nevezn\u00e9k; a t\u00e9tel, hogy nem l\u00e9phetsz k\u00e9tszer ugyanabba a foly\u00f3ba, c\u00e1fol\u00e1sa. Ugyanakkor ez a t\u00f6rekv\u00e9s kudarcra van \u00edt\u00e9lve, eg\u00e9szen pontosan az \u00e9n t\u00f6rekv\u00e9sem ezen \u00e9rtelmez\u00e9sre, mert hisz minden egyszeri \u00e9s megism\u00e9telhetetlen, s a hull\u00e1mok is eg\u00e9szen m\u00e1st hordanak a h\u00e1tukon, mint a kor\u00e1bbiak; persze, a t\u00f6rt\u00e9nelem szennyese mindig ugyanolyan, de csak a k\u00f6z\u00f6ny s k\u00f6z\u00f6mb\u00f6ss\u00e9g l\u00e1tja ezt \u00edgy. Ez a kett\u0151ss\u00e9g, amit hosszan kellene \u00e9rtelmeznem, ez jellemzi ezt a k\u00f6lt\u00e9szetet; egyszerre van benne a v\u00e1ltoz\u00e1s, az elm\u00fal\u00e1s, mint mikor valaki nyolc-t\u00edz fotogr\u00e1fi\u00e1t k\u00e9sz\u00edt egy adott sz\u00f6gb\u0151l, egy k\u00e9pre f\u00f3kusz\u00e1lva; mint N\u00e1das a k\u00f6rtef\u00e1ra; de ez a Fellinger-sorozat mind id\u0151ben, mind napszakban t\u00e1vol egym\u00e1st\u00f3l k\u00e9sz\u00fcl. S azonnal l\u00e9trej\u00f6n \u00e1ltaluk a megism\u00e9telhetetlen tagad\u00e1sa, hiszen l\u00e1tsz\u00f3lag semmi sem v\u00e1ltozik a l\u00e9nyegb\u0151l, s ugyanakkor megval\u00f3sul a megism\u00e9telhetetlen l\u00e9nyege: az id\u0151 maga m\u00e1r hi\u00e1nyzik a k\u00f6vetkez\u0151 k\u00e9pr\u0151l. Mert az id\u0151 nem k\u00f6veti a k\u00e9pet \u2013 ahogyan az \u00e9let sem k\u00f6veti az id\u0151t. Mindig \u00fajat akar abb\u00f3l l\u00e9trehozni \u2013 \u00f6nmaga m\u00faltj\u00e1t\u00f3l egyre t\u00e1volabbra ker\u00fclve. S az egyetlen, ami-aki err\u0151l nem vesz tudom\u00e1st: a k\u00f6lt\u00e9szet. Mert \u2013 igen, Hamvassal z\u00e1rom e gondolatmenetet &#8211; \u201eK\u00f6lt\u0151nek lenni annyi, mint v\u00e1llalni az \u00f6sszes elhagyott \u00e9s feladott emberi m\u00e9lt\u00f3s\u00e1gok jelk\u00e9p\u00e9nek \u0151rz\u00e9s\u00e9t\u201d.<\/p>\n\n\n\n<p>S akkor v\u00e9gre a titok egyik megjelen\u00e9s\u00e9r\u0151l. Id\u00e9zek egy Fellinger-verset: \u201eA k\u00e9p sr\u00e9gen van a falon, \/ rajta Szent J\u00f3zsef \/ \u00e9s csal\u00e1dja. \/\/ Ha megigaz\u00edtan\u00e1m, \/ v\u00edzm\u00e9rt\u00e9kbe tenn\u00e9m a k\u00e9pet, \/ f\u00e9lek, hogy a fejsze \/ kiesne a csal\u00e1df\u0151 tenyer\u00e9b\u0151l.\u201d (Hit). \u00cdme, a k\u00e9p, a pillanat, amikor a k\u00f6lt\u0151 tekintete elid\u0151z valami szokv\u00e1nyos helyzeten; ki nem l\u00e1tott m\u00e9g ferde k\u00e9pet a falon, ki nem akarta g\u00e9piesen megigaz\u00edtani azt; de m\u00e1r itt a szavak m\u00f6g\u00f6ttes jelent\u00e9s\u00e9ben kirajzol\u00f3dik valami nagyon fontos a hit megroppan\u00e1s\u00e1r\u00f3l, d\u00edszlett\u00e9 v\u00e1l\u00e1s\u00e1r\u00f3l, valami elm\u00fal\u00f3 \u00e1llapotr\u00f3l; amin tal\u00e1n seg\u00edthet egy \u00faj \u00fajra-evangeliz\u00e1ci\u00f3, de h\u00e1t veselkedj\u00fcnk neki \u00fajra? \u00c9s \u00fajra? Tal\u00e1lunk-e tizenk\u00e9t apostolt? Oldalp\u00e1ron, a szemk\u00f6zti oldalon ott a vers idej\u00e9nek \u00fajabb fel- s elt\u0171n\u00e9se, Sr\u00e9g, olvassuk a c\u00edmet, s a k\u00e9t vers k\u00f6z\u00f6tt, k\u00f6z\u00e9pre z\u00e1rva ott a l\u00e1thatatlan id\u0151 \u2013 a megfoghatatlan t\u00e9r; a hit s az elfordul\u00e1s senkif\u00f6ldje; a l\u00e1thatatlan mert bevallatlan t\u00f6rt\u00e9net arr\u00f3l, amikor \u201eelmozdult a szentk\u00e9p\u201d.&nbsp;<\/p>\n\n\n\n<p>H\u00f6lgyek, Urak, szerz\u0151k \u00e9s szeri\u0151z\u00f6k, bar\u00e1taim, r\u00f3maiak. Pardon \u2013 szerdahelyiek. \u00c9s felvid\u00e9kiek. \u00c9s \u00f6ssznemzetiek. \u00c9s egyediek \u00e9s egyetemesek. Pillantsunk csak vissza arra a k\u00e9pre. A ferde k\u00e9pre \u2013 s t\u0171n\u0151dj\u00fcnk, hogy ferde-e? Mert lehet, hogy a hit, a tan\u00edt\u00e1s bels\u0151 m\u00e9rc\u00e9je &#8211; a l\u00e9lek v\u00edzm\u00e9rt\u00e9ke &#8211; \u00e1ll\u00edtotta azt egyenesre, hogy a fejsze m\u00e9g ne essen ki a k\u00e9zb\u0151l s hogy m\u00e9g megsz\u00fclethessen a vers. A mi \u00fcdv\u00f6ss\u00e9g\u00fcnk\u00e9rt. De addig is most siet\u0151sen koccintsunk, mert kih\u0171l a leves\u2026 Eg\u00e9szs\u00e9gedre, K\u00e1roly.<\/p>\n\n\n\n<p><em>Tam\u00e1si Orosz J\u00e1nos<\/em><\/p>\n\n\n\n<p>\u00a0Elhangzott 2023. november 24-\u00e9n, Fellinger K\u00e1roly k\u00f6sz\u00f6nt\u0151j\u00e9n<\/p>\n","protected":false},"excerpt":{"rendered":"<p>K\u00f6sz\u00f6nt\u0151: Fellinger K\u00e1roly \u201960 H\u00f6lgyek, Urak, szerz\u0151k \u00e9s szeri\u0151z\u00f6k, bar\u00e1taim, r\u00f3maiak. Pardon \u2013 szerdahelyiek. \u00c9s Felvid\u00e9kiek. \u00cdgy m\u00e1ris nem stimmel (vagy h\u00e1t nem eg\u00e9szen) a folytat\u00e1s \u2013 a \u201ef\u00f6ldieim\u201d. S a \u201etemetni j\u00f6ttem\u201d v\u00e9gk\u00e9pp nem, hiszen Fellinger K\u00e1roly a maga &hellip; <a href=\"https:\/\/opus-folyoirat.sk\/?page_id=4072\">Egy kattint\u00e1s ide a folytat\u00e1shoz&#8230;. <span class=\"meta-nav\">&rarr;<\/span><\/a><\/p>\n","protected":false},"author":4,"featured_media":0,"parent":0,"menu_order":0,"comment_status":"closed","ping_status":"closed","template":"","meta":{"footnotes":""},"class_list":["post-4072","page","type-page","status-publish","hentry"],"_links":{"self":[{"href":"https:\/\/opus-folyoirat.sk\/index.php?rest_route=\/wp\/v2\/pages\/4072","targetHints":{"allow":["GET"]}}],"collection":[{"href":"https:\/\/opus-folyoirat.sk\/index.php?rest_route=\/wp\/v2\/pages"}],"about":[{"href":"https:\/\/opus-folyoirat.sk\/index.php?rest_route=\/wp\/v2\/types\/page"}],"author":[{"embeddable":true,"href":"https:\/\/opus-folyoirat.sk\/index.php?rest_route=\/wp\/v2\/users\/4"}],"replies":[{"embeddable":true,"href":"https:\/\/opus-folyoirat.sk\/index.php?rest_route=%2Fwp%2Fv2%2Fcomments&post=4072"}],"version-history":[{"count":2,"href":"https:\/\/opus-folyoirat.sk\/index.php?rest_route=\/wp\/v2\/pages\/4072\/revisions"}],"predecessor-version":[{"id":4074,"href":"https:\/\/opus-folyoirat.sk\/index.php?rest_route=\/wp\/v2\/pages\/4072\/revisions\/4074"}],"wp:attachment":[{"href":"https:\/\/opus-folyoirat.sk\/index.php?rest_route=%2Fwp%2Fv2%2Fmedia&parent=4072"}],"curies":[{"name":"wp","href":"https:\/\/api.w.org\/{rel}","templated":true}]}}