{"id":4090,"date":"2025-10-07T02:56:00","date_gmt":"2025-10-07T00:56:00","guid":{"rendered":"https:\/\/opus-folyoirat.sk\/?page_id=4090"},"modified":"2026-01-15T02:57:01","modified_gmt":"2026-01-15T00:57:01","slug":"vagyaikbol-hegyezett-meseceruzaikkal","status":"publish","type":"page","link":"https:\/\/opus-folyoirat.sk\/?page_id=4090","title":{"rendered":"\u201e\u2026v\u00e1gyaikb\u00f3l hegyezett meseceruz\u00e1ikkal\u2026\u201d"},"content":{"rendered":"\n<p>Bekezd\u00e9sek Ravasz J\u00f3zsefr\u0151l 1<\/p>\n\n\n<div class=\"has-text-align-right wp-block-post-date\"><time datetime=\"2025-10-07T02:56:00+02:00\">2025-10-07<\/time><\/div>\n\n\n<p>Meglehet, komolynak t\u0171nik majd e n\u00e9h\u00e1ny bevezet\u0151 mondat, \u00e1m azt gondolom: j\u00f3, ha valamire minden esetben felh\u00edvjuk a figyelmet. Nevezetesen arra, hogy sokan gondolj\u00e1k \u00fagy: gyerekverset \u00edrni nagyon k\u00f6nny\u0171, hiszen j\u00e1t\u00e9kosnak, sz\u00e9pnek, k\u00f6nny\u0171 ritmus\u00fanak, \u201ef\u00fclbem\u00e1sz\u00f3\u201d r\u00edmekt\u0151l cseng\u0151-bong\u00f3nak kell lennie. M\u00e1sok tudj\u00e1k, hogy \u00e9pp ezt nagyon neh\u00e9z sok\u00e1ig szerethet\u0151v\u00e9, maradand\u00f3v\u00e1, egym\u00e1st k\u00f6vet\u0151 gener\u00e1ci\u00f3kra hat\u00f3v\u00e1 tenni. Mert az ut\u00f3bbi a val\u00f3di titok; csak az a gyerekvers v\u00e1lhat ilyenn\u00e9, amely mintha a gyermek gondolataib\u00f3l fakadna, az \u0151 t\u0171n\u0151d\u00e9seit, \u00e1lomk\u00e9peit, \u00e9lete k\u00eds\u00e9r\u0151 jelens\u00e9geinek fokozatos felismer\u00e9s\u00e9t k\u00e9pezn\u00e9 le, fogalmazn\u00e1 meg, tenn\u00e9 \u00e9rthet\u0151bb\u00e9 sz\u00e1m\u00e1ra. Persze, nagy tisztelet illeti a \u2013 nagyon nagy vonalakban itt \u00e1ltalam k\u00e9t csoportba sorolt \u2013 k\u00f6nny\u0171, ritmusos mond\u00f3k\u00e1k \u00e9s kisz\u00e1mol\u00f3k hangv\u00e9tel\u00e9t id\u00e9zi versek szerz\u0151it is, a k\u00fcl\u00f6nbs\u00e9g, amire utaltam, nem min\u0151s\u00e9gi, hanem a gondolatis\u00e1g m\u00e9lys\u00e9g\u00e9ben keresend\u0151.<\/p>\n\n\n\n<p>Ravasz J\u00f3zsef gyerekverseit \u00e9n ez ut\u00f3bbi csoportba sorolom m\u00e1r r\u00e9g\u00f3ta, s az itt olvashat\u00f3 versek m\u00e9g jobban meger\u0151s\u00edtik ezt a gondolatomat. El\u00e9g, ha szem\u00fcnk csak belefut a tal\u00e1lomra fellapozott oldalra, s elid\u0151z a sorok f\u00f6l\u00f6tt, p\u00e9ld\u00e1ul itt: \u201eA vil\u00e1g ablak\u00e1n \/ v\u00e1gyaikat a cig\u00e1ny \/ gyerekek a lehelet\u00fckbe rajzolj\u00e1k. \/ K\u00e9pzelet\u00fck \u00f6r\u00f6k.\u201d, m\u00e1ris kirajzol\u00f3dik el\u0151tt\u00fcnk e versek l\u00e9gk\u00f6re, a pillanatnyi megtorpan\u00e1s, a gyermeki tekintet l\u00e1tv\u00e1ny\u00e9rtelmez\u00e9se, val\u00f3s\u00e1gszublim\u00e1l\u00e1sa, s ha tov\u00e1bb l\u00e9p szem\u00fcnk, erre, hogy \u201eFelh\u0151kez\u0171 cig\u00e1ny gyerekek \/ tartj\u00e1k r\u00f6pt\u00fckben \/ a tarkar\u00e9t\u0171 meseorsz\u00e1got. \/ Cs\u00e1b\u00edt\u00f3 sz\u00ednekbe t\u00e9ved a Nap.\u201d, akkor nyilv\u00e1nval\u00f3 a k\u00f6lt\u0151t vezet\u0151-ihlet\u0151 forr\u00e1s \u2013 a gyermeki l\u00e9t utaz\u00e1s\u00e1nak, l\u00e9p\u00e9seinek nagyon m\u00e9ly, nagyon bens\u0151s\u00e9ges \u00e9rt\u00e9se, meghall\u00e1sa. Hiszen m\u00e1r \u2013 s ennek figyelmen k\u00edv\u00fcl hagy\u00e1sa nagyon sok sietve \u00e9l\u0151 sz\u00fcl\u0151 hib\u00e1ja \u2013 az ak\u00e1r egy-k\u00e9t \u00e9ves gyermek is \u00f6sszef\u00fcgg\u00e9seket keres a t\u00e1rgyak, az emberi gesztusok, a sz\u00ednek k\u00f6z\u00f6tt; elmes\u00e9li azokat \u00f6nmag\u00e1nak, m\u00e9g nem is vont\u00e1k be a szerepj\u00e1t\u00e9kok b\u00f6lcsis-ovis vil\u00e1g\u00e1ba, amikor \u0151 m\u00e1r j\u00e1t\u00e9kot form\u00e1l a t\u00e1rgy \u00e9s saj\u00e1t maga k\u00f6z\u00e9, hidat \u00e9p\u00edt az \u00e9rtelmez\u00e9shez; ez\u00e9rt igaz a k\u00f6zismert mondat is, hogy nem kell ezernyi cifra j\u00e1t\u00e9k, a gyerek egy cip\u0151sdobozzal is elvan, ha akarja, haj\u00f3t \u00e9p\u00edt abb\u00f3l, m\u00e1skor v\u00e1rat \u2013 csak a fakanalat, anyuka, ne vegy\u00fck vissza t\u0151le. Mert az m\u00e1r vagy \u00e1rb\u00f3c, vagy \u00e1gy\u00facs\u0151\u2026<\/p>\n\n\n\n<p>Ravasz J\u00f3zsef versei, persze, m\u00e1r egy k\u00e9s\u0151bbi gyermekkor k\u00e9peit r\u00f6gz\u00edti, \u00f6r\u00f6k\u00edti meg. Amikor a gyermek m\u00e1r szinte kiskamasz, vagy el\u00e9rte ezt a hat\u00e1rt; m\u00e1r tudatosan \u201etal\u00e1lja ki\u201d a percek \u00fczeneteit, vegy\u00edti az \u00e1lmot a val\u00f3s\u00e1ggal, \u201emostan sz\u00ednes tint\u00e1kr\u00f3l \u00e1lmodom\u201d, hessent el mindenkit maga mell\u0151l, s elm\u00e9ly\u00fclten hajol a pap\u00edrlap f\u00f6l\u00e9. Mert nagy dolgok k\u00e9sz\u00fclnek azon \u2013 \u00e1lom \u00e9s \u00e1lmosk\u00f6nyv egyszerre. A gyermekkor suhan\u00f3 lenyomatai, amir\u0151l m\u00e9g \u0151 sem tudja, tal\u00e1n \u00e9pp \u0151 a legkev\u00e9sb\u00e9, hogy ez a pillanat \u00f6r\u00f6kk\u00e9 vele s benne marad majd. Hiszen az \u00e9let egyszerre rossz \u00e9s j\u00f3 boszork\u00e1ny; abban a pillanatban t\u00fcnd\u00e9rek \u00e9lnek, s \u0151k \u00f6r\u00f6kk\u00e9 ott maradnak majd, eml\u00e9kk\u00e9pk\u00e9nt, c\u00e9lk\u00e9nt, eszk\u00f6zk\u00e9nt \u00e9s lehet\u0151s\u00e9gk\u00e9nt. Ha a gonosz boszik j\u00f6nnek, akkor az \u00e1lmok fegyverzik le \u0151ket, s ha a j\u00f3k, akkor az nem m\u00e1s, mint a megval\u00f3sult \u00e1lmok csod\u00e1ja.<\/p>\n\n\n\n<p>Rajzokr\u00f3l besz\u00e9lek, nem csak \u00e1tvitt \u00e9rtelemben, nem csup\u00e1n aff\u00e9le metaforak\u00e9nt; b\u00e1r lehetne \u00e9pp \u00edgy is, hiszen el\u00e9g egyetlen \u201em\u00f3dszertani\u201d elj\u00e1r\u00e1sra utalni: gyakori, hogy egy-egy traumatikus \u00e9lm\u00e9nyt a gyermek k\u00e9ptelen szavakba \u00f6nteni, ez\u00e9rt arra k\u00e9rik, rajzolja le, mes\u00e9lje el annak figur\u00e1ival; de h\u00e1t most messze nem err\u0151l besz\u00e9lek, hanem a gyermek spont\u00e1n, \u00f6r\u00f6mteli pillanatair\u00f3l \u2013 amikor \u00e1lmait, eml\u00e9keit, v\u00e1gyait rajzolja le, sz\u00ednezi ki, vet\u00edti annak rajzfilmj\u00e9t a feh\u00e9r pap\u00edrra. Ahogyan e k\u00f6tetben l\u00e1tjuk, hiszen Ravasz J\u00f3zsef versei gyermekrajzokkal olvadnak \u00f6ssze, \u00f6lelkeznek egym\u00e1shoz, s ki tudja m\u00e1r, melyik ihlette a m\u00e1sikat? Az alkot\u00f3 tudja, persze, de nem kell el\u00e1rulnia, hiszen verseit olvasva az\u00e9rt bel\u00e9nk b\u00fajik a kis\u00f6rd\u00f6g, meglehet, itt-ott bele\u00edrt \u0151, \u00e1tjav\u00edtott valamicsk\u00e9t a sorokon, mert k\u00f6nnyen kider\u00fclhet \u2013 valamely ifj\u00fa m\u0171v\u00e9sz m\u00e9g n\u00e1la is er\u0151sebbet \u00e1lmodott. Vagy \u00e9pp az \u00faj rajzon kereszt\u00fcl a hetvenhat \u00e9ves k\u00f6lt\u0151 azon s att\u00f3l d\u00f6bbent meg: ez a k\u00e9p itt ugyanaz az udvar, ugyanaz a p\u00e9r\u00f3, ahol valaha r\u00e9g \u0151 is, \u0151k is ugyanezt tett\u00e9k, n\u00e9zd, a \u201ecig\u00e1ny gyerekek \/ most is s\u00e1rba \/ rajzolj\u00e1k mad\u00e1rm\u00e1saikat.\u201d, h\u00f6kken r\u00e1 a k\u00e9pre, s form\u00e1l\u00f3dik a vers: \u201eA cig\u00e1ny gyerekek meseh\u00e1zik\u00f3nak \/ k\u00e9pzelik a gyermeknapot, s v\u00e1gyaik \/ szeretet-t\u00e9gl\u00e1ib\u00f3l \u00e9gig \u00e9p\u00edtik. \/ S\u00fcr\u00f6g-forog a rajk\u00f3k hada, \/ vadvir\u00e1got, mad\u00e1rdalt gy\u0171jtenek \/ szertelen, s g\u00fazsba k\u00f6tik a nyarat.\u201d<\/p>\n\n\n\n<p>De van m\u00e9g valami, amit felt\u00e9tlen\u00fcl ki kell emeln\u00fcnk Ravasz J\u00f3zsef itt olvashat\u00f3 verseinek er\u00e9nyei k\u00f6z\u00fcl: az a bels\u0151 ihletetts\u00e9g, amely egy\u00fctt l\u00e9legzik ugyan a r\u00e9szben emp\u00e1ti\u00e1val, r\u00e9szben \u00fajra-\u00e1t\u00e9l\u00e9ssel megkompon\u00e1lt versk\u00e9pekkel, ugyanakkor nem hagyja el a k\u00f6lt\u00e9szet tartom\u00e1ny\u00e1t; az \u00e1ltala itt felvonultatott versremekek kiv\u00e1l\u00f3ak arra is, hogy az ifj\u00fa olvas\u00f3t k\u00f6zelebb hozz\u00e1k a k\u00f6lt\u00e9szet meg\u00e9rt\u00e9s\u00e9hez, a po\u00e9zis \u00e9rtelmez\u00e9s\u00e9hez. \u00cdzig-v\u00e9rig a kort\u00e1rs k\u00f6lt\u00e9szet modern eszk\u00f6zeivel dolgozik, elbesz\u00e9l\u0151-elmes\u00e9l\u0151 sorai nagyon k\u00f6nnyen befogadhat\u00f3ak, \u00fagy k\u00f6lt\u0151iek, hogy nem alkalmaz paradoxonokat, alleg\u00f3ri\u00e1kat vagy \u00e9pp bonyolultabb szimb\u00f3lumokat. Nyelvezet\u00e9t ugyanakkor nem egyszer\u0171s\u00edti le, de csak annyival s annyira teremti meg abban a k\u00f6lt\u0151i harm\u00f3ni\u00e1t, amennyit a k\u00e9pek ig\u00e9nyelnek. Mert a versharm\u00f3ni\u00e1t a k\u00e9pekkel egy\u00fctt kell l\u00e9trehoznia, ezt tudja; ugyanakkor, visszat\u00e9rve a gondolat elej\u00e9re: ez az elbesz\u00e9l\u0151 verspr\u00f3za az olvas\u00f3t a feln\u0151tteknek sz\u00f3l\u00f3 kort\u00e1rs k\u00f6lt\u00e9szet befogad\u00e1s\u00e1hoz is hozz\u00e1seg\u00edtik. Ennek hangs\u00falyoz\u00e1s\u00e1hoz k\u00fcl\u00f6n is ki kell emelnem a k\u00f6tetben szerepl\u0151 haikukat, melyek a magyar k\u00f6lt\u00e9szet teljess\u00e9g\u00e9ben is imm\u00e1r k\u00fcl\u00f6n fejezetet k\u00e9peznek, gazdag\u00edtva annak \u00e9rt\u00e9keit. Ugyanakkor mindeddig alig n\u00e9h\u00e1nyan (ennek magam k\u00eds\u00e9rletei kapcs\u00e1n n\u00e9ztem ut\u00e1na) gondoltak arra s val\u00f3s\u00edtott\u00e1k meg azt, ami pedig k\u00e9zenfekv\u0151: hogy gyerekversk\u00e9nt \u00edrjanak haikut. Pedig ezt a versform\u00e1t szinte m\u00e1r a gyermekl\u00e9t kezdet\u00e9n tetten \u00e9rhetj\u00fck; a gyermek, k\u00e9pet k\u00e9ppel, gesztust gesztussal \u00f6sszek\u00f6tve szinte mintha haikuban-haikuval \u00e9rtelmezn\u00e9 a t\u00f6rt\u00e9n\u00e9st. El\u00e9g r\u00e1juk pillantanunk: \u201eR\u00fcgyfakad\u00e1s a \/ cig\u00e1nygyerekek szeme \/ az \u00e9bred\u00e9sben.\u201d El\u00e9g, ha kiolvassuk tekintet\u00fckb\u0151l a vihart b\u00e1mul\u00f3 gy\u00f6ny\u00f6rk\u00f6d\u00e9st: \u201eVill\u00e1mlik az \u00e9g, \/ aranygy\u00f6kerek futnak \/ szertesz\u00e9t &#8211; csoda!\u201d<\/p>\n\n\n\n<p>Sz\u00e9p, felemel\u0151, amolyan \u00fcnnepl\u0151s k\u00f6nyv ez. De csak annyira, ahogyan az \u00e9let minden pillanata az; ha olyan sz\u00e9pen \u00e9l\u00fcnk, mint amilyen sz\u00e9pek e rajzok s amilyen \u00e1h\u00edtattal \u00e9rtelmezte s adja \u00e1t nek\u00fcnk Ravasz J\u00f3zsef azokat, akkor meg\u00e9rtj\u00fck: minden pillanat, az \u00e9let minden l\u00e9legzetv\u00e9tele \u00fcnnep lesz s marad.<\/p>\n\n\n\n<p><em>Tam\u00e1si Orosz J\u00e1nos<\/em><\/p>\n","protected":false},"excerpt":{"rendered":"<p>Bekezd\u00e9sek Ravasz J\u00f3zsefr\u0151l 1 Meglehet, komolynak t\u0171nik majd e n\u00e9h\u00e1ny bevezet\u0151 mondat, \u00e1m azt gondolom: j\u00f3, ha valamire minden esetben felh\u00edvjuk a figyelmet. Nevezetesen arra, hogy sokan gondolj\u00e1k \u00fagy: gyerekverset \u00edrni nagyon k\u00f6nny\u0171, hiszen j\u00e1t\u00e9kosnak, sz\u00e9pnek, k\u00f6nny\u0171 ritmus\u00fanak, \u201ef\u00fclbem\u00e1sz\u00f3\u201d r\u00edmekt\u0151l &hellip; <a href=\"https:\/\/opus-folyoirat.sk\/?page_id=4090\">Egy kattint\u00e1s ide a folytat\u00e1shoz&#8230;. <span class=\"meta-nav\">&rarr;<\/span><\/a><\/p>\n","protected":false},"author":4,"featured_media":0,"parent":0,"menu_order":0,"comment_status":"closed","ping_status":"closed","template":"","meta":{"footnotes":""},"class_list":["post-4090","page","type-page","status-publish","hentry"],"_links":{"self":[{"href":"https:\/\/opus-folyoirat.sk\/index.php?rest_route=\/wp\/v2\/pages\/4090","targetHints":{"allow":["GET"]}}],"collection":[{"href":"https:\/\/opus-folyoirat.sk\/index.php?rest_route=\/wp\/v2\/pages"}],"about":[{"href":"https:\/\/opus-folyoirat.sk\/index.php?rest_route=\/wp\/v2\/types\/page"}],"author":[{"embeddable":true,"href":"https:\/\/opus-folyoirat.sk\/index.php?rest_route=\/wp\/v2\/users\/4"}],"replies":[{"embeddable":true,"href":"https:\/\/opus-folyoirat.sk\/index.php?rest_route=%2Fwp%2Fv2%2Fcomments&post=4090"}],"version-history":[{"count":1,"href":"https:\/\/opus-folyoirat.sk\/index.php?rest_route=\/wp\/v2\/pages\/4090\/revisions"}],"predecessor-version":[{"id":4091,"href":"https:\/\/opus-folyoirat.sk\/index.php?rest_route=\/wp\/v2\/pages\/4090\/revisions\/4091"}],"wp:attachment":[{"href":"https:\/\/opus-folyoirat.sk\/index.php?rest_route=%2Fwp%2Fv2%2Fmedia&parent=4090"}],"curies":[{"name":"wp","href":"https:\/\/api.w.org\/{rel}","templated":true}]}}