{"id":4133,"date":"2025-12-10T03:37:00","date_gmt":"2025-12-10T01:37:00","guid":{"rendered":"https:\/\/opus-folyoirat.sk\/?page_id=4133"},"modified":"2026-01-22T12:00:36","modified_gmt":"2026-01-22T10:00:36","slug":"balint-erika-2","status":"publish","type":"page","link":"https:\/\/opus-folyoirat.sk\/?page_id=4133","title":{"rendered":"B\u00e1lint Erika:"},"content":{"rendered":"<div class=\"has-text-align-right wp-block-post-date\"><time datetime=\"2025-12-10T03:37:00+02:00\">2025-12-10<\/time><\/div>\n\n\n<p><strong>\u00c1tv\u00e1ltoz\u00e1s<\/strong><\/p>\n\n\n\n<div class=\"wp-block-group is-vertical is-layout-flex wp-container-core-group-is-layout-8cf370e7 wp-block-group-is-layout-flex\">\n<p>Tal\u00e1lnak egy r\u00e9gi selyemruh\u00e1t. A ruh\u00e1sszekr\u00e9nyben, egy dobozban hever. Valamikor t\u00e1ncba vitt\u00e9k. Sz\u00ednh\u00e1zba. Parf\u00fcmillatot, p\u00e1rk\u00e1nyra k\u00f6ny\u00f6kl\u00e9st id\u00e9z. Az \u00f6v gy\u0171r\u00f6tt, a v\u00e1llr\u00e9szen kis reped\u00e9s. M\u00e1s id\u0151ben, m\u00e1s testre szabt\u00e1k.<\/p>\n\n\n\n<p>Felpr\u00f3b\u00e1lj\u00e1k.&nbsp;<\/p>\n\n\n\n<p>\u2013 Neked jobban \u00e1ll \u2013 mondja a l\u00e1ny.<\/p>\n\n\n\n<p>A t\u00fck\u00f6r el\u0151tt forognak. J\u00e1tszanak. Nevetnek.<\/p>\n<\/div>\n\n\n\n<p>*<\/p>\n\n\n\n<div class=\"wp-block-group is-vertical is-layout-flex wp-container-core-group-is-layout-8cf370e7 wp-block-group-is-layout-flex\">\n<p>A fi\u00fa egyre t\u00f6bbsz\u00f6r el\u0151veszi a ruh\u00e1t.&nbsp; A l\u00e1ny seg\u00edt neki, igazgatja a gall\u00e9rt, p\u00faderez.<\/p>\n\n\n\n<p>A fi\u00fa \u00fcgyetlen. Megcs\u00faszik a szemceruza, sz\u00e9tken\u0151dik a r\u00fazs. Azt\u00e1n egyre pontosabb. Mozdulataib\u00f3l elt\u0171nik a t\u00e9tovas\u00e1g. N\u00e9ha elid\u0151zik a tekintete.&nbsp;<\/p>\n\n\n\n<p>A l\u00e1ny m\u00e1r csak figyel.<\/p>\n\n\n\n<p>\u2013 Melyik vagy te? \u2013 k\u00e9rdezi.<\/p>\n<\/div>\n\n\n\n<p>*<\/p>\n\n\n\n<div class=\"wp-block-group is-vertical is-layout-flex wp-container-core-group-is-layout-8cf370e7 wp-block-group-is-layout-flex\">\n<p>Egy napon a fi\u00fa leveszi a l\u00e1ny kez\u00e9r\u0151l a kark\u00f6t\u0151t. Mag\u00e1ra csatolja. Azt\u00e1n le\u00fcl, keresztbe teszi a l\u00e1b\u00e1t.<\/p>\n\n\n\n<p>A l\u00e1ny sok\u00e1ig n\u00e9zi. Nem k\u00e9rdez.<\/p>\n\n\n\n<p>Akkor se, amikor a f\u00fcrd\u0151szob\u00e1ban a t\u00fck\u00f6r alatt tal\u00e1l egy cetlit. Egy nevet \u00edrtak r\u00e1. Nem az \u00f6v\u00e9, de nem is a fi\u00fa\u00e9. Valaki m\u00e1s\u00e9.<\/p>\n\n\n\n<p>A bet\u0171k hat\u00e1rozottak.<\/p>\n<\/div>\n\n\n\n<p>*<\/p>\n\n\n\n<div class=\"wp-block-group is-vertical is-layout-flex wp-container-core-group-is-layout-8cf370e7 wp-block-group-is-layout-flex\">\n<p>Egy napon a selyemruha ott marad a sz\u00e9ken. \u00c1thaj\u00edtva a t\u00e1ml\u00e1n. A fi\u00fa elmegy.<\/p>\n\n\n\n<p>Ny\u00e1r v\u00e9g\u00e9n j\u00f6n vissza. Mell\u00e9n megfesz\u00fcl az \u00faj ruha.<\/p>\n\n\n\n<p>A l\u00e1ny te\u00e1t f\u0151z. K\u00e9t cs\u00e9sze az asztalon. Az egyik r\u00e9gi. A m\u00e1sik \u00faj.&nbsp;<\/p>\n\n\n\n<p>A f\u00fcrd\u0151szob\u00e1ban a borotva mell\u00e9 \u00faj sminkk\u00e9szlet ker\u00fcl. A feh\u00e9rnem\u0171s fi\u00f3kba szivaccsal kit\u00f6m\u00f6tt fekete melltart\u00f3. A szoba leveg\u0151j\u00e9ben zavarba ejt\u0151 illat.<\/p>\n\n\n\n<p>P\u00faderes, meleg, ismeretlen.<\/p>\n<\/div>\n\n\n\n<p>*<\/p>\n\n\n\n<div class=\"wp-block-group is-vertical is-layout-flex wp-container-core-group-is-layout-8cf370e7 wp-block-group-is-layout-flex\">\n<p>A l\u00e1ny nem tudja, hogyan kell most besz\u00e9lni. Hogy mi sz\u00e1m\u00edt szeretetnek. Hogy lehet-e m\u00e9g.<\/p>\n\n\n\n<p>Ha egym\u00e1s mell\u00e9 fekszenek, a test melege m\u00e9g ugyanaz, de a ritmusa m\u00e1s. Mintha m\u00e1shogy l\u00e9legezne. \u00c9s csend van. A l\u00e1ny nem tudja kimondani azt az \u00faj nevet.&nbsp;<\/p>\n\n\n\n<p>Egyre gyakrabban n\u00e9z f\u00e9lre, ha a fi\u00fa a t\u00fck\u00f6r el\u00e9 \u00e1ll.&nbsp;<\/p>\n<\/div>\n\n\n\n<p>*<\/p>\n\n\n\n<div class=\"wp-block-group is-vertical is-layout-flex wp-container-core-group-is-layout-8cf370e7 wp-block-group-is-layout-flex\">\n<p>Egy t\u00e9li este kiveszi a szekr\u00e9nyb\u0151l a kab\u00e1tj\u00e1t.&nbsp;<\/p>\n\n\n\n<p>\u2013 Megy\u00fcnk valahova? \u2013 k\u00e9rdezi a fi\u00fa.&nbsp;<\/p>\n\n\n\n<p>Nem v\u00e1rja meg a v\u00e1laszt. Kab\u00e1tot vesz. Az \u00fajat, azt a piros k\u00e9tsorosat. \u00c1llnak a t\u00fck\u00f6r el\u0151tt, mint r\u00e9gen. Amikor m\u00e9g csak j\u00e1tszottak.&nbsp;<\/p>\n\n\n\n<p>A fi\u00fa nevet.&nbsp;<\/p>\n\n\n\n<p>A l\u00e1ny kil\u00e9p a k\u00e9pb\u0151l.<\/p>\n<\/div>\n","protected":false},"excerpt":{"rendered":"<p>\u00c1tv\u00e1ltoz\u00e1s Tal\u00e1lnak egy r\u00e9gi selyemruh\u00e1t. A ruh\u00e1sszekr\u00e9nyben, egy dobozban hever. Valamikor t\u00e1ncba vitt\u00e9k. Sz\u00ednh\u00e1zba. Parf\u00fcmillatot, p\u00e1rk\u00e1nyra k\u00f6ny\u00f6kl\u00e9st id\u00e9z. Az \u00f6v gy\u0171r\u00f6tt, a v\u00e1llr\u00e9szen kis reped\u00e9s. M\u00e1s id\u0151ben, m\u00e1s testre szabt\u00e1k. Felpr\u00f3b\u00e1lj\u00e1k.&nbsp; \u2013 Neked jobban \u00e1ll \u2013 mondja a l\u00e1ny. A &hellip; <a href=\"https:\/\/opus-folyoirat.sk\/?page_id=4133\">Egy kattint\u00e1s ide a folytat\u00e1shoz&#8230;. <span class=\"meta-nav\">&rarr;<\/span><\/a><\/p>\n","protected":false},"author":4,"featured_media":0,"parent":0,"menu_order":0,"comment_status":"closed","ping_status":"closed","template":"","meta":{"footnotes":""},"class_list":["post-4133","page","type-page","status-publish","hentry"],"_links":{"self":[{"href":"https:\/\/opus-folyoirat.sk\/index.php?rest_route=\/wp\/v2\/pages\/4133","targetHints":{"allow":["GET"]}}],"collection":[{"href":"https:\/\/opus-folyoirat.sk\/index.php?rest_route=\/wp\/v2\/pages"}],"about":[{"href":"https:\/\/opus-folyoirat.sk\/index.php?rest_route=\/wp\/v2\/types\/page"}],"author":[{"embeddable":true,"href":"https:\/\/opus-folyoirat.sk\/index.php?rest_route=\/wp\/v2\/users\/4"}],"replies":[{"embeddable":true,"href":"https:\/\/opus-folyoirat.sk\/index.php?rest_route=%2Fwp%2Fv2%2Fcomments&post=4133"}],"version-history":[{"count":2,"href":"https:\/\/opus-folyoirat.sk\/index.php?rest_route=\/wp\/v2\/pages\/4133\/revisions"}],"predecessor-version":[{"id":4363,"href":"https:\/\/opus-folyoirat.sk\/index.php?rest_route=\/wp\/v2\/pages\/4133\/revisions\/4363"}],"wp:attachment":[{"href":"https:\/\/opus-folyoirat.sk\/index.php?rest_route=%2Fwp%2Fv2%2Fmedia&parent=4133"}],"curies":[{"name":"wp","href":"https:\/\/api.w.org\/{rel}","templated":true}]}}

Bálint Erika:

<div class="has-text-align-right wp-block-post-date"><time datetime="2025-12-10T03:37:00+02:00">2025-12-10</time></div>


<p><strong>Átváltozás</strong></p>



<div class="wp-block-group is-vertical is-layout-flex wp-container-core-group-is-layout-8cf370e7 wp-block-group-is-layout-flex">
<p>Találnak egy régi selyemruhát. A ruhásszekrényben, egy dobozban hever. Valamikor táncba vitték. Színházba. Parfümillatot, párkányra könyöklést idéz. Az öv gyűrött, a vállrészen kis repedés. Más időben, más testre szabták.</p>



<p>Felpróbálják.&nbsp;</p>



<p>– Neked jobban áll – mondja a lány.</p>



<p>A tükör előtt forognak. Játszanak. Nevetnek.</p>
</div>



<p>*</p>



<div class="wp-block-group is-vertical is-layout-flex wp-container-core-group-is-layout-8cf370e7 wp-block-group-is-layout-flex">
<p>A fiú egyre többször előveszi a ruhát.&nbsp; A lány segít neki, igazgatja a gallért, púderez.</p>



<p>A fiú ügyetlen. Megcsúszik a szemceruza, szétkenődik a rúzs. Aztán egyre pontosabb. Mozdulataiból eltűnik a tétovaság. Néha elidőzik a tekintete.&nbsp;</p>



<p>A lány már csak figyel.</p>



<p>– Melyik vagy te? – kérdezi.</p>
</div>



<p>*</p>



<div class="wp-block-group is-vertical is-layout-flex wp-container-core-group-is-layout-8cf370e7 wp-block-group-is-layout-flex">
<p>Egy napon a fiú leveszi a lány kezéről a karkötőt. Magára csatolja. Aztán leül, keresztbe teszi a lábát.</p>



<p>A lány sokáig nézi. Nem kérdez.</p>



<p>Akkor se, amikor a fürdőszobában a tükör alatt talál egy cetlit. Egy nevet írtak rá. Nem az övé, de nem is a fiúé. Valaki másé.</p>



<p>A betűk határozottak.</p>
</div>



<p>*</p>



<div class="wp-block-group is-vertical is-layout-flex wp-container-core-group-is-layout-8cf370e7 wp-block-group-is-layout-flex">
<p>Egy napon a selyemruha ott marad a széken. Áthajítva a támlán. A fiú elmegy.</p>



<p>Nyár végén jön vissza. Mellén megfeszül az új ruha.</p>



<p>A lány teát főz. Két csésze az asztalon. Az egyik régi. A másik új.&nbsp;</p>



<p>A fürdőszobában a borotva mellé új sminkkészlet kerül. A fehérneműs fiókba szivaccsal kitömött fekete melltartó. A szoba levegőjében zavarba ejtő illat.</p>



<p>Púderes, meleg, ismeretlen.</p>
</div>



<p>*</p>



<div class="wp-block-group is-vertical is-layout-flex wp-container-core-group-is-layout-8cf370e7 wp-block-group-is-layout-flex">
<p>A lány nem tudja, hogyan kell most beszélni. Hogy mi számít szeretetnek. Hogy lehet-e még.</p>



<p>Ha egymás mellé fekszenek, a test melege még ugyanaz, de a ritmusa más. Mintha máshogy lélegezne. És csend van. A lány nem tudja kimondani azt az új nevet.&nbsp;</p>



<p>Egyre gyakrabban néz félre, ha a fiú a tükör elé áll.&nbsp;</p>
</div>



<p>*</p>



<div class="wp-block-group is-vertical is-layout-flex wp-container-core-group-is-layout-8cf370e7 wp-block-group-is-layout-flex">
<p>Egy téli este kiveszi a szekrényből a kabátját.&nbsp;</p>



<p>– Megyünk valahova? – kérdezi a fiú.&nbsp;</p>



<p>Nem várja meg a választ. Kabátot vesz. Az újat, azt a piros kétsorosat. Állnak a tükör előtt, mint régen. Amikor még csak játszottak.&nbsp;</p>



<p>A fiú nevet.&nbsp;</p>



<p>A lány kilép a képből.</p>
</div>

<p>Átváltozás Találnak egy régi selyemruhát. A ruhásszekrényben, egy dobozban hever. Valamikor táncba vitték. Színházba. Parfümillatot, párkányra könyöklést idéz. Az öv gyűrött, a vállrészen kis repedés. Más időben, más testre szabták. Felpróbálják.&nbsp; – Neked jobban áll – mondja a lány. A &hellip; <a href="https://opus-folyoirat.sk/?page_id=4133">Egy kattintás ide a folytatáshoz&#8230;. <span class="meta-nav">&rarr;</span></a></p>
