{"id":4159,"date":"2025-09-25T10:18:00","date_gmt":"2025-09-25T08:18:00","guid":{"rendered":"https:\/\/opus-folyoirat.sk\/?page_id=4159"},"modified":"2026-01-20T10:20:03","modified_gmt":"2026-01-20T08:20:03","slug":"a-feszulet","status":"publish","type":"page","link":"https:\/\/opus-folyoirat.sk\/?page_id=4159","title":{"rendered":"A fesz\u00fclet"},"content":{"rendered":"<div class=\"wp-block-post-date\"><time datetime=\"2025-09-25T10:18:00+02:00\">2025-09-25<\/time><\/div>\n\n\n<div class=\"wp-block-group is-vertical is-content-justification-right is-layout-flex wp-container-core-group-is-layout-b6c475e2 wp-block-group-is-layout-flex\">\n<p><em>\u201eAz \u00f6reg hipp\u00f3i varga elvesz\u00edtette a<\/em><\/p>\n\n\n\n<p><em>ruh\u00e1j\u00e1t, \u00e9s a h\u00fasz v\u00e9rtan\u00fa k\u00e1poln\u00e1j\u00e1ba<\/em><\/p>\n\n\n\n<p><em>ment im\u00e1dkozni.<\/em><\/p>\n\n\n\n<p><em>Hazamenet egy halat tal\u00e1lt, amelynek<\/em><\/p>\n\n\n\n<p><em>aranygy\u0171r\u0171 volt a gyomr\u00e1ban.<\/em><\/p>\n\n\n\n<p><em>A szak\u00e1cs, aki megs\u00fct\u00f6tte a halat<\/em><\/p>\n\n\n\n<p><em>azt mondta a varg\u00e1nak:<\/em><\/p>\n\n\n\n<p><em>\u2014 Ezt k\u00fcldi neked a h\u00fasz v\u00e9rtan\u00fa!\u201d<\/em><\/p>\n<\/div>\n\n\n\n<p>K. Sanova \u00far nemes csal\u00e1db\u00f3l sz\u00e1rmazott, s a nemesek \u00e9let\u00e9t \u00e9lte. Ebben az \u00e9letben kiv\u00e9teles szerepet j\u00e1tszott a n\u0151i nem \u00e9s a hatalom hat\u00e1rtalan tisztelete. Ami ezen t\u00fal l\u00e9tezett \u2014 ha egy\u00e1ltal\u00e1n l\u00e9tezett valami \u00e9rdemleges \u2014, az kimer\u00fclt saj\u00e1t becsv\u00e1gy\u00e1nak t\u00f6bb\u00e9 vagy ink\u00e1bb kev\u00e9sb\u00e9 kozmetik\u00e1zott csillogtat\u00e1s\u00e1ban.<\/p>\n\n\n\n<p>Saj\u00e1tos, z\u00e1rt vil\u00e1gban mozgott, amelyet t\u00e1ncos est\u00e9k, arisztokrata \u00f6sszej\u00f6vetelek \u00e9s legink\u00e1bb l\u00e1nyos h\u00e1zak jelentettek. \u00c9lm\u00e9nyeit szellemesen, j\u00f3\u00edz\u0171en \u00e9s j\u00f3csk\u00e1n kikarik\u00edrozva adta el\u0151. Csattan\u00f3val z\u00e1r\u00f3d\u00f3 t\u00f6rt\u00e9neteinek f\u0151h\u0151se term\u00e9szetesen kiv\u00e9tel n\u00e9lk\u00fcl \u0151 maga volt. V\u00e1ltakozva szerepeltek ugyan h\u00f6lgyek is a t\u00f6rt\u00e9netekben, de \u0151k csak arra szolg\u00e1ltak, hogy a sz\u00fczess\u00e9g elveszt\u00e9s\u00e9nek k\u00fcl\u00f6nb\u00f6z\u0151 fajt\u00e1it \u00e9s neh\u00e9zs\u00e9gi fokait \u00e9rz\u00e9keltess\u00e9k. Hiszen mi m\u00e1son is lehet jobban mulatni, mint \u00e1rtatlan l\u00e1nyok felavat\u00e1si cerem\u00f3ni\u00e1in! Meg kell adni, hogy az eff\u00e9le t\u00f6rt\u00e9netek \u201ekibesz\u00e9l\u00e9se\u201d \u2014 a kor p\u00e1rbajoz\u00e1si szok\u00e1sait figyelembe v\u00e9ve \u2014 meglehet\u0151sen zajos t\u00e1rsadalmi \u00e9letet jelentett, b\u00e1r Sanova \u00far nem volt h\u00edj\u00e1n sem a b\u00e1tors\u00e1gnak, sem a kardforgat\u00f3 tudom\u00e1nynak.<\/p>\n\n\n\n<p>Persze az\u00e9rt voltak t\u00f6rt\u00e9netek, amelyek nem eg\u00e9szen \u00fagy t\u00f6rt\u00e9ntek, ahogyan azt Sanova \u00far elmes\u00e9lte.<\/p>\n\n\n\n<p>Egyszer p\u00e9ld\u00e1ul egy id\u0151s h\u00f6lgy tartott d\u00e9lut\u00e1ni \u00f6sszej\u00f6vetelt fiatal unokah\u00faga tisztelet\u00e9re, aki valamilyen csal\u00e1di trag\u00e9dia folyt\u00e1n akkoriban k\u00f6lt\u00f6z\u00f6tt hozz\u00e1. A d\u00e9lut\u00e1non megjelent Sanova \u00far is, s minden a j\u00f3l begyakorolt forgat\u00f3k\u00f6nyv szerint zajlott, minden f\u00e9rfi ott legyeskedett az alig serd\u00fcl\u0151 hajadon k\u00f6r\u00fcl. Kiv\u00e9ve Sanov\u00e1t. \u0150 eg\u00e9sz d\u00e9lut\u00e1n az id\u0151s h\u00f6lgy mellett mutatkozott, \u00e9s szellemes tr\u00e9f\u00e1kkal mulattatta kis sz\u00e1m\u00fa hallgat\u00f3s\u00e1g\u00e1t. \u00dagy l\u00e1tszott, megnyerte a h\u00f6lgy tetsz\u00e9s\u00e9t, mert b\u00facs\u00faz\u00e1skor nehezen ugyan, de kicsikart t\u0151le egy vacsoramegh\u00edv\u00e1st, amely csak neki sz\u00f3lt!<\/p>\n\n\n\n<p>Ekkor \u00e9rtett\u00e9k meg bar\u00e1tai, mire is ment ki a j\u00e1t\u00e9k! Sanova egyed\u00fcl k\u00edv\u00e1n elj\u00f6nni \u00e9s megel\u0151zve valamennyi vet\u00e9lyt\u00e1rs\u00e1t, egyed\u00fcl v\u00e1g neki a fiatal l\u00e1ny megh\u00f3d\u00edt\u00e1s\u00e1nak.<\/p>\n\n\n\n<p>\u2014 Ezt j\u00f3l kital\u00e1ltad! \u2014 veregett\u00e9k meg a v\u00e1ll\u00e1t k\u00e9s\u0151bb, italoz\u00e1s k\u00f6zben.<\/p>\n\n\n\n<p>A megh\u00edv\u00e1s nem is v\u00e1ratott mag\u00e1ra sok\u00e1ig, s p\u00e1r nap m\u00falva \u2014 holdt\u00f6ltekor \u2014 Sanova \u00fajra ott tal\u00e1lta mag\u00e1t az id\u0151s h\u00f6lgy hossz\u00fa, j\u00f3l megter\u00edtett asztal\u00e1n\u00e1l. Legnagyobb meglepet\u00e9s\u00e9re az ifj\u00fa hajadon elutazott valahov\u00e1, legal\u00e1bbis nagyn\u00e9nje ezt \u00e1ll\u00edtotta. Sanov\u00e1n nem l\u00e1tszott csal\u00f3dotts\u00e1g, egyetlen arcrezzen\u00e9s\u00e9vel sem \u00e1rulta el, hogy sz\u00e1m\u00edtott-e erre a lehet\u0151s\u00e9gre vagy sem. Tov\u00e1bbra is szellemes-kellemes t\u00e1rsalg\u00f3nak bizonyult. Miut\u00e1n v\u00e9geztek a vacsor\u00e1val, \u00e1tvonultak a szomsz\u00e9d helyis\u00e9g hatalmas kereszt alatti t\u00e1rsalg\u00f3 asztal\u00e1hoz, hogy elfogyassz\u00e1k a k\u00e1v\u00e9jukat.<\/p>\n\n\n\n<p>Sanova \u00fagy \u00edt\u00e9lte meg, hogy ez az a pillanat, amikor bizalmasabb hangot \u00fcthet meg. A h\u00e1z \u00farn\u0151j\u00e9nek els\u0151, n\u0151kkel kapcsolatos megjegyz\u00e9s\u00e9re t\u00e1mad\u00e1sba lend\u00fclt.<\/p>\n\n\n\n<p>\u2014 Val\u00f3ban, nagyon sok n\u0151vel tal\u00e1lkoztam \u00e9s&#8230; bar\u00e1tkoztam \u2014 kezdte. \u2014 De higgye el, egy id\u0151 ut\u00e1n nagyon unalmass\u00e1 v\u00e1lik a sok n\u0151i szesz\u00e9ly, az \u00e1lland\u00f3 mesterked\u00e9s, fondorlatok kital\u00e1l\u00e1sa, aj\u00e1nd\u00e9kok k\u00fcld\u00e9se&#8230; \u00e9s mindez mi\u00e9rt? Egy pillanatnyi \u00f6r\u00f6m\u00e9rt.<\/p>\n\n\n\n<p>\u2014 Szavaib\u00f3l mintha csal\u00f3d\u00e1st \u00e9rezn\u00e9k ki \u2014 sz\u00f3lt kiss\u00e9 k\u00e9tkedve a h\u00f6lgy.<\/p>\n\n\n\n<p>\u2014 Ink\u00e1bb f\u00e1sults\u00e1gnak nevezn\u00e9m \u2014 felelte Sanova a felett\u00fck l\u00e9v\u0151 arany fesz\u00fcletre pillantva, melyr\u0151l J\u00e9zus f\u00e1sulta n\u00e9zett vissza. \u2014 Azt hiszem, ha hosszabb ideje ismern\u00e9nk egym\u00e1st, jobban meg\u00e9rten\u00e9 mindazt, amit el szeretn\u00e9k mondani. Igazi tartalmas kapcsolatra v\u00e1gyok, mint minden m\u00e1s haland\u00f3. Az olyan&#8230; fut\u00f3 kalandokn\u00e1l mindent megkaphat az ember, csak \u00e9ppen meg\u00e9rt\u00e9st, bizalmat \u00e9s \u0151szintes\u00e9get nem.<\/p>\n\n\n\n<p>\u2014 Megtisztel a bizalm\u00e1val, de mi\u00e9rt mondja mindezt nekem? \u2014 k\u00e9rdezte a h\u00f6lgy \u00e9s \u00e9rtetlen\u00fcl megr\u00e1zva a fej\u00e9t legyez\u0151j\u00e9vel eltakarta dekolt\u00e1zs\u00e1t.<\/p>\n\n\n\n<p>\u2014 Nos, megmondom! Eddigi besz\u00e9lget\u00e9s\u00fcnk alapj\u00e1n \u00fagy l\u00e1tom, \u00f6nben teljesen megb\u00edzhatok. S\u0151t, tal\u00e1n \u00f6n az, aki ki is tud el\u00e9g\u00edteni engem.<\/p>\n\n\n\n<p>\u2014 Miket besz\u00e9l! \u2014 ki\u00e1ltott fel a h\u00f6lgy, mik\u00f6zben hi\u00fas\u00e1g \u00e9s felh\u00e1borod\u00e1s viaskodott benne.<\/p>\n\n\n\n<p>\u2014 Vessen meg, dobasson ki, de k\u00e9rem, el\u0151tte hallgasson meg! \u2014 folytatta Sanova lelkesen, \u00e9s l\u00e1tszott, hogy egyre jobban bele\u00e9li mag\u00e1t a jelenetbe. \u2014 Higgye el, nagyon unom m\u00e1r a fiatal l\u00e1nyok vihog\u00e1s\u00e1t \u00e9s a ki\u00e9hezett feles\u00e9gek szesz\u00e9lyeit. A sok sz\u00e9gyenkez\u0151 n\u0151t, akik csak az\u00e9rt emlegetik \u00e1ll\u00edt\u00f3lagos l\u00f3g\u00f3 mell\u00fcket, hogy az emberb\u0151l dics\u00e9reteket csaljanak ki, s csak az\u00e9rt csalj\u00e1k meg a f\u00e9rj\u00fcket, mert sohasem volt annyi b\u00e1tors\u00e1guk, hogy v\u00e1llalj\u00e1k \u00f6nmagukat, \u00e9s szerelemb\u0151l menjenek f\u00e9rjhez! \u00d6nnek azonban nincs mi\u00e9rt hazudnia, nincs mit rejtegetnie. \u00d6nnel \u0151szint\u00e9n besz\u00e9lhetek, s ha valaki, akkor \u00e9n azt\u00e1n tudom, hogy az arc r\u00e1ncai \u00e9s az&#8230; altest feszess\u00e9ge k\u00f6z\u00f6tt semmilyen \u00f6sszef\u00fcgg\u00e9s sincs&#8230;<\/p>\n\n\n\n<p>\u2014 Miket mer\u00e9szel! \u2014 v\u00e1gott k\u00f6zbe a h\u00f6lgy.<\/p>\n\n\n\n<p>\u2014 K\u00e9rem, engedje, hogy befejezzem! Nekem \u00f6n kell! \u2014 ki\u00e1ltott fel Sanova \u00e9s l\u00e9lekben nyugt\u00e1zta teljes\u00edtm\u00e9ny\u00e9t. \u2014 <em>Ugyan mire v\u00e1rsz<\/em> \u2014 gondolta. \u2014 <em>Hiszen te is alig v\u00e1rod, hogy megt\u00f6rt\u00e9njen.<\/em> \u00dagy d\u00f6nt\u00f6tt, egy kis id\u0151t ad a n\u0151nek a gondolkoz\u00e1sra, s j\u00f3t h\u00fazott az odak\u00e9sz\u00edtett v\u00f6r\u00f6sborb\u00f3l.<\/p>\n\n\n\n<p>Tal\u00e1n ha feh\u00e9rbor lett volna.<\/p>\n\n\n\n<p>Akkor tal\u00e1n \u00e9szrevette volna, hogy sz\u00edne egy kiss\u00e9 zavaros a bel\u00e9sz\u00f3rt m\u00e9reger\u0151s altat\u00f3t\u00f3l. \u00cdgy viszont saj\u00e1t lelkesed\u00e9s\u00e9nek lend\u00fclete terelte el figyelm\u00e9t szok\u00e1sos \u00e9bers\u00e9g\u00e9t\u0151l.<\/p>\n\n\n\n<p>\u2014 Ha azt hiszi, hogy most szellemes volt, akkor nagyon t\u00e9ved \u2014 felelte hidegen a h\u00f6lgy.<\/p>\n\n\n\n<p>\u2014 Ha azt hiszi, hogy most vicceltem, akkor viszont \u00f6n t\u00e9ved \u2014 v\u00e1laszolt Sanova.<\/p>\n\n\n\n<p>\u2014 J\u00f3l tudom, hogy mag\u00e1ban csak arra v\u00e1r, hogy \u00e9n is vallom\u00e1st tegyek, amin azt\u00e1n majd j\u00f3t mulathat iv\u00f3cimbor\u00e1ival \u2014 m\u00e9rgeskedett a n\u0151, \u00e9s \u00f6sszeszor\u00edtott ajkakkal v\u00e1rta a bor hat\u00e1s\u00e1t.<\/p>\n\n\n\n<p>\u2014 Hogy mondhat ilyet! \u2014 sz\u00f6rny\u00fclk\u00f6d\u00f6tt a f\u00e9rfi, b\u00e1r a r\u00e9m\u00fclet ink\u00e1bb az altat\u00f3 hat\u00e1s\u00e1nak sz\u00f3lt. \u2014 Ugyan mit fogok mondani a cimbor\u00e1knak? \u2014 tette fel mag\u00e1nak a k\u00e9rd\u00e9st, de v\u00e1laszra m\u00e1r nem maradt ideje, mert v\u00e9gre elaludt.<\/p>\n\n\n\n<p>Pirkadatkor a ny\u00edlt mez\u0151n t\u00e9rt mag\u00e1hoz, s els\u0151 felismer\u00e9se \u2014 azon t\u00fal, hogy rettenetesen f\u00e1jt a feje \u2014 az volt, hogy teljesen meztelen!<\/p>\n\n\n\n<p>\u2014 \u00daristen! \u2014 gondolta, \u00e9s megpr\u00f3b\u00e1lt fel\u00fclni, \u00e1m fej\u00e9ben k\u00e9t hatalmas dob sz\u00f3lalt meg. Keserves ny\u00f6g\u00e9sekkel kelt fel, \u00e9s gondolatai a ruhaszerz\u00e9s fel\u00e9 fordultak, b\u00e1r valahol m\u00e9lyen a lelk\u00e9ben m\u00e1r tombolt a s\u00e9rtetts\u00e9g \u00e9s a bossz\u00fav\u00e1gy.<\/p>\n\n\n\n<p>\u2014 Legal\u00e1bb valami mad\u00e1rijeszt\u0151t tal\u00e1ln\u00e9k, hogy a szem\u00e9rmemet eltakarhassam \u2014 f\u00fcst\u00f6lg\u00f6tt, s \u00e9let\u00e9ben most el\u0151sz\u00f6r sz\u00e9gyenkezett a miatt, amire mindig b\u00fcszke volt.<\/p>\n\n\n\n<p>A telihold persze megvil\u00e1g\u00edtotta a terepet, \u00edgy m\u00e9g az \u00e9jszaka marad\u00e9k\u00e1nak j\u00f3t\u00e9konys\u00e1g\u00e1ban sem b\u00edzhatott. Keleten pedig m\u00e1r ugyancsak vil\u00e1gosodott az \u00e9g alja. S\u0151t, rohamosan hajnalodott, mintha minden \u00f6sszeesk\u00fcd\u00f6tt volna ellene. Lassan, imbolyogva elindult, s p\u00e1r perc m\u00falva, tal\u00e1n a mozg\u00e1s, tal\u00e1n a hideg hat\u00e1s\u00e1ra a sz\u00e9d\u00fcl\u00e9se is enyh\u00fclt. Nem sokkal k\u00e9s\u0151bb, esti vend\u00e9gl\u00e1t\u00f3j\u00e1nak a h\u00e1z\u00e1hoz vezet\u0151 bek\u00f6t\u0151\u00fat keresztez\u0151d\u00e9s\u00e9hez \u00e9rt, ahol a k\u0151fesz\u00fclet alatt egy b\u00f3biskol\u00f3 koldust pillantott meg. M\u00e1s k\u00f6r\u00fclm\u00e9nyek k\u00f6z\u00f6tt \u00e9szre sem vette volna, most viszont b\u00e1rmilyen ruh\u00e1\u00e9rt b\u00e1rmit megadott volna. Odal\u00e9pett hozz\u00e1, \u00e9s er\u0151sen megr\u00e1zta a v\u00e1ll\u00e1t.<\/p>\n\n\n\n<p>\u2014 H\u00e9, \u00e9bredj! \u2014 sz\u00f3lt r\u00e1. \u2014 Sz\u00fcks\u00e9gem van a k\u00f6penyedre!<\/p>\n\n\n\n<p>A koldus meglep\u0151dve eszm\u00e9lt, nemigen \u00e9rtette, mir\u0151l van sz\u00f3, \u00e9s eltartott egy p\u00e1r pillanatig, am\u00edg eljutott az agy\u00e1ig, kivel \u00e1ll szemben.<\/p>\n\n\n\n<p>\u2014 Hallod, a ruh\u00e1dra van sz\u00fcks\u00e9gem \u2014 s\u00fcrgette Sanova.<\/p>\n\n\n\n<p>\u2014 Azt l\u00e1tom \u2014 felelte nyugodtan, majd fel\u00e1llt \u00e9s kioldotta a dar\u00f3cruh\u00e1t \u00f6sszetart\u00f3 k\u00f6telet. Ekkor der\u00fclt ki, hogy a ruha gyakorlatilag egy felhas\u00edtott zs\u00e1k, melynek \u00e9p sark\u00e1t sisakk\u00e9nt haszn\u00e1lta. Sz\u00f3tlanul levette \u00e9s ekkor der\u00fclt ki, hogy alatta meztelen!<\/p>\n\n\n\n<p>\u2014 Nincs egyebed, csak ez? \u2014 k\u00e9rdezte idegesen Sanova.<\/p>\n\n\n\n<p>\u2014 Nincs. Ez mindenem \u2014 felelte. \u2014 De ha akarod, vedd el nyugodtan, \u00e9n majd koldulok a bar\u00e1tokt\u00f3l m\u00e1sikat.<\/p>\n\n\n\n<p>Sanova egy pillanatig habozott, s b\u00e1r nem kellett att\u00f3l tartania, hogy valaki ebben a korai \u00f3r\u00e1ban erre t\u00e9vedhet, sietve mag\u00e1ra ter\u00edtette a zs\u00e1kot.<\/p>\n\n\n\n<p>\u2014 Nem sajn\u00e1lod? \u2014 k\u00e9rdezte v\u00e9g\u00fcl annak ellen\u00e9re, hogy nem \u00e9rdekelte a v\u00e1lasz.<\/p>\n\n\n\n<p>\u2014 Ez az \u0151 \u00fczenete sz\u00e1momra \u2014 felelte az, \u00e9s a feje feletti fesz\u00fcleten l\u00f3g\u00f3 J\u00e9zusra mutatott.<\/p>\n\n\n\n<p>\u2014 Milyen \u00fczenet? \u2014 k\u00e9rdezett vissza Sanova \u00e9s megpr\u00f3b\u00e1lt hunyorogva a J\u00e9zus festett szem\u00e9be n\u00e9zni.<\/p>\n\n\n\n<p>\u2014 Minden koron \u00e1ts\u00fct, \u00e9s mindenki leford\u00edthatja mag\u00e1nak \u2014 felelte a koldus.<\/p>\n\n\n\n<p>Sanova nem tudta, hogy a fejf\u00e1j\u00e1sa ellen\u00e9re nevessen-e vagy bosszankodj\u00e9k a koldus magasztoss\u00e1g\u00e1n, melyet csup\u00e1n p\u00f3znak tartott.<\/p>\n\n\n\n<p>\u2014 Ha te tudn\u00e1d, mennyien \u00e9s h\u00e1nyf\u00e9lek\u00e9ppen ford\u00edtott\u00e1k m\u00e1r \u0151t maguknak!<\/p>\n\n\n\n<p>\u2014 B\u00e1rmi is t\u00f6rt\u00e9nik ebben a vil\u00e1gban, \u00fagy kell tenn\u00fcnk, hogy az mindig visszavezethet\u0151 legyen hozz\u00e1.<\/p>\n\n\n\n<p>\u2014 Ugyan m\u00e1r te ostoba! \u2014 t\u00f6rt ki Sanova. \u2014 Neked fogalmad sincs r\u00f3la, mennyi rossz t\u00f6rt\u00e9nik a vil\u00e1gban.<\/p>\n\n\n\n<p>\u2014 Ne keseredj el, ha \u00fagy l\u00e1tod, hogy \u0151szint\u00e9tlen, hazug vil\u00e1gban \u00e9lsz. A j\u00f3s\u00e1g mindig megtal\u00e1lhat\u00f3 benne, mint l\u00e1tod \u2014 biccentett a kereszt fel\u00e9. \u2014 \u00c9s te b\u00e1rmilyen \u00faton indult\u00e1l, ide mindig visszat\u00e9rhetsz.<\/p>\n\n\n\n<p>\u2014 L\u00e1m, mire m\u00e9gy a j\u00f3s\u00e1goddal? \u2014 k\u00e9rdezte Sanova. \u2014 Itt maradsz meztelen\u00fcl, fagyoskodva, r\u00e1k\u00e9nyszer\u00fclve, hogy megal\u00e1zkodj \u00e9s k\u00e9regess!<\/p>\n\n\n\n<p>\u2014 \u00c9n nem al\u00e1zkodtam meg \u2014 felelte nyugodtan a koldus, \u00e9s mosolya egyre ink\u00e1bb zavarta Sanov\u00e1t.<\/p>\n\n\n\n<p>Megd\u00f6bbent.<\/p>\n\n\n\n<p>\u00c9rezte, hogy ez a tal\u00e1lkoz\u00e1s jelent valamit, csak nem tudta eld\u00f6nteni mit. A t\u00e1rsadalom, amelyb\u0151l j\u00f6tt, \u00e1ltala ismert \u00e9s elfogadott szab\u00e1lyok szerint \u00e9lt, m\u00e9g ha ez\u00e1ltal hazugg\u00e1 is kellett v\u00e1lni n\u00e9ha. M\u00e9gis! Hazugs\u00e1gaival egy\u00fctt is m\u0171k\u00f6d\u00f6tt!<\/p>\n\n\n\n<p>A koldus vil\u00e1ga viszont nem illett ide. Ez egy lehetetlen vil\u00e1g volt, amely ilyen lehetetlen helyzeteket sz\u00fclt. Egy szerencs\u00e9tlen\u00fcl j\u00e1rt J\u00e9zussal, \u00e9s sikertelen emberekkel, akik m\u00e9g magukon sem tudtak seg\u00edteni, nemhogy m\u00e1sokon.<\/p>\n\n\n\n<p>\u00dagy \u00e9rezte megfert\u0151z\u0151d\u00f6tt, bepiszkol\u00f3dott ezzel a vil\u00e1ggal. R\u00e1ad\u00e1sul az el\u0151z\u0151 este t\u00f6rt\u00e9nt megal\u00e1ztat\u00e1s a LEHET\u0150S\u00c9GET vette el t\u0151le. Term\u00e9szetesnek tartotta, hogy ha valamit meg akart tenni, azt meg is tehette. Teh\u00e1t ha nem is tette meg, ott volt a lehet\u0151s\u00e9ge annak, hogy az legyen, \u00e9s \u00fagy legyen, ahogyan azt \u0151 akarja. Este azonban tudom\u00e1sul kellett vennie, hogy volt valami, amit nem tehetett meg, b\u00e1rmennyire is szerette volna.<\/p>\n\n\n\n<p>\u2014 Majd \u00e9n megmutatom neked! \u2014 mondta \u00e9s fel\u00e1llt.<\/p>\n\n\n\n<p>Miut\u00e1n elv\u00e9gezte, amit akart, kez\u00e9vel fogta \u00f6ssze a k\u00f6peny\u00e9t, hiszen k\u00f6tele nem maradt, \u00e9s sietve indult hazafel\u00e9. Az \u00e9gen egyszerre jelent meg a nap \u00e9s a telihold, s abban a pillanatban nem lehetett eld\u00f6nteni, melyik is vil\u00e1g\u00edtja meg jobban a fesz\u00fcletre nyak\u00e1n\u00e1l fogva felh\u00fazott meztelen koldus test\u00e9t.<\/p>\n\n\n\n<p><\/p>\n\n\n\n<p class=\"has-text-align-right\"><em>Hogya Gy\u00f6rgy<\/em><\/p>\n","protected":false},"excerpt":{"rendered":"<p>\u201eAz \u00f6reg hipp\u00f3i varga elvesz\u00edtette a ruh\u00e1j\u00e1t, \u00e9s a h\u00fasz v\u00e9rtan\u00fa k\u00e1poln\u00e1j\u00e1ba ment im\u00e1dkozni. Hazamenet egy halat tal\u00e1lt, amelynek aranygy\u0171r\u0171 volt a gyomr\u00e1ban. A szak\u00e1cs, aki megs\u00fct\u00f6tte a halat azt mondta a varg\u00e1nak: \u2014 Ezt k\u00fcldi neked a h\u00fasz v\u00e9rtan\u00fa!\u201d &hellip; <a href=\"https:\/\/opus-folyoirat.sk\/?page_id=4159\">Egy kattint\u00e1s ide a folytat\u00e1shoz&#8230;. <span class=\"meta-nav\">&rarr;<\/span><\/a><\/p>\n","protected":false},"author":4,"featured_media":0,"parent":0,"menu_order":0,"comment_status":"closed","ping_status":"closed","template":"","meta":{"footnotes":""},"class_list":["post-4159","page","type-page","status-publish","hentry"],"_links":{"self":[{"href":"https:\/\/opus-folyoirat.sk\/index.php?rest_route=\/wp\/v2\/pages\/4159","targetHints":{"allow":["GET"]}}],"collection":[{"href":"https:\/\/opus-folyoirat.sk\/index.php?rest_route=\/wp\/v2\/pages"}],"about":[{"href":"https:\/\/opus-folyoirat.sk\/index.php?rest_route=\/wp\/v2\/types\/page"}],"author":[{"embeddable":true,"href":"https:\/\/opus-folyoirat.sk\/index.php?rest_route=\/wp\/v2\/users\/4"}],"replies":[{"embeddable":true,"href":"https:\/\/opus-folyoirat.sk\/index.php?rest_route=%2Fwp%2Fv2%2Fcomments&post=4159"}],"version-history":[{"count":1,"href":"https:\/\/opus-folyoirat.sk\/index.php?rest_route=\/wp\/v2\/pages\/4159\/revisions"}],"predecessor-version":[{"id":4160,"href":"https:\/\/opus-folyoirat.sk\/index.php?rest_route=\/wp\/v2\/pages\/4159\/revisions\/4160"}],"wp:attachment":[{"href":"https:\/\/opus-folyoirat.sk\/index.php?rest_route=%2Fwp%2Fv2%2Fmedia&parent=4159"}],"curies":[{"name":"wp","href":"https:\/\/api.w.org\/{rel}","templated":true}]}}