{"id":4260,"date":"2025-10-23T18:13:00","date_gmt":"2025-10-23T16:13:00","guid":{"rendered":"https:\/\/opus-folyoirat.sk\/?page_id=4260"},"modified":"2026-01-21T18:14:53","modified_gmt":"2026-01-21T16:14:53","slug":"mindig-a-mindenseg-ikerresze-voltam","status":"publish","type":"page","link":"https:\/\/opus-folyoirat.sk\/?page_id=4260","title":{"rendered":"\u201e\u2026mindig a mindens\u00e9g ikerr\u00e9sze voltam\u2026\u201d"},"content":{"rendered":"<div class=\"wp-block-post-date\"><time datetime=\"2025-10-23T18:13:00+02:00\">2025-10-23<\/time><\/div>\n\n\n<p><br><em>Eml\u00e9ksorok a sz\u00e1zesztend\u0151s Monoszl\u00f3y Dezs\u0151r\u0151l<\/em><\/p>\n\n\n\n<p>\u201e\u2026vil\u00e1gpolg\u00e1r\u201d, \u00edrja Monoszl\u00f3y Dezs\u0151r\u0151l T\u00f3th L\u00e1szl\u00f3, \u201ea kisebbs\u00e9gi l\u00e9tbe szor\u00edtotts\u00e1g s a t\u00f6bbsz\u00f6r\u00f6sen kisebbs\u00e9gi sorstapasztalataival \u00e9s -\u00e9lm\u00e9nyeivel, az \u00f6r\u00f6k\u00f6s otthonkeres\u00e9s \u00e9s eredend\u0151 haz\u00e1tlans\u00e1g egym\u00e1snak fesz\u00fcl\u00e9seivel\u201d. T\u0171pontos megfogalmaz\u00e1s, noha sz\u00e1mos kaput nyit ak\u00e1r Monoszl\u00f3y sors\u00e1nak megfejt\u00e9se, ak\u00e1r a hasonl\u00f3 sorsot bej\u00e1r\u00f3 \u201ek\u00f6z\u00e9p-eur\u00f3pais\u00e1g\u201d \u00e9let\u00e9rz\u00e9s\u00e9nek, az identit\u00e1skeres\u00e9s labirintus\u00e1nak kij\u00e1rata (mely persze mindig egy \u00fajabb bej\u00e1rat) fel\u00e9. Monoszl\u00f3y tizenegy \u00e9v h\u00edj\u00e1n sz\u00e1z esztend\u0151t \u00e9lt, \u00e9s ezen \u00e9vtizedekre pillantva \u00e9rthetj\u00fck meg igaz\u00e1n azt: amit most tragikusnak \u00e9s j\u00f3v\u00e1tehetetlennek gondolunk, \u00e9l\u00fcnk meg, az egy r\u00e9szt semmiben sem \u00faj, m\u00e1s r\u00e9szt ink\u00e1bb a t\u00e1vlatokra ir\u00e1ny\u00edtja tekintet\u00fcnket. \u00c9lni annyi, mint eml\u00e9kezni \u00e9s eml\u00e9keztetni \u2013 akkor is, ha az eml\u00e9keket mindig k\u00e9ts\u00e9gbe vonj\u00e1k s az eml\u00e9keztet\u00e9sek megtal\u00e1lj\u00e1k a maguk s\u00fcket f\u00fcleit. Minden korban. Engedtess\u00e9k meg ennyi ir\u00f3nia, ez szinte kij\u00e1r itt Monoszl\u00f3ynak, aki maga is ink\u00e1bb \u00e9lt az abszurd helyzetekkel, a sz\u00fcrre\u00e1lis \u00e1br\u00e1zol\u00e1ssal; kafkai, \u00edrt\u00e1k sokan \u00edr\u00f3i eszk\u00f6zt\u00e1ra jellemz\u0151jek\u00e9nt; noha mind\u00f6ssze tal\u00e1n a fon\u00e1kb\u00f3l indult ki, a dolgok vissz\u00e1j\u00e1b\u00f3l, s ha valamit, akkor ezt nagyon fontos lenne eltanulni t\u0151le. \u201ete seg\u00edts m\u00falt \/ ki benned \u00e9ltem \/ v\u00e1llald fel a hazugs\u00e1got \/ lehett\u00e9l volna mened\u00e9kem\u201d \u2013 \u00edrja le egyik vers\u00e9ben a szinte \u00f6r\u00f6k\u00e9rv\u00e9ny\u0171 tanuls\u00e1got t\u00f6rt\u00e9nelemr\u0151l, memo\u00e1rr\u00f3l; szinte, mondom, mert a versr\u00e9szletben rejl\u0151 parabola villantja fel azt, hogy az igazi parabola a folyton v\u00e1ltoz\u00f3 \u00e9rtelmez\u00e9sek illogikus \u2013 percnyi l\u00e9thez k\u00f6t\u0151 \u2013 logik\u00e1ja.\u00a0<\/p>\n\n\n\n<figure class=\"wp-block-image size-full\"><img loading=\"lazy\" decoding=\"async\" width=\"622\" height=\"479\" src=\"http:\/\/opus-folyoirat.sk\/wp-content\/uploads\/2026\/01\/monoszloy-dezso.webp\" alt=\"\" class=\"wp-image-4259\" srcset=\"https:\/\/opus-folyoirat.sk\/wp-content\/uploads\/2026\/01\/monoszloy-dezso.webp 622w, https:\/\/opus-folyoirat.sk\/wp-content\/uploads\/2026\/01\/monoszloy-dezso-300x231.webp 300w, https:\/\/opus-folyoirat.sk\/wp-content\/uploads\/2026\/01\/monoszloy-dezso-390x300.webp 390w\" sizes=\"auto, (max-width: 622px) 100vw, 622px\" \/><\/figure>\n\n\n\n<p>Mindez persze \u00e9let\u00fatj\u00e1b\u00f3l fakad, abb\u00f3l, amit a huszadik sz\u00e1zad memo\u00e1rjak\u00e9nt is olvashatunk; s azon bel\u00fcl is a k\u00f6z\u00e9p-eur\u00f3pais\u00e1g, mint \u00e9let\u00e9rz\u00e9s k\u00e9t t\u00e9ved\u00e9sen alapul\u00f3 memo\u00e1rj\u00e1t: az egyik ebb\u0151l az, hogy enn\u00e9l rosszabb nem j\u00f6het, s a m\u00e1sik, hogy a j\u00f3t mindig t\u00falgondoljuk errefel\u00e9. Ahol a vil\u00e1gpolg\u00e1rs\u00e1g v\u00e1laszt\u00e1sa-v\u00e1llal\u00e1sa nem identit\u00e1s-keres\u00e9sb\u0151l, hanem k\u00e9nyszerhelyzetek sorozat\u00e1b\u00f3l fakad. \u00c1m m\u00e9gis ebb\u0151l s innen fakad f\u00f6l az egyik legfontosabb jellegzetess\u00e9g, amit Ferdinandy Gy\u00f6rgy \u00edgy defini\u00e1lt: \u201e\u2026nyugati magyar \u00edr\u00f3nak lenni nemcsak \u00e1llapot, hanem \u00e1ll\u00e1sfoglal\u00e1s.\u201d A nyugati magyar sz\u00e9ppr\u00f3z\u00e1b\u00f3l szerkesztett antol\u00f3gia el\u0151szav\u00e1b\u00f3l mer\u00edtettem e f\u00e9lmondatot, \u00e9rdemes lenne a teljes bekezd\u00e9st, de itt \u00e9s most ennek l\u00e9nyegi \u00e9rtelmez\u00e9se annyit jelent, hogy a k\u00f6z\u00e9p-eur\u00f3pais\u00e1g velej\u00e1r\u00f3ja az emigr\u00e1ci\u00f3, a sz\u00e1m\u0171zet\u00e9s meg\u00e9l\u00e9se, az anyanyelvhaza mint egyetlen megmarad\u00e1s belak\u00e1sa; s ennek szolg\u00e1lata, bizony, \u00e1ll\u00e1sfoglal\u00e1s. S ez az \u00e1ll\u00e1sfoglal\u00e1s sz\u00e1mos hangszeren sz\u00f3lalhat meg, sok-sok m\u0171fajban, \u00e1tj\u00e1rhat\u00f3 szabads\u00e1ggal tel\u00edt\u0151dik a gondolat, hiszen annak szabads\u00e1ga teremthet val\u00f3s szabads\u00e1got \u2013 de mindennek gy\u00f6kere m\u00e9gis a megmarad\u00e1st jelent\u0151 anyanyelv szolg\u00e1lata. Elsodorhat a politika Budapestr\u0151l Pozsonyba, onnan \u00dajvid\u00e9kre, majd B\u00e9csbe, v\u00e9g\u00fcl Szigligetre \u2013 mindez b\u00e1r sz\u00e1mos keser\u0171s\u00e9ggel j\u00e1r, de l\u00e9nyeg\u00e9ben csak megsokszorozza azt az \u00e9lm\u00e9nyt, ami az \u00edr\u00f3i l\u00e9t leveg\u0151je, t\u00e1pl\u00e1l\u00e9ka, s\u0151t, v\u00e9gs\u0151soron: oka. Tudjuk j\u00f3l \u2013 tudja, aki tudja \u2013 hogy az \u00edr\u00f3 mindig az id\u0151r\u0151l s az id\u0151nek \u00edr, nem az olvas\u00f3i ig\u00e9nyeknek. Megt\u00f6rt\u00e9nhet, hogy aki az igazat mondja, nem csak a val\u00f3dit, azt ak\u00e1r egy-egy nemzed\u00e9k \u00e9lm\u00e9nyvil\u00e1g\u00e1b\u00f3l is kit\u00f6rli, kirad\u00edrozza az aktu\u00e1lis hatalom, de ett\u0151l csak \u00f6nmaga gy\u00f6nges\u00e9ge n\u00f6vekszik. Megt\u00f6rt\u00e9nt ez Monoszl\u00f3y Dezs\u0151vel is, mind sors\u00e1val, mind m\u0171veivel; \u0151t m\u00e1s t\u00e1jakra \u0171zt\u00e9k, k\u00f6nyveit nem adt\u00e1k ki, de v\u00e9g\u00fcl a k\u00f6nyvek gy\u0151ztek.&nbsp; \u201eA huszadik \u2013 az egyik legv\u00e9resebb \u2013 sz\u00e1zad azzal b\u00facs\u00fazott, hogy itt hagyta eml\u00e9k\u00fcl a maga emberlegend\u00e1it.\u201d \u2013 \u00edrja Monoszl\u00f3yr\u00f3l sz\u00f3l\u00f3 sz\u00e9p essz\u00e9j\u00e9ben Kabdeb\u00f3 L\u00f3r\u00e1nt. S hozz\u00e1teszi: \u201eAhogy \u0151 bel\u00e9pett a sz\u00e1zadk\u00f6z\u00e9p po\u00e9tikai k\u00edn\u00e1lat\u00e1ba, most \u0151 mutatja fel a maga k\u00edn\u00e1lat\u00e1t. A huszonegyedik sz\u00e1zad ember\u00e9nek lesz mib\u0151l v\u00e1logatnia. A legt\u00f6bb, mi adhat\u00f3.\u201d<\/p>\n\n\n\n<p>S a legt\u00f6bb, mi kaphat\u00f3, hogy most \u00fajra elolvassuk a sz\u00e1zesztend\u0151s Monoszl\u00f3y Dezs\u0151 m\u0171veit. Mindent elmes\u00e9lt azokban. Mindent arr\u00f3l, ami most t\u00f6rt\u00e9nik, vagy m\u00e9g \u00e9pp csak f\u00e9szkel\u0151dik megt\u00f6rt\u00e9nni.&nbsp;<\/p>\n\n\n\n<p><em>Tam\u00e1si Orosz J\u00e1nos<\/em><\/p>\n","protected":false},"excerpt":{"rendered":"<p>Eml\u00e9ksorok a sz\u00e1zesztend\u0151s Monoszl\u00f3y Dezs\u0151r\u0151l \u201e\u2026vil\u00e1gpolg\u00e1r\u201d, \u00edrja Monoszl\u00f3y Dezs\u0151r\u0151l T\u00f3th L\u00e1szl\u00f3, \u201ea kisebbs\u00e9gi l\u00e9tbe szor\u00edtotts\u00e1g s a t\u00f6bbsz\u00f6r\u00f6sen kisebbs\u00e9gi sorstapasztalataival \u00e9s -\u00e9lm\u00e9nyeivel, az \u00f6r\u00f6k\u00f6s otthonkeres\u00e9s \u00e9s eredend\u0151 haz\u00e1tlans\u00e1g egym\u00e1snak fesz\u00fcl\u00e9seivel\u201d. T\u0171pontos megfogalmaz\u00e1s, noha sz\u00e1mos kaput nyit ak\u00e1r Monoszl\u00f3y sors\u00e1nak megfejt\u00e9se, &hellip; <a href=\"https:\/\/opus-folyoirat.sk\/?page_id=4260\">Egy kattint\u00e1s ide a folytat\u00e1shoz&#8230;. <span class=\"meta-nav\">&rarr;<\/span><\/a><\/p>\n","protected":false},"author":4,"featured_media":0,"parent":0,"menu_order":0,"comment_status":"closed","ping_status":"closed","template":"","meta":{"footnotes":""},"class_list":["post-4260","page","type-page","status-publish","hentry"],"_links":{"self":[{"href":"https:\/\/opus-folyoirat.sk\/index.php?rest_route=\/wp\/v2\/pages\/4260","targetHints":{"allow":["GET"]}}],"collection":[{"href":"https:\/\/opus-folyoirat.sk\/index.php?rest_route=\/wp\/v2\/pages"}],"about":[{"href":"https:\/\/opus-folyoirat.sk\/index.php?rest_route=\/wp\/v2\/types\/page"}],"author":[{"embeddable":true,"href":"https:\/\/opus-folyoirat.sk\/index.php?rest_route=\/wp\/v2\/users\/4"}],"replies":[{"embeddable":true,"href":"https:\/\/opus-folyoirat.sk\/index.php?rest_route=%2Fwp%2Fv2%2Fcomments&post=4260"}],"version-history":[{"count":2,"href":"https:\/\/opus-folyoirat.sk\/index.php?rest_route=\/wp\/v2\/pages\/4260\/revisions"}],"predecessor-version":[{"id":4262,"href":"https:\/\/opus-folyoirat.sk\/index.php?rest_route=\/wp\/v2\/pages\/4260\/revisions\/4262"}],"wp:attachment":[{"href":"https:\/\/opus-folyoirat.sk\/index.php?rest_route=%2Fwp%2Fv2%2Fmedia&parent=4260"}],"curies":[{"name":"wp","href":"https:\/\/api.w.org\/{rel}","templated":true}]}}