{"id":4295,"date":"2025-11-11T20:37:00","date_gmt":"2025-11-11T18:37:00","guid":{"rendered":"https:\/\/opus-folyoirat.sk\/?page_id=4295"},"modified":"2026-01-21T20:39:37","modified_gmt":"2026-01-21T18:39:37","slug":"sajtos-orsi-2","status":"publish","type":"page","link":"https:\/\/opus-folyoirat.sk\/?page_id=4295","title":{"rendered":"Sajtos Orsi"},"content":{"rendered":"\n<p><strong>Holokauszt<\/strong><br><em>(Edith Egernek)<\/em><\/p>\n\n\n<div class=\"has-text-align-right wp-block-post-date\"><time datetime=\"2025-11-11T20:37:00+02:00\">2025-11-11<\/time><\/div>\n\n\n<p>Szil\u00e1nkokra t\u00f6rtem<br>\u00e9s f\u00f6l\u00e1lltam.<br>Pat\u00e1k d\u00fcb\u00f6r\u00f6gtek<br>tova a kozmikus k\u00f6dben. <br>M\u00f6g\u00f6tt\u00fck csonth\u00e9jukt\u00f3l <br>megfosztva hever\u0151 <br>t\u00f6rmel\u00e9kmez\u0151. <br>S\u00e1rb\u00f3l\/ny\u00e1lb\u00f3l <br>v\u00e9gtagokat restaur\u00e1ltam. <br>Mez\u00edtl\u00e1b indultam el<br>a Negev por\u00e1ban.<br>Rongyaim megszaggatva,<br>kopony\u00e1m l\u00e9kre verve,<br>hamut hintettem<br>k\u00e9k agyvelejemre.<br>S\u00edpol\u00f3 g\u00e9g\u00e9m ord\u00edtotta:<br>\u2013 Jahve&#8230;!!!<br>\/\u201e&#8230;az \u00dar nev\u00e9t ne vedd hi\u00e1ba sz\u00e1dra&#8230;\u201d\/ <br>S lett a Sivatagnak<br>\u00fajravir\u00e1gz\u00e1sa.<br>Csoszogva, szomjasan,<br>a jelre v\u00e1rva, jutottam el<br>ism\u00e9t D\u00e1vid v\u00e1ros\u00e1ba.<br>Leomlottak bennem a<br>sirat\u00f3falak&#8230;<br>Isten ege alatt mandulafa<br>fakadt \u2013 vedd sz\u00e9der t\u00e1lamat&#8230;!<\/p>\n","protected":false},"excerpt":{"rendered":"<p>Holokauszt(Edith Egernek) Szil\u00e1nkokra t\u00f6rtem\u00e9s f\u00f6l\u00e1lltam.Pat\u00e1k d\u00fcb\u00f6r\u00f6gtektova a kozmikus k\u00f6dben. M\u00f6g\u00f6tt\u00fck csonth\u00e9jukt\u00f3l megfosztva hever\u0151 t\u00f6rmel\u00e9kmez\u0151. S\u00e1rb\u00f3l\/ny\u00e1lb\u00f3l v\u00e9gtagokat restaur\u00e1ltam. Mez\u00edtl\u00e1b indultam ela Negev por\u00e1ban.Rongyaim megszaggatva,kopony\u00e1m l\u00e9kre verve,hamut hintettemk\u00e9k agyvelejemre.S\u00edpol\u00f3 g\u00e9g\u00e9m ord\u00edtotta:\u2013 Jahve&#8230;!!!\/\u201e&#8230;az \u00dar nev\u00e9t ne vedd hi\u00e1ba sz\u00e1dra&#8230;\u201d\/ S lett a Sivatagnak\u00fajravir\u00e1gz\u00e1sa.Csoszogva, &hellip; <a href=\"https:\/\/opus-folyoirat.sk\/?page_id=4295\">Egy kattint\u00e1s ide a folytat\u00e1shoz&#8230;. <span class=\"meta-nav\">&rarr;<\/span><\/a><\/p>\n","protected":false},"author":4,"featured_media":0,"parent":0,"menu_order":0,"comment_status":"closed","ping_status":"closed","template":"","meta":{"footnotes":""},"class_list":["post-4295","page","type-page","status-publish","hentry"],"_links":{"self":[{"href":"https:\/\/opus-folyoirat.sk\/index.php?rest_route=\/wp\/v2\/pages\/4295","targetHints":{"allow":["GET"]}}],"collection":[{"href":"https:\/\/opus-folyoirat.sk\/index.php?rest_route=\/wp\/v2\/pages"}],"about":[{"href":"https:\/\/opus-folyoirat.sk\/index.php?rest_route=\/wp\/v2\/types\/page"}],"author":[{"embeddable":true,"href":"https:\/\/opus-folyoirat.sk\/index.php?rest_route=\/wp\/v2\/users\/4"}],"replies":[{"embeddable":true,"href":"https:\/\/opus-folyoirat.sk\/index.php?rest_route=%2Fwp%2Fv2%2Fcomments&post=4295"}],"version-history":[{"count":1,"href":"https:\/\/opus-folyoirat.sk\/index.php?rest_route=\/wp\/v2\/pages\/4295\/revisions"}],"predecessor-version":[{"id":4296,"href":"https:\/\/opus-folyoirat.sk\/index.php?rest_route=\/wp\/v2\/pages\/4295\/revisions\/4296"}],"wp:attachment":[{"href":"https:\/\/opus-folyoirat.sk\/index.php?rest_route=%2Fwp%2Fv2%2Fmedia&parent=4295"}],"curies":[{"name":"wp","href":"https:\/\/api.w.org\/{rel}","templated":true}]}}

<p><strong>Holokauszt</strong><br><em>(Edith Egernek)</em></p>


<div class="has-text-align-right wp-block-post-date"><time datetime="2025-11-11T20:37:00+02:00">2025-11-11</time></div>


<p>Szilánkokra törtem<br>és fölálltam.<br>Paták dübörögtek<br>tova a kozmikus ködben. <br>Mögöttük csonthéjuktól <br>megfosztva heverő <br>törmelékmező. <br>Sárból/nyálból <br>végtagokat restauráltam. <br>Mezítláb indultam el<br>a Negev porában.<br>Rongyaim megszaggatva,<br>koponyám lékre verve,<br>hamut hintettem<br>kék agyvelejemre.<br>Sípoló gégém ordította:<br>– Jahve&#8230;!!!<br>/„&#8230;az Úr nevét ne vedd hiába szádra&#8230;”/ <br>S lett a Sivatagnak<br>újravirágzása.<br>Csoszogva, szomjasan,<br>a jelre várva, jutottam el<br>ismét Dávid városába.<br>Leomlottak bennem a<br>siratófalak&#8230;<br>Isten ege alatt mandulafa<br>fakadt – vedd széder tálamat&#8230;!</p>

<p>Holokauszt(Edith Egernek) Szilánkokra törtemés fölálltam.Paták dübörögtektova a kozmikus ködben. Mögöttük csonthéjuktól megfosztva heverő törmelékmező. Sárból/nyálból végtagokat restauráltam. Mezítláb indultam ela Negev porában.Rongyaim megszaggatva,koponyám lékre verve,hamut hintettemkék agyvelejemre.Sípoló gégém ordította:– Jahve&#8230;!!!/„&#8230;az Úr nevét ne vedd hiába szádra&#8230;”/ S lett a Sivatagnakújravirágzása.Csoszogva, &hellip; <a href="https://opus-folyoirat.sk/?page_id=4295">Egy kattintás ide a folytatáshoz&#8230;. <span class="meta-nav">&rarr;</span></a></p>
