{"id":4299,"date":"2025-11-05T20:00:00","date_gmt":"2025-11-05T18:00:00","guid":{"rendered":"https:\/\/opus-folyoirat.sk\/?page_id=4299"},"modified":"2026-01-21T20:43:42","modified_gmt":"2026-01-21T18:43:42","slug":"kovacs-marianna","status":"publish","type":"page","link":"https:\/\/opus-folyoirat.sk\/?page_id=4299","title":{"rendered":"Kov\u00e1cs Marianna"},"content":{"rendered":"\n<p><strong>Med\u00e1li\u00e1k<\/strong><br><em>J\u00f3zsef Attil\u00e1nak<\/em><\/p>\n\n\n<div class=\"has-text-align-right wp-block-post-date\"><time datetime=\"2025-11-05T20:00:00+02:00\">2025-11-05<\/time><\/div>\n\n\n<p>I.<br>A Hold, a V\u00e9nusz f\u00e9nye r\u00e1ng, <br>Ez\u00fcstbe fordul\u00f3 kat\u00e1ng. <br>M\u00e9heket tapos\u00f3 pat\u00e1k, <br>Petesejt p\u00f3tl\u00f3 pasztin\u00e1k \u2013<\/p>\n\n\n\n<p>Pipacs-mez\u0151n, ha hempereg, <br>Az anyja sem ismeri meg, <br>Bossz\u00fas bar\u00e1tja b\u00fas zsebe <br>Neszesemmivel van tele.<\/p>\n\n\n\n<p>II.<br>Teafilter, zs\u00edrosb\u00f6d\u00f6n,<br>N\u0151j\u00f6n h\u00e1tadra p\u00f3tk\u00f6r\u00f6m,<br>Nem tudhatod, kell-e vagy sem, <br>Koponyadomb erdej\u00e9n, lenn.<\/p>\n\n\n\n<p>Csersz\u00f6m\u00f6rce, \u00e9des \u00e1lom <br>Terpeszkedik cs\u00fcl\u00f6k-\u00e1gyon, <br>Hajnalkarom m\u00e9lyed bele, <br>Rinoc\u00e9rosz \u00e9s berkenye.<\/p>\n\n\n\n<p>III.<br>Sal\u00e1ta vagyok \u00e9s retek,<br>T\u00e9rd\u00e9t horzsol\u00f3 kisgyerek, <br>H\u00edmn\u0151s csiga, h\u00e1za-hagyott, <br>Sz\u00e1ll a mad\u00e1r, m\u00e1r megfagyott \u2013<\/p>\n\n\n\n<p>Anyj\u00e1t im\u00e1d\u00f3 im\u00e1g\u00f3, <br>Szenespinc\u00e9ben i\u00e1z\u00f3, <br>Rovarcs\u00edp\u00e9s, kel\u00e9s fejen, <br>Kifakadok. El\u00e9g legyen.<\/p>\n\n\n\n<p>IV.<br>\u00c9n egy vagyok sokak k\u00f6z\u00fcl, <br>Ki foly\u00f3k felett \u00e1trep\u00fcl. <br>M\u00e9gsem vagyok jellegtelen, <br>Sem aljas vagy jellemtelen.<\/p>\n\n\n\n<p>L\u00e1tom m\u00e1s foga feh\u00e9r\u00e9t,<br>Ki belezni nem fog j\u00e9rc\u00e9t, <br>Vadludat nem kerget \u00e9jjel; <br>Megel\u00e9gszik t\u00e1rna-m\u00e9llyel \u2013<\/p>\n","protected":false},"excerpt":{"rendered":"<p>Med\u00e1li\u00e1kJ\u00f3zsef Attil\u00e1nak I.A Hold, a V\u00e9nusz f\u00e9nye r\u00e1ng, Ez\u00fcstbe fordul\u00f3 kat\u00e1ng. M\u00e9heket tapos\u00f3 pat\u00e1k, Petesejt p\u00f3tl\u00f3 pasztin\u00e1k \u2013 Pipacs-mez\u0151n, ha hempereg, Az anyja sem ismeri meg, Bossz\u00fas bar\u00e1tja b\u00fas zsebe Neszesemmivel van tele. II.Teafilter, zs\u00edrosb\u00f6d\u00f6n,N\u0151j\u00f6n h\u00e1tadra p\u00f3tk\u00f6r\u00f6m,Nem tudhatod, kell-e vagy &hellip; <a href=\"https:\/\/opus-folyoirat.sk\/?page_id=4299\">Egy kattint\u00e1s ide a folytat\u00e1shoz&#8230;. <span class=\"meta-nav\">&rarr;<\/span><\/a><\/p>\n","protected":false},"author":4,"featured_media":0,"parent":0,"menu_order":0,"comment_status":"closed","ping_status":"closed","template":"","meta":{"footnotes":""},"class_list":["post-4299","page","type-page","status-publish","hentry"],"_links":{"self":[{"href":"https:\/\/opus-folyoirat.sk\/index.php?rest_route=\/wp\/v2\/pages\/4299","targetHints":{"allow":["GET"]}}],"collection":[{"href":"https:\/\/opus-folyoirat.sk\/index.php?rest_route=\/wp\/v2\/pages"}],"about":[{"href":"https:\/\/opus-folyoirat.sk\/index.php?rest_route=\/wp\/v2\/types\/page"}],"author":[{"embeddable":true,"href":"https:\/\/opus-folyoirat.sk\/index.php?rest_route=\/wp\/v2\/users\/4"}],"replies":[{"embeddable":true,"href":"https:\/\/opus-folyoirat.sk\/index.php?rest_route=%2Fwp%2Fv2%2Fcomments&post=4299"}],"version-history":[{"count":1,"href":"https:\/\/opus-folyoirat.sk\/index.php?rest_route=\/wp\/v2\/pages\/4299\/revisions"}],"predecessor-version":[{"id":4300,"href":"https:\/\/opus-folyoirat.sk\/index.php?rest_route=\/wp\/v2\/pages\/4299\/revisions\/4300"}],"wp:attachment":[{"href":"https:\/\/opus-folyoirat.sk\/index.php?rest_route=%2Fwp%2Fv2%2Fmedia&parent=4299"}],"curies":[{"name":"wp","href":"https:\/\/api.w.org\/{rel}","templated":true}]}}

Kovács Marianna

<p><strong>Medáliák</strong><br><em>József Attilának</em></p>


<div class="has-text-align-right wp-block-post-date"><time datetime="2025-11-05T20:00:00+02:00">2025-11-05</time></div>


<p>I.<br>A Hold, a Vénusz fénye ráng, <br>Ezüstbe forduló katáng. <br>Méheket taposó paták, <br>Petesejt pótló pasztinák –</p>



<p>Pipacs-mezőn, ha hempereg, <br>Az anyja sem ismeri meg, <br>Bosszús barátja bús zsebe <br>Neszesemmivel van tele.</p>



<p>II.<br>Teafilter, zsírosbödön,<br>Nőjön hátadra pótköröm,<br>Nem tudhatod, kell-e vagy sem, <br>Koponyadomb erdején, lenn.</p>



<p>Cserszömörce, édes álom <br>Terpeszkedik csülök-ágyon, <br>Hajnalkarom mélyed bele, <br>Rinocérosz és berkenye.</p>



<p>III.<br>Saláta vagyok és retek,<br>Térdét horzsoló kisgyerek, <br>Hímnős csiga, háza-hagyott, <br>Száll a madár, már megfagyott –</p>



<p>Anyját imádó imágó, <br>Szenespincében iázó, <br>Rovarcsípés, kelés fejen, <br>Kifakadok. Elég legyen.</p>



<p>IV.<br>Én egy vagyok sokak közül, <br>Ki folyók felett átrepül. <br>Mégsem vagyok jellegtelen, <br>Sem aljas vagy jellemtelen.</p>



<p>Látom más foga fehérét,<br>Ki belezni nem fog jércét, <br>Vadludat nem kerget éjjel; <br>Megelégszik tárna-méllyel –</p>

<p>MedáliákJózsef Attilának I.A Hold, a Vénusz fénye ráng, Ezüstbe forduló katáng. Méheket taposó paták, Petesejt pótló pasztinák – Pipacs-mezőn, ha hempereg, Az anyja sem ismeri meg, Bosszús barátja bús zsebe Neszesemmivel van tele. II.Teafilter, zsírosbödön,Nőjön hátadra pótköröm,Nem tudhatod, kell-e vagy &hellip; <a href="https://opus-folyoirat.sk/?page_id=4299">Egy kattintás ide a folytatáshoz&#8230;. <span class="meta-nav">&rarr;</span></a></p>
