{"id":4312,"date":"2025-11-13T20:55:00","date_gmt":"2025-11-13T18:55:00","guid":{"rendered":"https:\/\/opus-folyoirat.sk\/?page_id=4312"},"modified":"2026-01-21T20:57:37","modified_gmt":"2026-01-21T18:57:37","slug":"parragi-eszter","status":"publish","type":"page","link":"https:\/\/opus-folyoirat.sk\/?page_id=4312","title":{"rendered":"Parragi Eszter"},"content":{"rendered":"\n<p><strong>Kerti csillagn\u00e9z\u00e9s Liebenwald\u00e9ban&nbsp;<\/strong><\/p>\n\n\n<div class=\"has-text-align-right wp-block-post-date\"><time datetime=\"2025-11-13T20:55:00+02:00\">2025-11-13<\/time><\/div>\n\n\n<p>ahogy a locsol\u00e1sb\u00f3l feln\u00e9ztem, szinte r\u00e1mzuhant az \u00e9jszakai \u00e9g<br>csak tartottam a cs\u00f6vet valamerre, a v\u00edz meg folyt \u00e9s folyt<br>\u00f3 a fent!!<br>teli, tiszta, porzik<\/p>\n\n\n\n<p><br>&#8222;ide\u00e1lis \u00e9jszaka hull\u00f3csillagokat n\u00e9zni&#8221; mondt\u00e1k ma a r\u00e1di\u00f3ban\u00a0<br>mert a valami el\u00e9ri a valamit<br>z\u00fag, \u00f6mlik a f\u00e9ny\u00a0<br>a Tej\u00fat karny\u00fajt\u00e1snyira<br>szerencs\u00e9re itt alig vannak l\u00e1mp\u00e1k, Liebenwald\u00e9nak m\u00e9g vonat\u00e1llom\u00e1sa sincs<br>csak az \u00e9gi f\u00e9nybolt<br>ott az \u00d6v, az Orion, a Nagymedve, az \u00c9szak Koron\u00e1ja<br>vajon a Kismedve hol van, azt sose tal\u00e1lom<br>a Cassiopeia elny\u00fajtott W-j\u00e9t olvasom\u00a0<br>egy nagyon r\u00e9gi fi\u00fa tan\u00edtotta egy nagyon r\u00e9gi l\u00e1nynak<br>\u00e9s ott van, lehullik egy<br>ott meg elh\u00faz egy m\u00e1sik, f\u00e9lig \u00e9rz\u00e9ki csal\u00f3d\u00e1s<\/p>\n\n\n\n<p><br>a szembeszomsz\u00e9d annyira hangosan hallgatja a t\u00e9v\u00e9t, hogy \u00e9n is hallom a kertben,<br>pedig k\u00f6zt\u00fcnk van az utca<br>sorozatot n\u00e9z<br>az \u00e9n filmv\u00e1sznom\u00a0kicsit nagyobb, mint az \u00f6v\u00e9\u00a0<\/p>\n\n\n\n<p>hogy is van ez, hogy itt van egy ilyen, mint a Tej\u00fat,\u00a0\u00a0<br>\u00e9s akkor egyszer\u00a0csak belesz\u00fcletek \u00e9s\u00a0benne vagyok, vele vagyok<br>\u00e9n\u00a0<br>aki \u0151r\u00fcletes id\u0151kig nem voltam<br>\u00e9s \u0151r\u00fcletes id\u0151kig nem leszek<br>most egy kis id\u0151re k\u00f6zte l\u00e1tom ezt<br>\u00e9s mik\u00f6zben hullok,\u00a0<br>l\u00e1tom, hogy hullik az \u00e9g\u00a0<br>amott megint egy, milyen nagy volt!\u00a0<br>augusztusban hallani a csillagokat<br>m\u00e9g ut\u00e1na is hallom p\u00e1r m\u00e1sodpercig, hogy elt\u0171nt<br>olyan ez, mint a vir\u00e1gszed\u00e9s<br>ott m\u0171hold \u00faszik, amott meg rep\u00fcl\u0151 megy el<br>n\u00e9ha hull\u00f3csillagnak hiszek egy t\u00falgyors\u00a0\u00e9jszakai lepk\u00e9t<\/p>\n\n\n\n<p>k\u00f6zben bemegyek, kihozom a kaj\u00e1t<br>a szomsz\u00e9dn\u00e1l a filmnek, h\u00e1la isten, v\u00e9ge<br>mintha hirtelen \u00e9lesedn\u00e9k a l\u00e1t\u00e1som, vagy csavarn\u00e1nak\u00a0a k\u00e9p\u00e9less\u00e9gen<br>pedig ez csak a cs\u00f6nd<br>lefekszem, a l\u00e1bamat kiny\u00fajtom, bele az \u00e9gbe<br>feh\u00e9r, furcsa forma a m\u00e9ly s\u00f6t\u00e9tben<br>a szomsz\u00e9d horkol<br>mintha sz\u00edv\u00f3sz\u00e1llal sz\u00f6rcs\u00f6ln\u00e9nek\u00a0ki egy v\u00f6dr\u00f6t<br>\u00faristen, de j\u00f3, hogy nem \u00e9n \u00e9lek ezzel a faszival<br>esti t\u00e9v\u00e9, horkol\u00e1s,\u00a0<br>\u0151 m\u00e1r megn\u00e9zte a mag\u00e1\u00e9t, teh\u00e1t mindegy, hogy zavarja az \u00e9n esti mozimat, hull\u00f3csillag-sz\u00e1mol\u00e1somat<br>tizennyolcn\u00e1l tartok, \u00e9s ebb\u0151l legal\u00e1bb \u00f6t NAGYON f\u00e9nyes volt, sisterg\u0151s<\/p>\n\n\n\n<p>hullok lefel\u00e9, \u00e9s a lenti \u00e9gre k\u00f6zben felf\u0171z\u0151dik\u00a0az aranysz\u00edn\u0171 hold<br>h\u00e1trabillen\u0151 k\u00f6nny\u0171 kifli, telt negyed<br>bar\u00e1ts\u00e1gos, s\u00e1rga mesehold<\/p>\n","protected":false},"excerpt":{"rendered":"<p>Kerti csillagn\u00e9z\u00e9s Liebenwald\u00e9ban&nbsp; ahogy a locsol\u00e1sb\u00f3l feln\u00e9ztem, szinte r\u00e1mzuhant az \u00e9jszakai \u00e9gcsak tartottam a cs\u00f6vet valamerre, a v\u00edz meg folyt \u00e9s folyt\u00f3 a fent!!teli, tiszta, porzik &#8222;ide\u00e1lis \u00e9jszaka hull\u00f3csillagokat n\u00e9zni&#8221; mondt\u00e1k ma a r\u00e1di\u00f3ban\u00a0mert a valami el\u00e9ri a valamitz\u00fag, \u00f6mlik &hellip; <a href=\"https:\/\/opus-folyoirat.sk\/?page_id=4312\">Egy kattint\u00e1s ide a folytat\u00e1shoz&#8230;. <span class=\"meta-nav\">&rarr;<\/span><\/a><\/p>\n","protected":false},"author":4,"featured_media":0,"parent":0,"menu_order":0,"comment_status":"closed","ping_status":"closed","template":"","meta":{"footnotes":""},"class_list":["post-4312","page","type-page","status-publish","hentry"],"_links":{"self":[{"href":"https:\/\/opus-folyoirat.sk\/index.php?rest_route=\/wp\/v2\/pages\/4312","targetHints":{"allow":["GET"]}}],"collection":[{"href":"https:\/\/opus-folyoirat.sk\/index.php?rest_route=\/wp\/v2\/pages"}],"about":[{"href":"https:\/\/opus-folyoirat.sk\/index.php?rest_route=\/wp\/v2\/types\/page"}],"author":[{"embeddable":true,"href":"https:\/\/opus-folyoirat.sk\/index.php?rest_route=\/wp\/v2\/users\/4"}],"replies":[{"embeddable":true,"href":"https:\/\/opus-folyoirat.sk\/index.php?rest_route=%2Fwp%2Fv2%2Fcomments&post=4312"}],"version-history":[{"count":1,"href":"https:\/\/opus-folyoirat.sk\/index.php?rest_route=\/wp\/v2\/pages\/4312\/revisions"}],"predecessor-version":[{"id":4313,"href":"https:\/\/opus-folyoirat.sk\/index.php?rest_route=\/wp\/v2\/pages\/4312\/revisions\/4313"}],"wp:attachment":[{"href":"https:\/\/opus-folyoirat.sk\/index.php?rest_route=%2Fwp%2Fv2%2Fmedia&parent=4312"}],"curies":[{"name":"wp","href":"https:\/\/api.w.org\/{rel}","templated":true}]}}