{"id":4375,"date":"2025-12-15T15:04:00","date_gmt":"2025-12-15T13:04:00","guid":{"rendered":"https:\/\/opus-folyoirat.sk\/?page_id=4375"},"modified":"2026-01-22T15:09:02","modified_gmt":"2026-01-22T13:09:02","slug":"jatek-hippokratesszal","status":"publish","type":"page","link":"https:\/\/opus-folyoirat.sk\/?page_id=4375","title":{"rendered":"J\u00e1t\u00e9k Hippokrat\u00e9sszal"},"content":{"rendered":"<div class=\"wp-block-post-date\"><time datetime=\"2025-12-15T15:04:00+02:00\">2025-12-15<\/time><\/div>\n\n\n<div class=\"wp-block-group is-vertical is-layout-flex wp-container-core-group-is-layout-8cf370e7 wp-block-group-is-layout-flex\">\n<blockquote class=\"wp-block-quote is-layout-flow wp-block-quote-is-layout-flow\">\n<p><em>&#8230;\u00e9s im\u00e9 forg\u00f3sz\u00e9l j\u0151 vala \u00e9szakr\u00f3l \u00e9s nagy felh\u0151 t\u0171zzel elegy, melynek k\u00f6rny\u0171le nagy f\u00e9nyess\u00e9g vala, \u00e9s k\u00f6zepette, mint egy t\u00fczes sz\u00ednnek \u00e1br\u00e1zatja, az t\u0171znek tudniillik k\u00f6zepette. \u00c9s annak k\u00f6zepib\u0151l tetsz\u00e9k ki n\u00e9gy lelkes \u00e1llatoknak hasonlatoss\u00e1ga, \u00e9s ez vala az \u0151 \u00e1br\u00e1zatjok, emberi k\u00e9p vala rajtok&#8230;\u201d (Ez\u00e9kiel)<\/em><\/p>\n<\/blockquote>\n\n\n\n<p>A n\u00e9gy idegen d\u00e9lel\u0151tt \u00e9rkezett a v\u00e1rosba. Idegen m\u00e1rk\u00e1j\u00fa aut\u00f3jukkal az \u00e1ruh\u00e1z el\u0151tti parkol\u00f3 betonlapjain parkoltak le, \u00e9s a v\u00f6r\u00f6s inges vezet\u0151 meg a mellette \u00fcl\u0151 fekete szokny\u00e1s n\u0151 sz\u00e1llt ki \u00e9rdekl\u0151dni. Els\u0151k\u00e9nt Vak Jancsival akadtak \u00f6ssze, aki f\u00e9nyesre koptatott kapukulcs\u00e1val a bank el\u0151tti korl\u00e1t mellett \u00e1lldog\u00e1lt. A padon \u00fcl\u0151 f\u00e9rfiak k\u00f6z\u00fcl az egyik r\u00f6gt\u00f6n fel\u00e1llt \u00e9s odament hozz\u00e1juk, s mik\u00f6zben magyar\u00e1zott, alaposan megn\u00e9zte mag\u00e1nak a n\u0151 melleit, melyek mintha megig\u00e9zt\u00e9k volna.<\/p>\n\n\n\n<p>Miut\u00e1n megtudt\u00e1k, amit akartak, a k\u00f6nyvesboltba t\u00e9rtek be, ahol t\u00f6bb k\u00f6nyvet is vettek. Egyikbe-m\u00e1sikba belelapoztak, b\u00e1r a n\u0151 ink\u00e1bb csak \u00e1tpergette a lapokat v\u00e9kony ujjai k\u00f6z\u00f6tt, s ink\u00e1bb a f\u00e9rfi volt az, akinek hosszabb id\u0151re volt sz\u00fcks\u00e9ge a d\u00f6nt\u00e9shez.<\/p>\n\n\n\n<p>\u2014 L\u00e1tod? \u2014 fordult a n\u0151h\u00f6z, \u00e9s a k\u00f6vetkez\u0151ket olvasta fel: \u2014 \u201eAz \u00e9let legnagyobb \u00f6r\u00f6me, ha valaki r\u00e1\u00e9bred, hogy \u00e9lete olyan c\u00e9lt szolg\u00e1l, amelynek \u0151 ismerte fel a nagys\u00e1g\u00e1t.\u201d<\/p>\n\n\n\n<p>\u2014 Igen \u2014 felelte a n\u0151, \u00e9s az el\u00e1rus\u00edt\u00f3n\u0151 biztat\u00f3an mosolygott r\u00e1juk. Abban a pillanatban mind a h\u00e1rman egyetlen pontra tekintettek, \u00e9s ez meleg meghitts\u00e9ggel t\u00f6lt\u00f6tte meg a helyis\u00e9get.<\/p>\n\n\n\n<p>A v\u00e1s\u00e1rl\u00e1s ut\u00e1n csatlakozott hozz\u00e1juk az addig az aut\u00f3ban \u00fcld\u00f6g\u00e9l\u0151 m\u00e1sik p\u00e1r is \u00e9s egy\u00fctt s\u00e9t\u00e1ltak a r\u00e9gi sz\u00e1llod\u00e1hoz, hogy sz\u00e1ll\u00e1st foglaljanak maguknak. K\u00f6zben mindenhov\u00e1 ben\u00e9ztek, minden\u00fctt megfordultak, k\u00f6sz\u00f6ntek, \u00e9s jeleket hagytak maguk ut\u00e1n, mintha az lenne a sz\u00e1nd\u00e9kuk, hogy az eg\u00e9sz v\u00e1rossal tudass\u00e1k: meg\u00e9rkeztek.<\/p>\n\n\n\n<p>A n\u0151 r\u00e1g\u00f3gumit osztogatott a gyerekeknek, \u00e9s ugyanazt a jelet rajzolta v\u00e9kony ujj\u00e1val a poros ablak\u00fcvegre \u00e9s az aut\u00f3k oldal\u00e1ra.<\/p>\n\n\n\n<p>Egyed\u00fcl Vak Jancsit nem tudt\u00e1k becsapni. F\u00e9nyes kapukulcs\u00e1t szorongatva csendesen ment be a kocsm\u00e1ba egy felesre, hogy megmelegedjen, mert ebben a n\u00e9gy emberben rettenetes \u0171rt \u00e9s hideget \u00e9rzett&#8230;<\/p>\n\n\n\n<p>Ez id\u0151 t\u00e1jt a kocsm\u00e1ros, aki miatt a n\u00e9gy ember a v\u00e1rosba j\u00f6tt, a r\u00e9gi focip\u00e1lya m\u00f6g\u00f6tti kan\u00e1lis partj\u00e1n \u00e1llt, s mik\u00f6zben nem messze t\u0151le sz\u00ednes ruh\u00e1j\u00fa gyermekek egy eg\u00e9szen m\u00e1s vil\u00e1g szentj\u00e1noskenyer\u00e9t szedt\u00e9k, \u0151 elgondolkozva a b\u00e9k\u00e1kat n\u00e9zte, amint a fekete-v\u00f6r\u00f6s v\u00edzparton ugr\u00e1ltak.<\/p>\n\n\n\n<p>K\u00e9s\u0151bb visszam\u00e1szott a p\u00e1ly\u00e1t hat\u00e1rol\u00f3 hull\u00e1mpl\u00e9h ker\u00edt\u00e9s r\u00e9s\u00e9n, melyet valami sz\u00e1m\u00e1ra k\u00f6zeli, megfoghat\u00f3, \u00e1m nem fontos elgondol\u00e1s alapj\u00e1n val\u00f3sz\u00edn\u0171leg az erre rendszeresen j\u00e1r\u00f3k alak\u00edtottak ki.<\/p>\n\n\n\n<p>Arra gondolt, milyen nagy \u00fcnneps\u00e9geket rendeztek valamikor r\u00e9gen ezen a p\u00e1ly\u00e1n. Gy\u00fclekezett a t\u00f6meg, a hangsz\u00f3r\u00f3kb\u00f3l harsogott a zene, a sz\u00f3nokok szinte v\u00e9g n\u00e9lk\u00fcl besz\u00e9ltek, s a himnusz alatt rengeteg galambot engedtek szabadon.<\/p>\n\n\n\n<p>Egyszer, k\u00e9s\u0151bb, egy j\u00f3l siker\u00fclt f\u00e9nyk\u00e9pet k\u00e9sz\u00edtett egy kis, kezd\u0151knek val\u00f3 f\u00e9nyk\u00e9pez\u0151g\u00e9ppel. K\u00fcl\u00f6n\u00f6s, megism\u00e9telhetetlen pillanatot ejtett rabul, \u00e9s mindenki rendk\u00edv\u00fcl \u00f6r\u00fclt neki.<\/p>\n\n\n\n<p>hirtelen elhat\u00e1rozta, hogy felnyitja a g\u00e9p h\u00e1tulj\u00e1t, \u00e9s kih\u00fazza a kazett\u00e1b\u00f3l a filmet, hogy tiszt\u00e1n hallhassa a galambok sz\u00e1rnysuhog\u00e1s\u00e1t&#8230; Persze ezt is csak k\u00e9s\u0151bb \u00e9rtette meg, amikor egy ker\u00e1miast\u00fadi\u00f3ban j\u00e1rva, az \u00e9getett form\u00e1k k\u00f6z\u00f6tt egy alaktalan s\u00e1rga l\u00e1ngot vett \u00e9szre.<\/p>\n\n\n\n<p>A p\u00e1lya az \u00f3ta megv\u00e1ltozott. Olyan lett, ak\u00e1r egy hatalmas lyukas abrosz, a k\u00f6zep\u00e9n kikopott a gyep, \u00e9s csak a sz\u00e9l\u00e9t szeg\u00e9lyezte gy\u00e9ren a f\u0171.<\/p>\n\n\n\n<p>Abban a pillanatban \u00fagy \u00e9rezte ezt az eg\u00e9szet, mint ahogyan egy idegen arany kar\u00f3r\u00e1t csod\u00e1l az ember.<\/p>\n\n\n\n<p>H\u00e1rom g\u00f3lya rep\u00fclt el felette, \u00e9s \u00e1tsuhan\u00f3 \u00e1rny\u00e9kuk felriasztotta a t\u00e9pel\u0151d\u00e9sb\u0151l.<\/p>\n\n\n\n<p>P\u00e1r nappal k\u00e9s\u0151bb, mikor m\u00e1r az eg\u00e9sz v\u00e1ros tudom\u00e1st szerzett a v\u00e1s\u00e1rr\u00f3l, egy \u00fajs\u00e1g\u00edr\u00f3 \u00e1llt meg a r\u00e9gi futballp\u00e1lya mellett, amely most m\u00e1r a kocsm\u00e1ros tulajdon\u00e1t k\u00e9pezte. K\u00fcl\u00f6nb\u00f6z\u0151 tal\u00e1lgat\u00e1sok keltek l\u00e1bra nyer\u00e9szked\u00e9s\u00e9r\u0151l \u00e9s a l\u2019art brut sz\u00e9ls\u0151s\u00e9ges megnyilv\u00e1nul\u00e1s\u00e1r\u00f3l. Egy azonban bizonyos volt. Ak\u00e1r legyintettek, ak\u00e1r komolyan vett\u00e9k, valahogy az eg\u00e9sz \u201eolyan ideges\u00edt\u0151\u201d volt.<\/p>\n\n\n\n<p>\u0150, teljesen megmagyar\u00e1zhatatlanul, a bossz\u00fara gondolt. A kocsm\u00e1ros valakin vagy valakiken bossz\u00fat akar \u00e1llni. A nyer\u00e9szked\u00e9st \u00e9s minden egyebet kiz\u00e1rtnak tartotta.<\/p>\n\n\n\n<p>Egyszer egy emeletes b\u00e9rh\u00e1z ablak\u00e1b\u00f3l egy kisfi\u00fa hal\u00e1l\u00e1nak szeml\u00e9l\u0151je volt a feles\u00e9g\u00e9vel egy\u00fctt. A megk\u00f6t\u00f6z\u00f6tt kis \u00e1ldozat fej\u00e9re k\u00e9t m\u00e1sik gyerek nylonzacsk\u00f3t h\u00fazott, szorosan megk\u00f6t\u00f6tt\u00e9k, majd elszaladtak.<\/p>\n\n\n\n<p>Mire leszaladtak a harmadik emeletr\u0151l, k\u00f6rbefutott\u00e1k a h\u00e1zt\u00f6mb\u00f6t \u00e9s megtal\u00e1lt\u00e1k a bej\u00e1ratot a szomsz\u00e9d udvarra, a kisfi\u00fa m\u00e1r nem \u00e9lt. Erre a jelenetre eml\u00e9kezve szerette volna, ha az eg\u00e9sz vil\u00e1g vele szenved, \u00e9rdekes m\u00f3don viszont a k\u00e9pet, a benne r\u00f6gz\u0151d\u00f6tt jelenetet nem adta volna semmi\u00e9rt a vil\u00e1gon.<\/p>\n\n\n\n<p>\u2014 Mi m\u00e1s, ha nem bossz\u00fa? \u2014 k\u00e9rdezte, \u00e9s most hasonl\u00f3 \u00e9rz\u00e9sekkel k\u00fcszk\u00f6d\u00f6tt, mint akkor.<\/p>\n\n\n\n<p>Sajnos, ami\u00f3ta a kocsm\u00e1ros megk\u00f6t\u00f6tte ezt a v\u00e1s\u00e1rt a v\u00e1ros vezet\u0151ivel, teljesen megk\u00f6zel\u00edthetetlen lett. Visszavonult nyugd\u00edjas m\u00f3dj\u00e1n \u00e9lt, nem j\u00e1rt ki a v\u00e1rosba, \u00e9s senkit sem fogadott. M\u00e9g \u0151t, az \u00fajs\u00e1g\u00edr\u00f3t sem. \u00cdgy azt\u00e1n csak felt\u00e9telez\u00e9sekre, idegen v\u00e9lem\u00e9nyekre hagyatkozhatott, \u00e9s meg kellett \u00e1llap\u00edtania, imm\u00e1r ki tudja h\u00e1nyadszor, hogy a hipot\u00e9zis a legv\u00e9dtelenebb valami a vil\u00e1gon.<\/p>\n\n\n\n<p>M\u00e1r visszafel\u00e9 indult, amikor megpillantotta a n\u0151t.<\/p>\n\n\n\n<p>A v\u00e1rosban besz\u00e9ltek r\u00f3la, hogy valamikor meglehet\u0151sen szabados \u00e9letet \u00e9lt, egy ideje azonban mintha megbolondult volna, s elmaradoztak t\u0151le a f\u00e9rfiak. Az\u00f3ta egyed\u00fcl \u00e9l.<\/p>\n\n\n\n<p>A fekete kocsija z\u00e1rj\u00e1val babr\u00e1lt, nem z\u00e1r\u00f3dott az els\u0151 ajt\u00f3. Felaj\u00e1nlotta a seg\u00edts\u00e9get, \u00e9s a bemutatkoz\u00f3 k\u00e9zfog\u00e1sn\u00e1l meglepve tapasztalta, mennyire sz\u00e1raz a n\u0151 tenyere. A szeme viszont tisztas\u00e1got sug\u00e1rzott, \u00e9s akkor meg arra gondolt, mi\u00e9rt visel a n\u0151 fekete ruh\u00e1t, amikor az emberek csupa feh\u00e9rben \u00e9s s\u00e1rg\u00e1ban j\u00e1rnak?<\/p>\n\n\n\n<p>Mik\u00f6zben a z\u00e1rat jav\u00edtotta, csak p\u00e1r sz\u00f3t v\u00e1ltottak, \u00e9ppen ez\u00e9rt meglepte, amikor a b\u00facs\u00faz\u00e1sn\u00e1l a n\u0151 a k\u00f6vetkez\u0151ket mondta neki:<\/p>\n\n\n\n<p>\u2014 Megl\u00e1tja, milyen sz\u00e9p temet\u0151 lesz itt nemsok\u00e1ra \u2014 \u00e9s fej\u00e9vel a p\u00e1lya fel\u00e9 intett. Ekkor \u00fagy v\u00e9lte, \u00e9rti a hal\u00e1l tisztas\u00e1g\u00e1t \u00e9s a N\u0151k feketes\u00e9g\u00e9t. A n\u0151 a fekete f\u00f6ld, a f\u00e9rfi a v\u00f6r\u00f6s l\u00e1ng.<\/p>\n\n\n\n<p>Megd\u00f6bbenve n\u00e9zett v\u00e9gig saj\u00e1t v\u00f6r\u00f6s ing\u00e9n, \u00e9s amikor egy \u00e1rny\u00e9k h\u00fazott el mellette, rem\u00e9lte, nem pap\u00edrs\u00e1rk\u00e1ny az.<\/p>\n\n\n\n<p>K\u00e9s\u0151bb meztelen\u00fcl fek\u00fcdtek egym\u00e1s mellett, \u00e9s arra gondolt, mennyire szembes\u00edthetetlenek a n\u0151 \u00e9rdekei k\u00f6rnyezet\u00e9vel. Saj\u00e1t mag\u00e1nya rem\u00e9nytelens\u00e9g\u00e9vel tekintett v\u00e9gig a feh\u00e9r sz\u0151nyegen sz\u00e9tsz\u00f3rt fekete lemezbor\u00edt\u00f3kon. A n\u0151 minden egyes lemez\u00e9t fekete tokban tartotta.<\/p>\n\n\n\n<p>Lassan simogatni kezdte, \u00e9s hallgatta, miket mond a n\u0151 a hal\u00e1lr\u00f3l.<\/p>\n\n\n\n<p>\u2014 Tudod, az lesz az igazi, ha az emberis\u00e9g sz\u00e1m\u00e1ra a hal\u00e1l ism\u00e9t val\u00f3di k\u00f6z\u00f6ss\u00e9gi \u00e9lm\u00e9nny\u00e9 v\u00e1lik.<\/p>\n\n\n\n<p>K\u00e9s\u0151bb meg azt mondta:<\/p>\n\n\n\n<p>\u2014 Ha akarod, meghalok, hogy tal\u00e1lkozhass a Hal\u00e1llal. De nagyon kell majd figyelned! \u2014 \u00e9s v\u00e9kony ujj\u00e1t figyelmeztet\u0151en felemelte. Hossz\u00fa, lakkozott k\u00f6rm\u00e9n megcsillant a f\u00e9ny.<\/p>\n\n\n\n<p>Id\u0151k\u00f6zben a n\u00e9gy idegenr\u0151l is kider\u00fclt, hogy a kocsm\u00e1rossal keresik a kapcsolatot, s\u0151t id\u0151nk\u00e9nt m\u00e1r siker\u00fclt elbesz\u00e9lgetni\u00fck vele. Mivel mindenki \u00fagy tudta, hogy a kocsm\u00e1ros megbolondult, \u00e9s a r\u00e9gi futballp\u00e1ly\u00e1n temet\u0151t k\u00edv\u00e1n \u201eberendezni\u201d, aki csak tudott, igyekezett a n\u00e9gy idegent\u0151l valamilyen inform\u00e1ci\u00f3t szerezni r\u00f3la. \u00c1m azok mindenr\u0151l sz\u00edvesen besz\u00e9ltek, kiv\u00e9ve a kocsm\u00e1rossal val\u00f3 kapcsolatukat.<\/p>\n\n\n\n<p>\u2014 Ugyan mit \u00e9rtene meg a mi v\u00e9lem\u00e9ny\u00fcnkb\u0151l, ha \u00f6nmaga nem k\u00e9pes r\u00e1j\u00f6nni bizonyos dolgokra \u2014 mondta a v\u00f6r\u00f6s inges f\u00e9rfi a pinc\u00e9rnek, \u00e9s val\u00f3ban, ezek ut\u00e1n m\u00e1r egy sz\u00f3t sem sz\u00f3ltak az \u00fcgyr\u0151l. Tal\u00e1n a m\u00e1sik f\u00e9rfi egy kiss\u00e9 komorabban \u00fclt az itala mellett, \u00e1lla alatt tartott k\u00e9zzel, mintha hatalmas t\u00fccs\u00f6kk\u00e9nt stridul\u00e1ci\u00f3ra k\u00e9sz\u00fclne.<\/p>\n\n\n\n<p>Az \u0151r\u00fclt n\u0151 ez este h\u0171 maradt az \u00fajs\u00e1g\u00edr\u00f3hoz. Felment ugyan egy ismer\u0151se lak\u00e1s\u00e1ra, megivott vele k\u00e9t konyakot \u00e9s megn\u00e9zett egy r\u00f6vid porn\u00f3r\u00e9szletet a vide\u00f3j\u00e1n, de azt\u00e1n fel\u00e1llt \u00e9s elk\u00f6sz\u00f6nve hazaindult a s\u00f6t\u00e9t \u00e9jszak\u00e1ban. B\u00e1r ker\u00fcl\u0151t jelentett, a r\u00e9gi futballp\u00e1lya fel\u00e9 vette \u00fatj\u00e1t, amelyen m\u00e1r \u00faj vaskapu s\u00f6t\u00e9tlett, s azon t\u00fal, az utcai neonok f\u00e9ny\u00e9ben j\u00f3l l\u00e1tszottak a frissen \u00e1sott g\u00f6dr\u00f6k melletti f\u00f6ldh\u00e1ny\u00e1sok.<\/p>\n\n\n\n<p>A telihold alatt meg\u00e1llva a porn\u00f3film szerepl\u0151ire gondolt, akiket r\u00e9gi bar\u00e1tj\u00e1nak lak\u00e1s\u00e1n l\u00e1tott p\u00e1r perce. Hidegen gondolt az izzads\u00e1gt\u00f3l csillog\u00f3 meztelen testekre, \u00e9s \u00fagy \u00e9rezte, el\u00e9g szil\u00e1rdan \u00e1ll az els\u0151 s\u00edk lapj\u00e1n.<\/p>\n\n\n\n<p>\u00c1lm\u00e1ban megint szeretett volna rep\u00fclni, \u00e1m ism\u00e9t v\u00e9r folyt a mell\u00e9b\u0151l. Elhessegette a gondolatot, \u00e9s a versford\u00edt\u00e1ssal kezdett foglalkozni. Egy keleti verset szeretett volna saj\u00e1t nyelv\u00e9re \u00e1t\u00fcltetni, de m\u00e1r nagyon r\u00e9gen sikertelen\u00fcl. A legutols\u00f3 v\u00e1ltozat \u00edgy hangzott: Nem \u00e9rte s\u00edrok, ne nevess, \/ Nem oly hal\u00e1los szerelem ez, \/ Csak ez a csirkefog\u00f3 szell\u0151 \/ Csalt szememb\u0151l k\u00f6nnyet el\u0151. Persze ezzel sem volt megel\u00e9gedve, \u00e9s \u00fagy \u00e9rezte, a versford\u00edt\u00e1st nem neki tal\u00e1lt\u00e1k ki. Az ilyen fel\u00fcletes dolgokat egy\u00e9bk\u00e9nt Szabad Kifut\u00e1snak nevezte, s meg volt r\u00f3la gy\u0151z\u0151dve, hogy csak mag\u00e1nyosan oldhat\u00f3k meg.<\/p>\n\n\n\n<p>Csal\u00e1dban m\u00e9g szenvedni sem szenvedhet \u00f6nfeledten az ember, gondolta. Mesterk\u00e9ltnek \u00e9s ink\u00e1bb szenvelg\u00e9snek hatna, r\u00e1ad\u00e1sul \u00e1lland\u00f3an hat\u00e1rt szabnak neki a k\u00f6r\u00fclm\u00e9nyek \u2014 mintha a f\u00e1jdalomnak lehetne hat\u00e1rt szabni \u2014, s \u00edgy \u00e1lland\u00f3an apr\u00f3 t\u00fcsk\u00e9k maradnak az ember lelk\u00e9ben, ahogyan a kuty\u00e1k h\u00fas\u00e1ban a beszakadt kullancsfejek.<\/p>\n\n\n\n<p>Kellemesen \u00e9rezte mag\u00e1t, az alkohol nem hatott r\u00e1 b\u00f3d\u00edt\u00f3an, s\u0151t ellenkez\u0151leg, mintha mindent tiszt\u00e1bban l\u00e1tott volna.<\/p>\n\n\n\n<p>K\u00f6r\u00fcltekintve az \u00e9rtelmez\u00e9snek eme, sz\u00e1m\u00e1ra els\u0151 szintj\u00e9n, moh\u00f3 kapzsis\u00e1ggal \u00e9s izgatott t\u00fcrelmetlens\u00e9ggel tekintett az \u00fajabb fok fel\u00e9.<\/p>\n\n\n\n<p>Ekkor azonban l\u00e9pteket hallott, \u00e9s a n\u00e9gy idegent pillantotta meg, akik p\u00e1r napja \u00e9rkeztek a v\u00e1rosba. Csendesen, egyetlen sz\u00f3 n\u00e9lk\u00fcl k\u00f6zeledtek az \u00fat teljes sz\u00e9less\u00e9g\u00e9ben.<\/p>\n\n\n\n<p>Nem \u00e9rtette, mit keres a k\u00f6nnycsepp a szem\u00e9ben&#8230;<\/p>\n\n\n\n<p>Az \u00fajs\u00e1g\u00edr\u00f3, aki p\u00e1r perccel k\u00e9s\u0151bb fizette ki sz\u00e1ml\u00e1j\u00e1t az \u00e9tteremben, csak k\u00e9sve eredhetett a t\u00e1voz\u00f3 n\u00e9gy idegen nyom\u00e1ba, azzal az elt\u00f6k\u00e9lt sz\u00e1nd\u00e9kkal, hogy megpr\u00f3b\u00e1lja \u0151ket sz\u00f3ra b\u00edrni. Igen, csak el\u0151re, hajtotta mag\u00e1ban, s ismer\u0151s\u00f6k \u00fatmutat\u00e1sai nyom\u00e1n eg\u00e9szen a futballp\u00e1ly\u00e1ig siker\u00fclt k\u00f6vetnie \u0151ket, \u00e1m ott a n\u00e9gy idegennek nyoma veszett. Odal\u00e9pett a hatalmas kov\u00e1csoltvas kapuhoz, \u00e9s bepillantott. A ki\u00e1sott g\u00f6dr\u00f6k katon\u00e1s rendben sorakoztak egym\u00e1s mellett, a kapun hatalmas lakat l\u00f3gott. \u00c9rtetlen\u00fcl n\u00e9zett k\u00f6r\u00fcl. Hiszen csak p\u00e1r percr\u0151l volt sz\u00f3. Vajon hova t\u0171nhettek?<\/p>\n\n\n\n<p>Azt\u00e1n visszament a vaskapuhoz. L\u00e1m. M\u00e9giscsak igaza lett a n\u0151nek: \u201eMegl\u00e1tja, milyen sz\u00e9p temet\u0151 lesz itt nemsok\u00e1ra.\u201d<\/p>\n\n\n\n<p>A profanum volgus m\u00e1r el is nevezte a ter\u00fcletet mag\u00e1ntemet\u0151nek, \u00e1m \u0151 tiszt\u00e1n l\u00e1tta a m\u00e9rleget, melynek egyik serpeny\u0151je lejjebb billent, \u00e9s Yeats szavai jutottak esz\u00e9be:<\/p>\n<\/div>\n\n\n\n<div class=\"wp-block-group is-vertical is-layout-flex wp-container-core-group-is-layout-8cf370e7 wp-block-group-is-layout-flex\">\n<p>M\u00e9rlegeltem, mi volt s mi lesz,<\/p>\n\n\n\n<p>\u00e9s \u00fagy tal\u00e1ltam, mindegy, mi v\u00e1r,<\/p>\n\n\n\n<p>egyens\u00falyban tartja \u00fcres<\/p>\n\n\n\n<p>\u00e9letem az \u00fcres hal\u00e1l.<\/p>\n<\/div>\n\n\n\n<p class=\"has-text-align-right\"><em>Hogya Gy\u00f6rgy<\/em><\/p>\n","protected":false},"excerpt":{"rendered":"<p>&#8230;\u00e9s im\u00e9 forg\u00f3sz\u00e9l j\u0151 vala \u00e9szakr\u00f3l \u00e9s nagy felh\u0151 t\u0171zzel elegy, melynek k\u00f6rny\u0171le nagy f\u00e9nyess\u00e9g vala, \u00e9s k\u00f6zepette, mint egy t\u00fczes sz\u00ednnek \u00e1br\u00e1zatja, az t\u0171znek tudniillik k\u00f6zepette. \u00c9s annak k\u00f6zepib\u0151l tetsz\u00e9k ki n\u00e9gy lelkes \u00e1llatoknak hasonlatoss\u00e1ga, \u00e9s ez vala az &hellip; <a href=\"https:\/\/opus-folyoirat.sk\/?page_id=4375\">Egy kattint\u00e1s ide a folytat\u00e1shoz&#8230;. <span class=\"meta-nav\">&rarr;<\/span><\/a><\/p>\n","protected":false},"author":4,"featured_media":0,"parent":0,"menu_order":0,"comment_status":"closed","ping_status":"closed","template":"","meta":{"footnotes":""},"class_list":["post-4375","page","type-page","status-publish","hentry"],"_links":{"self":[{"href":"https:\/\/opus-folyoirat.sk\/index.php?rest_route=\/wp\/v2\/pages\/4375","targetHints":{"allow":["GET"]}}],"collection":[{"href":"https:\/\/opus-folyoirat.sk\/index.php?rest_route=\/wp\/v2\/pages"}],"about":[{"href":"https:\/\/opus-folyoirat.sk\/index.php?rest_route=\/wp\/v2\/types\/page"}],"author":[{"embeddable":true,"href":"https:\/\/opus-folyoirat.sk\/index.php?rest_route=\/wp\/v2\/users\/4"}],"replies":[{"embeddable":true,"href":"https:\/\/opus-folyoirat.sk\/index.php?rest_route=%2Fwp%2Fv2%2Fcomments&post=4375"}],"version-history":[{"count":2,"href":"https:\/\/opus-folyoirat.sk\/index.php?rest_route=\/wp\/v2\/pages\/4375\/revisions"}],"predecessor-version":[{"id":4378,"href":"https:\/\/opus-folyoirat.sk\/index.php?rest_route=\/wp\/v2\/pages\/4375\/revisions\/4378"}],"wp:attachment":[{"href":"https:\/\/opus-folyoirat.sk\/index.php?rest_route=%2Fwp%2Fv2%2Fmedia&parent=4375"}],"curies":[{"name":"wp","href":"https:\/\/api.w.org\/{rel}","templated":true}]}}