{"id":4385,"date":"2025-12-19T15:00:00","date_gmt":"2025-12-19T13:00:00","guid":{"rendered":"https:\/\/opus-folyoirat.sk\/?page_id=4385"},"modified":"2026-01-22T15:20:02","modified_gmt":"2026-01-22T13:20:02","slug":"szeder-reka","status":"publish","type":"page","link":"https:\/\/opus-folyoirat.sk\/?page_id=4385","title":{"rendered":"Szeder R\u00e9ka"},"content":{"rendered":"<div class=\"wp-block-post-date\"><time datetime=\"2025-12-19T15:00:00+02:00\">2025-12-19<\/time><\/div>\n\n\n<div class=\"wp-block-group is-vertical is-layout-flex wp-container-core-group-is-layout-8cf370e7 wp-block-group-is-layout-flex\">\n<p><strong>Ahogyan r\u00e1d eml\u00e9kez\u00fcnk<\/strong><br><\/p>\n\n\n\n<p>\u201eEgy nagyszer\u0171 f\u00e9rfit temett\u00fcnk ma. Egy olyan f\u00e9rfit, aki rengeteget tett a k\u00f6z\u00e9rt. Mindenki szerette, \u00e9s h\u00e1t \u0151 mindenkihez j\u00f3 volt. Kiv\u00e1l\u00f3 csal\u00e1dapa, j\u00f3 f\u00e9rj. Ezt az embert temetj\u00fck mi ma el. Lelke legyen k\u00f6nny\u0171, s legyen neki k\u00f6nny\u0171 e f\u00f6ld, ahov\u00e1 ker\u00fclt. Kedves testv\u00e9reim, most b\u00facs\u00fat vesz\u00fcnk Sz\u00e1ni Kriszti\u00e1n f\u00f6ldi tes- t\u00e9t\u0151l, de eml\u00e9ke \u00f6r\u00f6kk\u00f6n \u00f6r\u00f6kk\u00e9 \u00e9lni fog sz\u00edveinkben. Im\u00e1dkozzunk h\u00e1t ezekkel a sz\u00edvekkel, itt \u2013 mutat mellkas\u00e1ra, majd k\u00f6rbe, \u00f3vatosan, hogy ne legyen oly\u2019 heves, mint Elon \u2013, hogy Isten fogadja \u0151t be a mennyorsz\u00e1g kapuj\u00e1n \u00e1t a menny- orsz\u00e1gba, \u00e9s \u00f6r\u00f6k \u00e9letre \u00edt\u00e9lje ott, f\u00f6nn. Vigasztaljon h\u00e1t minket Isten, t\u00f6ltse ki t\u00e1tong\u00f3 lyukainkat, s \u00e1ldjon meg b\u00e9k\u00e9ben mindny\u00e1junkat, kik hisz\u00fcnk. \u00c1men.\u201d<\/p>\n\n\n\n<p>A fiatal pap leugr\u00e1lt a verand\u00e1r\u00f3l, a temet\u00e9s v\u00e9get \u00e9rt. A volt csal\u00e1dapa volt csa- l\u00e1dja borozik otthon a konyh\u00e1ban. Exneje, Erika, h\u00e1trahagyott, imm\u00e1ron feln\u0151tt gyermekei, Ferenc \u00e9s Mariett. Azt az\u00e9rt m\u00e9g tegy\u00fck hozz\u00e1, hogy Kriszti\u00e1n igen tisztess\u00e9ges kort \u00e9lt meg, nyolcvanhat \u00e9vesen t\u00e1vozott el k\u00f6z\u00fcl\u00fcnk, volt feles\u00e9ge, gyermekei anyja, pedig t\u00edz \u00e9vvel \u00e9s nyolc h\u00f3nappal volt fiatalabb n\u00e1la, ment\u00e1lis k\u00e9pess\u00e9gei pedig m\u00e9g nem kezdtek el hanyatlani. Frissen tartja mag\u00e1t, kor\u00e1hoz m\u00e9rten akt\u00edv \u00e9letet \u00e9l. Az\u00e9rt s\u00edelni, sz\u00f6rf\u00f6zni \u00e9s motorozni m\u00e1r sajnos nem tud \u2013 igaz, nem is tudott soha, de az utazgat\u00e1s rep\u00fcl\u0151vel m\u00e9g belef\u00e9r neki egy-egy sz\u00e9p \u00fcd\u00fcl\u0151paradicsomba, p\u00e9ld\u00e1ul a Baham\u00e1kra. Besz\u00e9lget\u00e9s\u00fcnket teh\u00e1t \u0151 nyitja:<\/p>\n\n\n\n<p>\u2013 Az\u00e9rt, azt el kell ismernem, hogy nem a legjobb temet\u00e9si besz\u00e9det hallottuk ma.<\/p>\n\n\n\n<p>\u2013 Borzalmas volt, anya \u2013 helyeselt Mariett. \u2013 De legal\u00e1bb tisztess\u00e9ges temet\u00e9st kapott, mint amilyen \u0151 volt.<\/p>\n\n\n\n<p>Anyja szomor\u00faan les\u00fct\u00f6tte a szem\u00e9t, elmosolyodott, majd kiitta a marad\u00e9k bort, \u00e9s \u00fajrat\u00f6lt\u00f6tt mag\u00e1nak a harmadik megkezdett palackb\u00f3l.<\/p>\n\n\n\n<p>\u2013 Az\u00e9rt \u00e9n \u00f6r\u00fcltem volna, ha egy kicsit t\u00f6bb id\u0151t t\u00f6lt velem, nem mindig az irod\u00e1j\u00e1ban gubbaszt \u2013 h\u00fazta meg a sz\u00e1j\u00e1t Ferenc.<\/p>\n\n\n\n<p>\u2013 Az\u00e9rt annak \u00f6r\u00fclt\u00e9l, amikor a n\u00e9gy hetes n\u00e1szutadat fizette Hawaiira, majd onnan Mexik\u00f3ba \u2013 \u00e9lcel\u0151d\u00f6tt a testv\u00e9re.<\/p>\n\n\n\n<p>\u2013 Maradj m\u00e1r, te meg egy \u00faj b\u00e9emv\u00e9t kapt\u00e1l, mikor m\u00e9g meg sem volt a jogsid, csak hogy hagyd abba a b\u0151g\u00e9st v\u00e9gre, mert meghalt Marci.<\/p>\n\n\n\n<p>\u2013 Ferenc! Ne b\u00e1ntsd a testv\u00e9redet a saj\u00e1t testv\u00e9red hal\u00e1l\u00e1val! Az eg\u00e9sz csal\u00e1d szenvedett. Mindenki szenvedett! Az \u00e9g szerelm\u00e9re, ne marakodjatok m\u00e1r. Mi\u00e9rt kell mindig ezt? J\u00f3l tudj\u00e1tok, hogy ap\u00e1tok k\u00e9ptelen volt kimutatni a szeretet\u00e9t fel\u00e9tek. Ez az egyetlen m\u00f3d, amit ismert. J\u00f3l tudj\u00e1tok, hogy h\u00e1nyszor vez\u00e9relte az eff\u00e9le b\u0171ntudat \u0151t, \u00e9s ti ezt j\u00f3l ki is haszn\u00e1lt\u00e1tok, maradjunk annyiban \u2013 csattant fel Erika, majd egy kis sz\u00fcnet ut\u00e1n folytatta. \u2013 Ne haragudjatok, csak nem szere- tem, ha veszekedtek. Rem\u00e9lem, meg\u00e9rtitek, dr\u00e1g\u00e1im.<\/p>\n\n\n\n<p>\u2013 Persze \u2013 b\u00f3logatott les\u00fct\u00f6tt fejjel a k\u00e9t negyven k\u00f6r\u00fcli gyermek. Majd, hogy Mariett jobb kedvre der\u00edtse az anyj\u00e1t, igyekezte terelni a t\u00e9m\u00e1t, szok\u00e1s\u00e1hoz h\u00edven azzal, hogy m\u00e1sokr\u00f3l kezd el besz\u00e9lni negat\u00edv hangv\u00e9telben. \u2013 L\u00e1tt\u00e1tok, hogy s\u00edrt Ir\u00e9n? Viccet csin\u00e1lt mag\u00e1b\u00f3l. Mi\u00f3ta akaszkodott r\u00e1 ap\u00e1nkra? T\u00edz \u00e9ve csup\u00e1n? Mit tudhat ez err\u0151l. Legal\u00e1bb m\u00e1r nem fog lila monoklikkal somford\u00e1lni a boltba, ha elfelejtett valamit rendelni ap\u00e1nk p\u00e9nz\u00e9b\u0151l.<\/p>\n\n\n\n<p>\u2013 Mariett, l\u00e1nyom, k\u00e9rlek. Erre nincs semmi sz\u00fcks\u00e9g. T\u00edz \u00e9v az t\u00edz \u00e9v, ne legy\u00e9l gonosz, h\u00e1nyszor k\u00e9rtem m\u00e1r, h\u00e1ny \u00e9ve pr\u00f3b\u00e1lom a fejedbe verni, hogy ez nem vezet semmi j\u00f3ra \u2013 s\u00f3hajtott az anya. Majd, miut\u00e1n a negyedik palack v\u00e9g\u00e9re \u00e9rtek, fels\u00f3hajtott. \u2013 Ap\u00e1tok k\u00fcl\u00f6nben engem is vert \u2013 a k\u00e9t gyermekben megfa- gyott valami.<\/p>\n\n\n\n<p>\u2013 De hogy, mikor, mi mi\u00e9rt nem? \u2013 er\u0151ltette ki a szavakat mag\u00e1b\u00f3l p\u00e1r perc csend ut\u00e1n Ferenc.<\/p>\n\n\n\n<p>\u2013 Kicsik voltatok m\u00e9g. Nem akartam, hogy l\u00e1ss\u00e1tok, hogy tudjatok r\u00f3la. \u00c9s azt sem, hogy emiatt megut\u00e1lj\u00e1tok. Az ap\u00e1tok. A v\u00e1l\u00e1sunkra, Marci hal\u00e1la el\u0151tt, f\u0151leg ez adott okot. Nem b\u00edrtam tov\u00e1bb a folyamatos abuz\u00e1l\u00e1st, kritik\u00e1t, f\u00e9lelmet, rette- g\u00e9st. K\u00f6t\u00f6ttem magammal egy paktumot, mivel nem engedett elmenni. Ha Mar- ci tizen\u00f6t lesz, addigra \u00f6sszesp\u00f3rolok annyi p\u00e9nzt, hogy tudjak venni egy lak\u00e1st. Addigra \u0151 is el\u00e9gg\u00e9 feln\u0151 ahhoz, hogy elfogadjon egy ilyen d\u00f6nt\u00e9st. Ki akartam h\u00fazni min\u00e9l tov\u00e1bb, hogy \u00fagy \u00e9rezze, teljes csal\u00e1dja van. De azt\u00e1n. Azt\u00e1n kider\u00fclt a leuk\u00e9mia. A pap\u00edrok ut\u00e1n.<\/p>\n\n\n\n<p>Mindh\u00e1rman \u00fcveges szemmel itt\u00e1k a bort.<br>\u2013 Nagyon sajn\u00e1lom, anya. \u00c9n nem tudtam \u2013 pr\u00f3b\u00e1lt szabadkozni Ferenc.<br>\u2013 Eszedbe ne jusson, fiam, neked se! \u2013 n\u00e9zett a m\u00e1sikra. \u2013 Oka volt, hogy nem<\/p>\n\n\n\n<p>tudt\u00e1tok. Minden \u00fct\u00e9s f\u00e1jt, \u00e9s f\u00e1jt, amikor ap\u00e1tok m\u00e1st\u00f3l j\u00f6tt haza, \u00e9s neh\u00e9z volt beismerni, hogy v\u00e9ge a h\u00e1zass\u00e1gunknak, a csal\u00e1dunknak. De a legfontosabb az volt, hogy ti eg\u00e9szs\u00e9gesen, egybe n\u0151jetek fel. Teljes csal\u00e1dban. \u00c9s nem \u00edgy lett? Elment\u00fcnk Kanad\u00e1ba is egy\u00fctt, az Antill\u00e1kra, Ausztr\u00e1li\u00e1ba, Jap\u00e1nba. B\u00e1rhova akartatok menni, b\u00e1rmit szerettetek volna, ap\u00e1tok odaadta, megteremtette. A la- k\u00e1sokat, nyaral\u00f3t, kocsit, \u00f6r\u00f6ks\u00e9get. Mindenetek megvolt, amit csak kiejtettetek a sz\u00e1tokon. \u00c9n ezt soha nem akartam elvenni t\u0151letek, mert tudom, milyen feln\u0151ni \u00fagy, hogy napokig nincs \u00e9tel az asztalon.<\/p>\n\n\n\n<p>Erika \u00fagy \u00e9rezte, a mellkasa szabadd\u00e1 v\u00e1lik, a leveg\u0151 k\u00f6nnyen \u00e1ramlik t\u00fcdej\u00e9- be, a k\u00e9t gyermeket pedig valami h\u00fazni kezdte lefel\u00e9. Mint neh\u00e9z anyagb\u00f3l sz\u0151tt durva leped\u0151, r\u00e1juk ter\u00fclt. Az \u0151 anyjuk, az \u0151 anyjuk szeg\u00e9ny volt. \u0150k ezt nem tud- t\u00e1k. Hogy nem tudt\u00e1k? \u00c9s a ver\u00e9seket, a k\u00f6nnyeket meg a szeret\u0151ket. Mi\u00e9rt nem osztotta meg vel\u00fck, mi\u00e9rt szenvedett csendben, amikor \u0151k k\u00e9t k\u00e9zzel habzsolt\u00e1k az \u00e9letet. \u00c9s m\u00e9g ha el is vesztett\u00e9k \u00f6ccs\u00fcket, mely trauma \u00f6r\u00f6kk\u00e9 ott t\u00e1tong a testben, nem hitt\u00e9k, hogy ezen k\u00edv\u00fcl b\u00e1rmi \u00edgy hathat r\u00e1juk.<\/p>\n\n\n\n<p>\u2013 Tudj\u00e1tok \u2013 folytatta az anya \u2013, hab\u00e1r \u00f6r\u00fcl\u00f6k, hogy mindenetek megvan, azt sajn\u00e1lom, hogy ap\u00e1tok ilyen keveset volt veletek. Rem\u00e9lem, nem hib\u00e1ztam na- gyot, nem gy\u0171l\u00f6lt\u00f6k, hogy ezt v\u00e1lasztottam nektek.<\/p>\n\n\n\n<p>Erik\u00e1b\u00f3l kifogyott a sz\u00f3. Megbocs\u00e1t\u00e1st k\u00e9rt, mert tudta, mit tett. Tudta, hogy mindk\u00e9t gyermeke boldogtalan h\u00e1zass\u00e1gban \u00e9l. L\u00e1nya a m\u00e1sodikban, fia a har- madikban. Tudta, hogy oka van, ami\u00e9rt nincs unok\u00e1ja \u00e9s ami\u00e9rt nem l\u00e1tja a gyer- mekeit. \u00c9s azt is \u00e9rtette, hogy mi\u00e9rt nincsen m\u00e1r egyiknek sem olyan ember az \u00e9let\u00e9ben, aki a h\u00e1t\u00e1t tartan\u00e1 \u00e9rt\u00fck. Tiszt\u00e1ban volt vele, hogy k\u00e9t gyereke minden- kit el\u00fcld\u00f6z\u00f6tt maga mell\u0151l az \u00e9vek sor\u00e1n.<\/p>\n\n\n\n<p>De hogy konkr\u00e9tan milyen emberekk\u00e9 v\u00e1ltak ebben a vil\u00e1gban? Csak n\u00e9zz\u00fcnk n\u00e9ha k\u00f6rbe egy pillanatra. Hallgassuk, ahogyan cselekszenek, ahogyan m\u00e1sokr\u00f3l besz\u00e9lnek.<\/p>\n<\/div>\n","protected":false},"excerpt":{"rendered":"<p>Ahogyan r\u00e1d eml\u00e9kez\u00fcnk \u201eEgy nagyszer\u0171 f\u00e9rfit temett\u00fcnk ma. Egy olyan f\u00e9rfit, aki rengeteget tett a k\u00f6z\u00e9rt. Mindenki szerette, \u00e9s h\u00e1t \u0151 mindenkihez j\u00f3 volt. Kiv\u00e1l\u00f3 csal\u00e1dapa, j\u00f3 f\u00e9rj. Ezt az embert temetj\u00fck mi ma el. Lelke legyen k\u00f6nny\u0171, s legyen &hellip; <a href=\"https:\/\/opus-folyoirat.sk\/?page_id=4385\">Egy kattint\u00e1s ide a folytat\u00e1shoz&#8230;. <span class=\"meta-nav\">&rarr;<\/span><\/a><\/p>\n","protected":false},"author":4,"featured_media":0,"parent":0,"menu_order":0,"comment_status":"closed","ping_status":"closed","template":"","meta":{"footnotes":""},"class_list":["post-4385","page","type-page","status-publish","hentry"],"_links":{"self":[{"href":"https:\/\/opus-folyoirat.sk\/index.php?rest_route=\/wp\/v2\/pages\/4385","targetHints":{"allow":["GET"]}}],"collection":[{"href":"https:\/\/opus-folyoirat.sk\/index.php?rest_route=\/wp\/v2\/pages"}],"about":[{"href":"https:\/\/opus-folyoirat.sk\/index.php?rest_route=\/wp\/v2\/types\/page"}],"author":[{"embeddable":true,"href":"https:\/\/opus-folyoirat.sk\/index.php?rest_route=\/wp\/v2\/users\/4"}],"replies":[{"embeddable":true,"href":"https:\/\/opus-folyoirat.sk\/index.php?rest_route=%2Fwp%2Fv2%2Fcomments&post=4385"}],"version-history":[{"count":2,"href":"https:\/\/opus-folyoirat.sk\/index.php?rest_route=\/wp\/v2\/pages\/4385\/revisions"}],"predecessor-version":[{"id":4387,"href":"https:\/\/opus-folyoirat.sk\/index.php?rest_route=\/wp\/v2\/pages\/4385\/revisions\/4387"}],"wp:attachment":[{"href":"https:\/\/opus-folyoirat.sk\/index.php?rest_route=%2Fwp%2Fv2%2Fmedia&parent=4385"}],"curies":[{"name":"wp","href":"https:\/\/api.w.org\/{rel}","templated":true}]}}