{"id":4433,"date":"2025-12-30T17:30:00","date_gmt":"2025-12-30T15:30:00","guid":{"rendered":"https:\/\/opus-folyoirat.sk\/?page_id=4433"},"modified":"2026-01-28T17:34:24","modified_gmt":"2026-01-28T15:34:24","slug":"muranyi-zita-versei-2","status":"publish","type":"page","link":"https:\/\/opus-folyoirat.sk\/?page_id=4433","title":{"rendered":"Mur\u00e1nyi Zita versei"},"content":{"rendered":"<div class=\"wp-block-post-date\"><time datetime=\"2025-12-30T17:30:00+02:00\">2025-12-30<\/time><\/div>\n\n\n<p><strong>v\u00e9rmez<\/strong><strong>\u0151<\/strong><\/p>\n\n\n\n<p>bok\u00e1ig<br>\u00e9r\u0151 v\u00edzben locsolom r\u00e1d a messzes\u00e9get<br>m\u00edg \u00e9n kicsurgok bel\u0151led mint<br>f\u00e1kb\u00f3l a f\u00e1jdalom borosty\u00e1nja<br>csak n\u00e9zem a t\u00fczet amiben a naplemente<br>f\u00fcrdet m\u00e9g sosem \u00e9reztem ennyire forr\u00f3nak<br>talpam alatt a f\u00e1radt f\u00f6ldcsom\u00f3kat \u00e9s a kezed<br>amikor v\u00e9gleg elenged a falev\u00e9l-csigoly\u00e1k<br>gerincoszlopp\u00e1 rendez\u0151dnek mintha egy m\u00e1sodik t\u00f6rzset <br>a f\u00e1kon repedt nagykab\u00e1t<br>fagy tizedeli a k\u00e9rget az \u00e1gak<br>szabad idegv\u00e9gz\u0151d\u00e9sek<br>t\u00e9ged a l\u00e1ng \u00f6lt\u00f6ztet<br>mint amikor az \u00ednyembe harapok<br>\u00e9s az \u0151sz<br>v\u00f6r\u00f6sre festi a fogak k\u00f6z\u00f6tti v\u00e9rmez\u0151t.<\/p>\n\n\n\n<p><br><strong>m\u00e9rleg<\/strong><\/p>\n\n\n\n<p>Er\u0151tlen s\u00fct be t\u00f6r\u00f6tt l\u00e1ndzs\u00e1kkal <br>ez m\u00e1r egy m\u00e1sik nap<br>a k\u00e9s\u0151 ny\u00e1ri megsemmis\u00fcl\u00e9sben <br>lassan mindent \u00e1titat<br>bel\u0151le isznak falak a b\u0151r\u00f6d<br>b\u00e1r a k\u00e9zfejedre nem eml\u00e9kszem <br>mintha s\u00falyom lenn\u00e9l a m\u00e1gikus <br>t\u00f6bblet de lebomlasz a f\u00e9nytelen <br>el\u0151t\u00e9rben a m\u00e9rleg nyelve <br>kom\u00f3tosan a nulla fel\u00e9 billen el <br>miel\u0151tt t\u00e9tov\u00e1n kileng<br>a v\u00e9ge stabilan kilenc<\/p>\n\n\n\n<p>ha k\u00e1v\u00e9t meleg\u00edtek a poh\u00e1r fal\u00e1n<br>m\u00e9g l\u00e1tom elveszett ujjaid mint\u00e1zat\u00e1t <br>\u00e9s elk\u00e9pzelhetetlen hogy marad szil\u00e1rd<\/p>\n\n\n\n<p>amiv\u00e9 \u00f6sszetapad t\u00f6bb sz\u00e1z \u00fcvegszil\u00e1nk.<\/p>\n\n\n\n<p><br><strong>v\u00e9gzet<\/strong><\/p>\n\n\n\n<p>ahogy a k\u00edgy\u00f3b\u0151r a nyakra simul<br>h\u0171v\u00f6s tapint\u00e1sa ak\u00e1r a hideg f\u00e9mnek<br>\u00e9s belakott millim\u00e9tereken cs\u00f3kk\u00e1 h\u00edgul <br>ny\u00e1lk\u00e1s teste amit a hal\u00e1l kib\u00e9relt<\/p>\n\n\n\n<p>l\u00e1tom a ker\u00e9k cib\u00e1lta s\u00e1lat<br>gyilkos vad\u00e1llat \u00fajabb k\u00f6rt<br>\u00edrnak homokba a mozg\u00e1s \u00e1tragad<br>a gumikra \u00e9s forgatja az al\u00e9lt t\u00e1ncosn\u0151t<\/p>\n\n\n\n<p>az id\u0151t amit megsokszorozott<br>mozg\u00e1s apr\u00f3z f\u00f6l a homok sz\u00faperceg\u00e9s\u00e9t <br>hallom a v\u00e9gtelen \u00fcv\u00f6lt\u00e9s\u00e9t hogy a l\u00e9t <br>t\u00f6r\u00e9keny \u00e9s a s\u00e1l v\u00e9ge is \u00f6sszekoszol\u00f3dott<\/p>\n\n\n\n<p>fullad\u00e1sos hal\u00e1l a k\u00edgy\u00f3 meg a s\u00e1l <br>Kleop\u00e1tra Isadora Duncan<br>a nizzai tengerpart \u00e9s a fonott kos\u00e1r <br>v\u00e9szj\u00f3sl\u00f3 sziszeg\u00e9sei lassan elhalkulnak<\/p>\n\n\n\n<p>gy\u0171jt\u00f6m az anal\u00f3gi\u00e1kat \u00e9s hasonl\u00edtottak <br>Marcus Antonius \u00e9s Jeszenyin is<br>a fortyog\u00f3 k\u00e1lyhacs\u0151 \u00e9s a k\u00e9z<br>mint nyakra fon\u00f3d\u00f3 t\u00f6rhetetlen bilincs<\/p>\n\n\n\n<p>majd k\u00e9tezer \u00e9v amit az elm\u00fal\u00e1s \u00e1tugrott <br>hogy ism\u00e9t beteljen a sors mint f\u00f6lapr\u00f3zott <br>piramis a markomban szorongatott <br>homok teljesen \u00e1tforr\u00f3sodott.<\/p>\n","protected":false},"excerpt":{"rendered":"<p>v\u00e9rmez\u0151 bok\u00e1ig\u00e9r\u0151 v\u00edzben locsolom r\u00e1d a messzes\u00e9getm\u00edg \u00e9n kicsurgok bel\u0151led mintf\u00e1kb\u00f3l a f\u00e1jdalom borosty\u00e1njacsak n\u00e9zem a t\u00fczet amiben a naplementef\u00fcrdet m\u00e9g sosem \u00e9reztem ennyire forr\u00f3naktalpam alatt a f\u00e1radt f\u00f6ldcsom\u00f3kat \u00e9s a kezedamikor v\u00e9gleg elenged a falev\u00e9l-csigoly\u00e1kgerincoszlopp\u00e1 rendez\u0151dnek mintha egy m\u00e1sodik &hellip; <a href=\"https:\/\/opus-folyoirat.sk\/?page_id=4433\">Egy kattint\u00e1s ide a folytat\u00e1shoz&#8230;. <span class=\"meta-nav\">&rarr;<\/span><\/a><\/p>\n","protected":false},"author":4,"featured_media":0,"parent":0,"menu_order":0,"comment_status":"closed","ping_status":"closed","template":"","meta":{"footnotes":""},"class_list":["post-4433","page","type-page","status-publish","hentry"],"_links":{"self":[{"href":"https:\/\/opus-folyoirat.sk\/index.php?rest_route=\/wp\/v2\/pages\/4433","targetHints":{"allow":["GET"]}}],"collection":[{"href":"https:\/\/opus-folyoirat.sk\/index.php?rest_route=\/wp\/v2\/pages"}],"about":[{"href":"https:\/\/opus-folyoirat.sk\/index.php?rest_route=\/wp\/v2\/types\/page"}],"author":[{"embeddable":true,"href":"https:\/\/opus-folyoirat.sk\/index.php?rest_route=\/wp\/v2\/users\/4"}],"replies":[{"embeddable":true,"href":"https:\/\/opus-folyoirat.sk\/index.php?rest_route=%2Fwp%2Fv2%2Fcomments&post=4433"}],"version-history":[{"count":1,"href":"https:\/\/opus-folyoirat.sk\/index.php?rest_route=\/wp\/v2\/pages\/4433\/revisions"}],"predecessor-version":[{"id":4435,"href":"https:\/\/opus-folyoirat.sk\/index.php?rest_route=\/wp\/v2\/pages\/4433\/revisions\/4435"}],"wp:attachment":[{"href":"https:\/\/opus-folyoirat.sk\/index.php?rest_route=%2Fwp%2Fv2%2Fmedia&parent=4433"}],"curies":[{"name":"wp","href":"https:\/\/api.w.org\/{rel}","templated":true}]}}

Murányi Zita versei

<div class="wp-block-post-date"><time datetime="2025-12-30T17:30:00+02:00">2025-12-30</time></div>


<p><strong>vérmez</strong><strong>ő</strong></p>



<p>bokáig<br>érő vízben locsolom rád a messzeséget<br>míg én kicsurgok belőled mint<br>fákból a fájdalom borostyánja<br>csak nézem a tüzet amiben a naplemente<br>fürdet még sosem éreztem ennyire forrónak<br>talpam alatt a fáradt földcsomókat és a kezed<br>amikor végleg elenged a falevél-csigolyák<br>gerincoszloppá rendeződnek mintha egy második törzset <br>a fákon repedt nagykabát<br>fagy tizedeli a kérget az ágak<br>szabad idegvégződések<br>téged a láng öltöztet<br>mint amikor az ínyembe harapok<br>és az ősz<br>vörösre festi a fogak közötti vérmezőt.</p>



<p><br><strong>mérleg</strong></p>



<p>Erőtlen süt be törött lándzsákkal <br>ez már egy másik nap<br>a késő nyári megsemmisülésben <br>lassan mindent átitat<br>belőle isznak falak a bőröd<br>bár a kézfejedre nem emlékszem <br>mintha súlyom lennél a mágikus <br>többlet de lebomlasz a fénytelen <br>előtérben a mérleg nyelve <br>komótosan a nulla felé billen el <br>mielőtt tétován kileng<br>a vége stabilan kilenc</p>



<p>ha kávét melegítek a pohár falán<br>még látom elveszett ujjaid mintázatát <br>és elképzelhetetlen hogy marad szilárd</p>



<p>amivé összetapad több száz üvegszilánk.</p>



<p><br><strong>végzet</strong></p>



<p>ahogy a kígyóbőr a nyakra simul<br>hűvös tapintása akár a hideg fémnek<br>és belakott millimétereken csókká hígul <br>nyálkás teste amit a halál kibérelt</p>



<p>látom a kerék cibálta sálat<br>gyilkos vadállat újabb kört<br>írnak homokba a mozgás átragad<br>a gumikra és forgatja az alélt táncosnőt</p>



<p>az időt amit megsokszorozott<br>mozgás apróz föl a homok szúpercegését <br>hallom a végtelen üvöltését hogy a lét <br>törékeny és a sál vége is összekoszolódott</p>



<p>fulladásos halál a kígyó meg a sál <br>Kleopátra Isadora Duncan<br>a nizzai tengerpart és a fonott kosár <br>vészjósló sziszegései lassan elhalkulnak</p>



<p>gyűjtöm az analógiákat és hasonlítottak <br>Marcus Antonius és Jeszenyin is<br>a fortyogó kályhacső és a kéz<br>mint nyakra fonódó törhetetlen bilincs</p>



<p>majd kétezer év amit az elmúlás átugrott <br>hogy ismét beteljen a sors mint fölaprózott <br>piramis a markomban szorongatott <br>homok teljesen átforrósodott.</p>

<p>vérmező bokáigérő vízben locsolom rád a messzeségetmíg én kicsurgok belőled mintfákból a fájdalom borostyánjacsak nézem a tüzet amiben a naplementefürdet még sosem éreztem ennyire forrónaktalpam alatt a fáradt földcsomókat és a kezedamikor végleg elenged a falevél-csigolyákgerincoszloppá rendeződnek mintha egy második &hellip; <a href="https://opus-folyoirat.sk/?page_id=4433">Egy kattintás ide a folytatáshoz&#8230;. <span class="meta-nav">&rarr;</span></a></p>
