{"id":4445,"date":"2025-10-31T18:07:00","date_gmt":"2025-10-31T16:07:00","guid":{"rendered":"https:\/\/opus-folyoirat.sk\/?page_id=4445"},"modified":"2026-01-28T18:21:23","modified_gmt":"2026-01-28T16:21:23","slug":"tapolcai-level-somlyo-gyorgyrol-a-boglariaknak","status":"publish","type":"page","link":"https:\/\/opus-folyoirat.sk\/?page_id=4445","title":{"rendered":"Tapolcai lev\u00e9l Somly\u00f3 Gy\u00f6rgyr\u0151l a Bogl\u00e1riaknak"},"content":{"rendered":"<div class=\"wp-block-post-date\"><time datetime=\"2025-10-31T18:07:00+02:00\">2025-10-31<\/time><\/div>\n\n\n<p><\/p>\n\n\n\n<p>Igen, k\u00f6sz\u00f6ntlek Benneteket innen Tapolc\u00e1r\u00f3l \u2013 ott Bogl\u00e1ron, m\u00e1r k\u00e9sz\u00fcl\u00f6k az idei K\u00f6lt\u00e9szet Napj\u00e1ra Hozz\u00e1tok. De hogy addig \u00f6sszek\u00f6ssem a t\u00f3 k\u00e9t partj\u00e1t, hadd k\u00fcldjek egy irodalomt\u00f6rt\u00e9neti dolgozatba hajl\u00f3 episztol\u00e1t, hamar\u00e9bb j\u00f6n meg tal\u00e1n a tavasz is, ha m\u00e1r \u00edrtam <em>T\u00f3-tavasz\u00edt\u00f3 <\/em>verset is m\u00e9g a m\u00falt \u00e9vezredben a G\u00f6mbkil\u00e1t\u00f3 alatt ott, szemben az itteni oldalon k\u00e9kl\u0151 F\u00fcl\u00f6p-heggyel.<\/p>\n\n\n\n<p>Ha Bogl\u00e1r, akkor l\u00edra, \u00e9s az ott sz\u00fcletett Somly\u00f3 Gy\u00f6rgy b\u00f6lcs\u0151helye. \u00c9desapja, Somly\u00f3 Zolt\u00e1n k\u00f6tet\u00e9ben azt olvastam, hogy a budai Krusp\u00e9r utc\u00e1ban sz\u00fcletett a fia. Az nem lehet, gondoltam, hiszen Somly\u00f3 Gy\u00f6rgy anyak\u00f6nyvi kivonata szerint is bogl\u00e1ri. (\u00c9desanyja, Bogl\u00e1r Margit \u00e9s nagyapja, Bogl\u00e1r Ign\u00e1c v\u00edzvezet\u00e9kszerel\u0151 nev\u00e9ben is ott van a telep\u00fcl\u00e9s neve.) S maga Somly\u00f3 Gy\u00f6rgy \u00edrta az <em>Ahol van <\/em>c\u00edm\u0171 k\u00f6tet\u00e9ben:<\/p>\n\n\n\n<p><em>Nem volt foly\u00f3v\u00edz a falusi h\u00e1zban. <\/em><br><em>(K\u00e9s\u0151bb nagypapa fogja bevezetni.) <\/em><br><em>Lav\u00f3rban f\u00fcrdett\u00e9k az \u00fajsz\u00fcl\u00f6ttet. <\/em><br><em>Apa nem volt jelen a f\u00fcrdet\u00e9sn\u00e9l. <\/em><br><em>(F\u0151v\u00e1rosi sz\u0171k zug\u00e1ban szorongott.)<\/em><\/p>\n\n\n\n<p>Somly\u00f3 Zolt\u00e1n Krusp\u00e9r utcai eml\u00e9kt\u00e1bl\u00e1ja el\u0151tt gyakorta haladtam el a M\u00e9nesi \u00fati koll\u00e9giumb\u00f3l a m\u0171egyetemist\u00e1khoz menve, ahol bar\u00e1tom lakott. De most vissza Bogl\u00e1rra! M\u00e9g vissz\u00e1bb az itteni partra. Tapolc\u00e1r\u00f3l 1997 augusztus\u00e1nak v\u00e9- g\u00e9n utaztam Bogl\u00e1rra, hogy n\u00e9h\u00e1ny esztend\u0151t ott tan\u00edthassak, ott j\u00e1rhassam a fa- sorokat, onnan ker\u00e9kp\u00e1rozhassak \u00e1t erre Lell\u00e9re, arra Fony\u00f3dra m\u00f3l\u00f3kra, k\u00f6nyvt\u00e1rakba, minden id\u0151ben, szabad strandokra nyaranta. F\u00e9ltve \u0151rz\u00f6m azt a file-t laptopomban, amibe a bogl\u00e1ri c\u00e9dul\u00e1imat beg\u00e9peltem, ama napl\u00f3mb\u00f3l kihullt lapokat.<\/p>\n\n\n\n<p>Az egyiken a Somly\u00f3 Gy\u00f6rggyel val\u00f3 els\u0151 tal\u00e1lkoz\u00e1som hiteles t\u00f6rt\u00e9nete: 1979 szeptember\u00e9ben hallgattuk Somly\u00f3 Gy\u00f6rgy verselemz\u00e9s\u00e9t Bal\u00e1zs Anik\u00f3val a budapesti B\u00f6lcs\u00e9szkar harmadik emelet\u00e9n. Arany J\u00e1nos kozmopolita k\u00f6ltem\u00e9ny\u00e9t boncolta. M\u00e1snap Bal\u00e1zs Anik\u00f3 megk\u00e9rdezte t\u0151lem, hogy megfigyeltem-e a k\u00f6lt\u0151 jobb kez\u00e9n azt a nagy, tal\u00e1n csal\u00e1di gy\u0171r\u0171t. Mivel szerinte abban romantikus h\u0151sk\u00e9nt gyorsan \u00f6l\u0151 m\u00e9rget tartogat mag\u00e1nak. Ilyen reg\u00e9nybeli alaknak l\u00e1tt\u00e1k a l\u00e1nyok Somly\u00f3t. A m\u00e1sik cetli 1994 nyar\u00e1t id\u00e9zi f\u00f6l. A szigligeti alkot\u00f3h\u00e1z terasz\u00e1n \u00fcl\u00f6k Parancs J\u00e1nossal. Halkan besz\u00e9lget\u00fcnk. Somly\u00f3 t\u0151l\u00fcnk p\u00e1r m\u00e9terre napozik, felk\u00f6ny\u00f6k\u00f6lve egy francia foly\u00f3iratot lapozgat. M\u00e1ndy Iv\u00e1n \u00e9rkezik. A t\u0171z\u0151 nap ellen feh\u00e9r v\u00e1szonsipka a fej\u00e9n. Meg\u00e1ll. Ak\u00e1r egy sivatagi utaz\u00f3. Viccel\u0151d\u00fcnk azon, hogy <em>Locsol\u00f3kocsi<\/em>m p\u00e9ld\u00e1nya \u2013 term\u00e9szetesen m\u00e1snak \u2013 dedik\u00e1ltan egy antikv\u00e1riumb\u00f3l ker\u00fclt hozz\u00e1m. Somly\u00f3 Gy\u00f6rgy alatt ekkor sz\u00e9tesik az \u00f6sszecsukhat\u00f3 nyug\u00e1gy. Nem tudom, hogy fogok-e m\u00e9g ennyire tiszta sz\u00edvb\u0151l az \u00edr\u00f3k k\u00f6z\u00f6tt nevetni. Rem\u00e9nykedem. Jegyeztem meg akkor. A harmadikon egy harminc \u00e9vvel ezel\u0151tti lelt\u00e1r: Ha \u00f6ssze kellene sz\u00e1molnom, hogy h\u00e1ny versesk\u00f6nyv volt r\u00e1m hat\u00e1ssal k\u00f6ly\u00f6kkoromban, akkor a <em>Versben bujdos\u00f3<\/em>, a <em>J\u00f6nnek a harangok \u00e9rtem<\/em>, a <em>Kr\u00e1ter<\/em>, a <em>Szeg\u00e9ny Yorick<\/em>, az <em>N. N. bolyong\u00e1sai<\/em>, <em>A vers\u00edr\u00e1s term\u00e9szetrajza<\/em>, <em>A lovak \u00e9s az angyalok<\/em>, az <em>Ahogy a k\u00f6t\u00e9lt\u00e1ncosok<\/em>, a <em>Dun\u00e1nt\u00fali hexam\u00e9terek<\/em>, a <em>K\u00fcl\u00f6n\u00f6s testamentum<\/em>, az <em>\u00c1thal- l\u00e1sok <\/em>gerincei k\u00f6z\u00f6tt ott egyenesedik az <em>\u00c9PP EZ <\/em>karcs\u00fa korpusza is. A k\u00f6zelm\u00faltban egy g\u00f6r\u00f6g b\u00e9lyegre tal\u00e1ltam. A grafikus a kerosi h\u00e1rfaj\u00e1t\u00e9kos reprodukci\u00f3j\u00e1t helyezte a b\u00e9lyeg k\u00e9pes fel\u00fclet\u00e9re. (A szobor sz\u00fclet\u00e9se m\u00e9g az id\u0151sz\u00e1m\u00edt\u00e1sunk el\u0151tti 2400\u20132200-as esztend\u0151k k\u00f6z\u00e9 tehet\u0151.) A h\u00e1rf\u00e1n term\u00e9szetesen nem l\u00e1t- tat az \u00f3kori k\u00e9pz\u0151m\u0171v\u00e9sz h\u00farokat, mivel \u00e9rtett az absztrakt nyelv\u00e9n e klasszikus szobr\u00e1sz, s ezt a moderns\u00e9g\u00e9t Somly\u00f3 Gy\u00f6rgy \u00fajra f\u00f6lfedezte:<\/p>\n\n\n\n<p><em>Egym\u00e1sb\u00f3l \u00e9s egym\u00e1sba n\u0151 a sz\u00e9k a comb a h\u00e1rfa a kar <\/em><br><em>A let\u00f6rt kar amely \u00fagy sajog vissza a k\u0151ben<br>Mint a csontban az amput\u00e1lt tag<br>Mint h\u00e1rf\u00e1ban a h\u00farok hi\u00e1nya<\/em><\/p>\n\n\n\n<p>Ha van szerelmes f\u00f6ldrajz \u00e9s szerelmes filol\u00f3gia, l\u00e1m, van szerelmes filat\u00e9liai is.<br>A negyedik megmenek\u00fclt lapon egy k\u00e9s\u0151bbi tal\u00e1lkoz\u00e1s eml\u00e9ke: 1996 kora\u0151sze. Elk\u00f6sz\u00f6n\u00f6k a Balatont\u00f3l a szigligeti strandon. Kempingbiciklimmel k\u00f6r\u00f6zgetek az eln\u00e9ptelenedett parton. A homokban h\u0171l\u0151 l\u00e1bnyomok. V\u00e1ratlanul Somly\u00f3 Gy\u00f6rgy bukkan fel. R\u00e1k\u00f6sz\u00f6n\u00f6k.<br>\u00c9n ezen a parton sz\u00fclettem.<br>\u0150 a m\u00e1sikon.<br>Az \u00e9n sz\u00fcl\u0151helyem k\u00f6zel a hegy m\u00f6g\u00f6tt.<br>Az \u00f6v\u00e9 messzebb. Bogl\u00e1r hegyei derengenek a b\u00e1gyadt-arany d\u00e9lut\u00e1nban.<\/p>\n\n\n\n<p>1997 szeptember\u00e9ben bogl\u00e1ri s\u00e9t\u00e1imat meg-megszak\u00edtottam, el\u00e1lling\u00e1ltam kicsit a l\u00e1nyka-szobor el\u0151tt, ami ma m\u00e1r a strandbej\u00e1rat k\u00f6zel\u00e9ben tal\u00e1lhat\u00f3. Meg- lepetten olvastam Somly\u00f3 Gy\u00f6rgy Rodin-szonettj\u00e9t, mert mintha behozta volna a vers a Parti s\u00e9t\u00e1ny 2-be az alkot\u00e1st. Mosoly ikont ide. (<em>Ami \u00e9lni seg\u00edt <\/em>c\u00edm\u0171 k\u00f6tetben jelent meg a szonett, mely olyan k\u00f6nnyeden, finoman \u00e1br\u00e1zolja a l\u00e1nyk\u00e1t, mintha csak az a bogl\u00e1ri v\u00edzrel\u00e9p\u0151 szoborl\u00e1ny volna s egyben Rodin-m\u00e1solat.) A bogl\u00e1ri tal\u00e1lkoz\u00e1sunkat majd m\u00e9g meg\u00edrom k\u00fcl\u00f6n is, de hadd t\u00e9rjek r\u00e1 a leg\u00fajabb truv\u00e1jom ismertet\u00e9s\u00e9re. A bogl\u00e1ri \u0151s\u00f6k ut\u00e1n Somly\u00f3 Gy\u00f6rgy most \u00e1ltalam is megtal\u00e1lt verse az ut\u00f3dokr\u00f3l sz\u00f3l: m\u00e1r az \u0151 fi\u00e1r\u00f3l, s a k\u00f6lt\u0151 unok\u00e1j\u00e1r\u00f3l. Bogl\u00e1r \u00e9s Tapolca k\u00f6z\u00f6tt Szigligeten vagyunk 2000 nyar\u00e1n, az Alkot\u00f3h\u00e1zban. Telth\u00e1zat k\u00e9pzelek, a hangosan csattog\u00f3 \u00edr\u00f3g\u00e9peket a halkabb PC-k v\u00e1ltj\u00e1k fel, de a nyaral\u00f3 hozz\u00e1tartoz\u00f3k gyerekzsivaja kor\u00e1ntsem szord\u00edn\u00f3s. A k\u00f6lt\u0151nek esz\u00e9be jut az unok\u00e1ja, s bel\u00e9nyilall, b\u00e1rcsak itt lenne a gyermek a t\u00f6bbi k\u00f6zt. R\u00e1f\u00e9rne az a koszt is, aminek f\u00f6lt\u00e1lal\u00e1s\u00e1t gong\u00fct\u00e9s jelzi a h\u00e1zban. Szigligeten mindig kitettek maguk\u00e9rt a konyh\u00e1sok&#8230; Hi\u00e1nyzik az unoka. Somly\u00f3 Gy\u00f6rgy mit tehet? \u00cdr n\u00e9ki. Tam\u00e1snak h\u00edvj\u00e1k a tr\u00f3n\u00f6r\u00f6k\u00f6st, kinek nev\u00e9vel m\u00e1ris j\u00e1t\u00e9kba kezd. Nem a hitet- len, a kett\u0151s, a Dydimus jut esz\u00e9be az emmauszi vend\u00e9gh\u00e1zb\u00f3l, hanem Tomir\u00f3l Tomi. A f\u00f6ldrajzi hely. Oda sz\u00e1m\u0171zt\u00e9k Ovidius-t, az is v\u00edznek partj\u00e1n tal\u00e1lhat\u00f3. A sz\u00f3j\u00e1t\u00e9kot, nyilv\u00e1n, Somly\u00f3 fi\u00e1nak kell majd megmagyar\u00e1znia az unoka sz\u00e1m\u00e1ra:<\/p>\n\n\n\n<p><strong>TOMINAK \u2013 TOMIB\u00d3L <\/strong><br><strong>NAGYAPA CITER\u00c1J\u00c1N<br>9.<br>\u00dajabb levlap Tominak \u2013 Tomib\u00f3l* <\/strong><br><em>(*Papa-mama majd megmagyar\u00e1zza)<\/em><\/p>\n\n\n\n<p><em>J\u00f3 lenne ha itt voln\u00e1l<br>\u00daszn\u00e1l futn\u00e1l tomboln\u00e1l<br>Bezzeg r\u00e1d is f\u00e9rne most<br>Egy kis szigligeti koszt <\/em><br><em>Elmehetn\u00e9nk Tapolc\u00e1ra <\/em><br><em>Barlangtavon cs\u00f3nak\u00e1zva <\/em><br><em>B\u00e1mulva a nagy Kereket<br>Mely zuhatagot ereget <\/em><br><em>N\u00e9zi-n\u00e9zi sereg gyerek<br>Van itt Marci van itt Marcsi <\/em><br><em>Van itt Ancsi van itt Kancsi <\/em><br><em>Van itt egy copfos van itt loncsos <\/em><br><em>Van nagyon j\u00f3 \u00e9s nagyon rossz <\/em><br><em>De j\u00f3l egym\u00e1sra tal\u00e1lnak<\/em><br><em>A nagymam\u00e1k rohang\u00e1lnak <\/em><br><em>Mert sosem tal\u00e1lj\u00e1k \u0151ket <\/em><br><em>Hisz parkszerte kerget\u0151znek <\/em><br><em>Az eg\u00e9sz H\u00e1z folyton j\u00e1tszik <\/em><br><em>csak a Tomika hi\u00e1nyzik<\/em><br><em>\u00d6leli (messzir\u0151l) \u00edgy is <\/em><br><em>Nagypapa a k\u00f3cos igric<\/em><\/p>\n\n\n\n<p>Szigliget, 2000. j\u00fanius 11.<\/p>\n\n\n\n<p>Citer\u00e1jukat egy m\u00e1sik v\u00edzn\u00e9l a foglyok pengett\u00e9k, majd a f\u00fczekre akasztott\u00e1k. Az a hely Babilon volt. Szigligeten is voltak \u00e9s vannak f\u00fczek. Somly\u00f3 Gy\u00f6rgy a k\u00f6lt\u0151i elhallgat\u00e1sa ellen is dolgozott, hiszen verses, s\u0151t j\u00e1t\u00e9kos, r\u00edmes versbe fo- gott unok\u00e1j\u00e1nak. Levlapokra m\u00e1solta \u00fczeneteit:<\/p>\n\n\n\n<p><em>Somly\u00f3 Tomik\u00e1nak <\/em><br><em>\u00e9s Szilvi Mam\u00e1nak <\/em><br><em>Budapest<br>F\u00fcge u. 3.<\/em><br><em>1022<\/em><\/p>\n\n\n\n<p>A szigligeti citerasz\u00f3\u00e9rt nem kell a babil\u00f3niai fogs\u00e1g komor k\u00e9p\u00e9ig visszamenni az id\u0151ben, el\u00e9g volt Somly\u00f3 Gy\u00f6rgynek a bar\u00e1t Kormos Istv\u00e1n ottani eml\u00e9k\u00e9t, vers\u00e9t id\u00e9zni. Az Alkot\u00f3h\u00e1zban Kormos Istv\u00e1n gy\u00f6ny\u00f6r\u0171 verset \u00edrt:<\/p>\n\n\n\n<p><em>Gul\u00e1csra, Badacsonyra hull az \u00e9jszaka, <\/em><br><em>Csob\u00e1nc bes\u00fcpped, elmos\u00f3dik T\u00e1tika,<br>a v\u00edz l\u00e9legzik, ragyog feh\u00e9ren maga, <\/em><br><em>f\u00f6l\u00f6tte sz\u00e1ll a hold, az arany vadkacsa.<\/em><\/p>\n\n\n\n<p><em>N\u00e9ma hegyek szikl\u00e1i k\u00f6zt bukd\u00e1csol\u00f3 citerasz\u00f3,<br>hang t\u00e9vedez, falnak \u00fct\u0151dik, megpend\u00fcl egy sz\u0151l\u0151kar\u00f3, <\/em><br><em>a r\u00e9tre kibukfencezik egy f\u00e9lre cs\u00faszott c\u00e9 s le\u00fcl, <\/em><br><em>Kir\u00e1lyn\u00e9szokny\u00e1ja alatt \u00e1rv\u00e1n elaluszik.<\/em><\/p>\n\n\n\n<p><em>K\u00e9t asszony ujjai alatt p\u00f6n\u00f6g a citera,<br>ismerem <\/em><em>\u0151<\/em><em>ket: kenyerem, szalonn\u00e1m hozz\u00e1k T\u00f6rdemicr<\/em><em>\u0151<\/em><em>l&#8230;<\/em><\/p>\n\n\n\n<p>Kormos Istv\u00e1n az \u00e9szaki part hegyeit nevezte sorra, amikre Bogl\u00e1r fel\u0151l Somly\u00f3 is eg\u00e9sz \u00e9let\u00e9ben l\u00e1thatott:<\/p>\n\n\n\n<p><em>&#8230;bizonyos hogy nincs<br>olyan leonard\u00f3i vonalvezet\u00e9s amely teljesen <\/em><br><em>bet\u00f6lthetn\u00e9 azt a bel\u00e9m k\u00f3dolt eszt\u00e9tikai (vagy <\/em><br><em>milyen?) ig\u00e9nyt amelyet a t\u00falparti bazalttu- <\/em><br><em>fa-\u00edr\u00f3nok rajzoltak el\u00e9m valaha a l\u00e1that\u00e1ron<\/em><br><\/p>\n\n\n\n<p>S hogy mib\u0151l gondolom, hogy Kormos Istv\u00e1n versei is esz\u00e9be jutottak az unok\u00e1j\u00e1ra egymag\u00e1ban gondol\u00f3 Somly\u00f3 Gy\u00f6rgynek? H\u00e1t \u2013 \u00edzlelgetve a \u2019<em>loncsos<\/em>\u2019 jelz\u0151t, azt bizony alaposan hozz\u00e1tapasztotta Kormos a <em>pisz\u00e9n-pisze k\u00f6ly\u00f6kmack\u00f3<\/em>j\u00e1hoz, Vackorhoz. S abban a mes\u00e9ben tartott Kormos Istv\u00e1n seregszeml\u00e9t \u00edgy a gyerekhadon.<\/p>\n\n\n\n<p>A Szigligethez k\u00f6zeli Tapolca, amely l\u00e9gvonalban sincsen messzebb tizenegyneh\u00e1ny kilom\u00e9tern\u00e9l Bogl\u00e1rn\u00e1l, eleven vedut\u00e1j\u00e1t festette le Somly\u00f3 Gy\u00f6rgy. A tapolcai Tavasbarlang \u00e9s a Malom-t\u00f3 a maga j\u00e1tsz\u00f3ter\u00e9vel, villanymotorral forgatott malomkerek\u00e9vel val\u00f3ban mediterr\u00e1n hangulat\u00fa sz\u00f6gellet m\u00e9g ebben a zajos vil\u00e1gban. E sorok \u00edr\u00f3ja, ha hagyom\u00e1nyos postai levelet kap, elolvasni egy malom-tavi padra vonul el a f\u0171zf\u00e1k al\u00e1. Innen megy t\u00e9lv\u00edz idej\u00e9n is e kiss\u00e9 irodalmias lev\u00e9l, Dr\u00e1ga Bogl\u00e1ri Bar\u00e1taim! \u00dagy fejezem be most a soraimat, hogy nem azt a haj\u00f3utat \u00edrom le, ami a Bogl\u00e1rt\u00f3l val\u00f3 egykori elk\u00f6sz\u00f6n\u00e9semet, de nem b\u00facs\u00faz\u00e1somat jelentette, hanem az 1999-est. Napfogyatkoz\u00e1s napj\u00e1n tettem f\u00f6l a Badacsonyba indul\u00f3 motorosra a biciklimet, s a bogl\u00e1ri baz\u00e1rban v\u00e1s\u00e1lt, kormozott \u00fcveghez hasonl\u00f3 p\u00e1paszemmel pr\u00f3b\u00e1lgattam a f\u00e9nybe n\u00e9zni. Somly\u00f3 Gy\u00f6rgy vers\u00e9b\u0151l tudom, hogy 1999. augusztus 11. volt. A teljes napfogyatkoz\u00e1s s\u00e1vja \u00e1tszelte a Balatont, s a Somly\u00f3-vers percre pontosan adta meg az idej\u00e9t:<\/p>\n\n\n\n<p><em>augusztus 11. 11:26\u201311:13.<\/em><\/p>\n\n\n\n<p>S id\u00e9zem az aznapi pillanatot, ahogyan Somly\u00f3 Gy\u00f6rgy l\u00e1tta s meg is \u00edrta:<\/p>\n\n\n\n<p><em>\u00c9s \u00fajra kivil\u00e1gosodott \u00e9s \u00fajra bes\u00f6t\u00e9tedett \u00c9s mintha semmi se t\u00f6rt\u00e9nt volna<\/em><br><em>senki se \u0151 se fogja l\u00e1tni amit csak \u0151 l\u00e1tott senki m\u00e1s \u00e9s soha soha t\u00f6bb\u00e9<\/em><\/p>\n\n\n\n<p>Kelt Tapolc\u00e1n, 2025. \u00e1prilis 11. el\u0151tt<\/p>\n\n\n\n<p><\/p>\n","protected":false},"excerpt":{"rendered":"<p>Igen, k\u00f6sz\u00f6ntlek Benneteket innen Tapolc\u00e1r\u00f3l \u2013 ott Bogl\u00e1ron, m\u00e1r k\u00e9sz\u00fcl\u00f6k az idei K\u00f6lt\u00e9szet Napj\u00e1ra Hozz\u00e1tok. De hogy addig \u00f6sszek\u00f6ssem a t\u00f3 k\u00e9t partj\u00e1t, hadd k\u00fcldjek egy irodalomt\u00f6rt\u00e9neti dolgozatba hajl\u00f3 episztol\u00e1t, hamar\u00e9bb j\u00f6n meg tal\u00e1n a tavasz is, ha m\u00e1r \u00edrtam &hellip; <a href=\"https:\/\/opus-folyoirat.sk\/?page_id=4445\">Egy kattint\u00e1s ide a folytat\u00e1shoz&#8230;. <span class=\"meta-nav\">&rarr;<\/span><\/a><\/p>\n","protected":false},"author":4,"featured_media":0,"parent":0,"menu_order":0,"comment_status":"closed","ping_status":"closed","template":"","meta":{"footnotes":""},"class_list":["post-4445","page","type-page","status-publish","hentry"],"_links":{"self":[{"href":"https:\/\/opus-folyoirat.sk\/index.php?rest_route=\/wp\/v2\/pages\/4445","targetHints":{"allow":["GET"]}}],"collection":[{"href":"https:\/\/opus-folyoirat.sk\/index.php?rest_route=\/wp\/v2\/pages"}],"about":[{"href":"https:\/\/opus-folyoirat.sk\/index.php?rest_route=\/wp\/v2\/types\/page"}],"author":[{"embeddable":true,"href":"https:\/\/opus-folyoirat.sk\/index.php?rest_route=\/wp\/v2\/users\/4"}],"replies":[{"embeddable":true,"href":"https:\/\/opus-folyoirat.sk\/index.php?rest_route=%2Fwp%2Fv2%2Fcomments&post=4445"}],"version-history":[{"count":1,"href":"https:\/\/opus-folyoirat.sk\/index.php?rest_route=\/wp\/v2\/pages\/4445\/revisions"}],"predecessor-version":[{"id":4446,"href":"https:\/\/opus-folyoirat.sk\/index.php?rest_route=\/wp\/v2\/pages\/4445\/revisions\/4446"}],"wp:attachment":[{"href":"https:\/\/opus-folyoirat.sk\/index.php?rest_route=%2Fwp%2Fv2%2Fmedia&parent=4445"}],"curies":[{"name":"wp","href":"https:\/\/api.w.org\/{rel}","templated":true}]}}