{"id":4469,"date":"2025-12-24T20:00:00","date_gmt":"2025-12-24T18:00:00","guid":{"rendered":"https:\/\/opus-folyoirat.sk\/?page_id=4469"},"modified":"2026-01-28T20:14:44","modified_gmt":"2026-01-28T18:14:44","slug":"napkaracsony","status":"publish","type":"page","link":"https:\/\/opus-folyoirat.sk\/?page_id=4469","title":{"rendered":"NAPKAR\u00c1CSONY\u00a0"},"content":{"rendered":"<div class=\"wp-block-post-date\"><time datetime=\"2025-12-24T20:00:00+02:00\">2025-12-24<\/time><\/div>\n\n\n<p>Kar\u00e1csony \u00e9s Nap? Hogy j\u00f6n ez \u00f6ssze k\u00e9rdezhetn\u00e9 az olvas\u00f3, aki megszokta, hogy ilyenkor, \u00e9v v\u00e9ge fel\u00e9 csilingel\u0151 harangsz\u00f3val \u00e9s szikr\u00e1z\u00f3 csillagsz\u00f3r\u00f3kkal \u00fcnnepelj\u00fck a kis J\u00e9zus sz\u00fclet\u00e9s\u00e9t.&nbsp;<br>M\u00e1sok azonban n\u00e9m\u00e1n b\u00f3logatnak, mivel j\u00f3l tudj\u00e1k, hogy ez a szent \u00fcnnep\u00fcnk sem ker\u00fclte el a pszeudomorf\u00f3zis t\u00f6rv\u00e9nyszer\u0171s\u00e9g\u00e9t, \u00e9s b\u00f6lcs papjaink, p\u00fcsp\u00f6keink engedve az \u0151si hagyom\u00e1nyoknak, icipicit igaz\u00edtottak egyes kinyilatkoztat\u00e1sok idej\u00e9n \u00e9s m\u00f3dj\u00e1n.<br>Istenfia sz\u00fclet\u00e9s\u00e9nek id\u0151pontja nem v\u00e9letlen\u00fcl lett \u00e9pp a t\u00e9li napfordul\u00f3hoz (december 21) k\u00f6zeli napra t\u00e9ve. Kompromisszum volt ez, hiszen a kereszt\u00e9nys\u00e9g el\u0151tti id\u0151kben az emberek sz\u00e1m\u00e1ra ez az \u0151si \u00fcnnep \u00e9vezredek \u00f3ta a nap sz\u00fclet\u00e9s\u00e9t jelentette, legyen az ak\u00e1r az akk\u00e1d Samas, az egyiptomi R\u00e9, a g\u00f6r\u00f6g H\u00e9liosz vagy a perzsa \u00e9s a r\u00f3mai birodalom eg\u00e9sz ter\u00fclet\u00e9n tisztelt Mithra.<br>A Spengler \u00e1ltal bevezetett pszeudomorf\u00f3zis \u00e9rtelmez\u00e9se szerint a mi (kereszt\u00e9nyek) eset\u00fcnkben is arr\u00f3l van sz\u00f3, hogy a kult\u00fark\u00f6zi kapcsolatokban az \u00fajonnan kialakult forma nem fojtotta meg a kell\u0151 bels\u0151 er\u0151vel rendelkez\u0151 r\u00e9gebbi kult\u00far\u00e1t (a nap sz\u00fclet\u00e9s\u00e9nek \u0151si \u00fcnnep\u00e9t), hanem valamik\u00e9pp bele\u00e9p\u00edtette saj\u00e1t formavil\u00e1g\u00e1ba.<br>Nos, mint mindannyian tudjuk, ez t\u00f6rt\u00e9nt a kar\u00e1csony eset\u00e9ben is. Hogy mindez a k\u00e9s\u0151bbiekben az \u00fcnnepi mis\u00e9k, csilingel\u0151 harangsz\u00f3k, betlehemez\u00e9sek j\u00e1rul\u00e9kaival eg\u00e9sz\u00fclt ki nem csak az emberek szeretet ir\u00e1nti ig\u00e9ny\u00e9t, de az emberi fant\u00e1zi\u00e1t is dics\u00e9ri.<br>J\u00e9zus sz\u00fclet\u00e9se id\u0151pontj\u00e1nak megv\u00e1laszt\u00e1sa eme elgondol\u00e1s miatt, cseng \u00f6ssze a r\u00e9gi Nap sz\u00fclet\u00e9s\u00e9nek \u00fcnnep\u00e9vel, \u201evalamif\u00e9le\u201d folytonoss\u00e1g teh\u00e1t egy \u00faj form\u00e1ban megmaradt, az \u00fcnnepl\u00e9s m\u00f3dja azonban \u00e9vsz\u00e1zadok kitart\u00f3, lelkes \u00f6szt\u00f6nz\u00e9s\u00e9nek k\u00f6sz\u00f6nhet\u0151 alakult \u00e9s gondolom, alakulni, v\u00e1ltozni is fog a j\u00f6v\u0151ben.&nbsp;<br>Ha net\u00e1n valaki rosszn\u00e9ven veszi ezt a magyar\u00e1zatot meg kell nyugtatnom, ak\u00e1r tudatos\u00edtjuk, ak\u00e1r nem, az \u00e9letet ad\u00f3 Nap ir\u00e1nti tisztelet \u00e9s h\u00e1la \u00f6r\u00f6kre a lelk\u00fcnkbe v\u00e9s\u0151d\u00f6tt.<br>Emberi mivoltunk \u00e9s tal\u00e1n megmarad\u00e1sunk legfontosabb felt\u00e9tele, hogy a teremt\u00e9s ir\u00e1nti tisztelet\u00fcnk \u00e9s h\u00e1l\u00e1nk mellett a szeretet \u00e9s meg\u00e9rt\u00e9s tov\u00e1bbra is ott ragyogjon a sz\u00edv\u00fcnkben.&nbsp;<\/p>\n\n\n\n<p><br><em>Hogya Gy\u00f6rgy<\/em><\/p>\n","protected":false},"excerpt":{"rendered":"<p>Kar\u00e1csony \u00e9s Nap? Hogy j\u00f6n ez \u00f6ssze k\u00e9rdezhetn\u00e9 az olvas\u00f3, aki megszokta, hogy ilyenkor, \u00e9v v\u00e9ge fel\u00e9 csilingel\u0151 harangsz\u00f3val \u00e9s szikr\u00e1z\u00f3 csillagsz\u00f3r\u00f3kkal \u00fcnnepelj\u00fck a kis J\u00e9zus sz\u00fclet\u00e9s\u00e9t.&nbsp;M\u00e1sok azonban n\u00e9m\u00e1n b\u00f3logatnak, mivel j\u00f3l tudj\u00e1k, hogy ez a szent \u00fcnnep\u00fcnk sem ker\u00fclte &hellip; <a href=\"https:\/\/opus-folyoirat.sk\/?page_id=4469\">Egy kattint\u00e1s ide a folytat\u00e1shoz&#8230;. <span class=\"meta-nav\">&rarr;<\/span><\/a><\/p>\n","protected":false},"author":4,"featured_media":0,"parent":0,"menu_order":0,"comment_status":"closed","ping_status":"closed","template":"","meta":{"footnotes":""},"class_list":["post-4469","page","type-page","status-publish","hentry"],"_links":{"self":[{"href":"https:\/\/opus-folyoirat.sk\/index.php?rest_route=\/wp\/v2\/pages\/4469","targetHints":{"allow":["GET"]}}],"collection":[{"href":"https:\/\/opus-folyoirat.sk\/index.php?rest_route=\/wp\/v2\/pages"}],"about":[{"href":"https:\/\/opus-folyoirat.sk\/index.php?rest_route=\/wp\/v2\/types\/page"}],"author":[{"embeddable":true,"href":"https:\/\/opus-folyoirat.sk\/index.php?rest_route=\/wp\/v2\/users\/4"}],"replies":[{"embeddable":true,"href":"https:\/\/opus-folyoirat.sk\/index.php?rest_route=%2Fwp%2Fv2%2Fcomments&post=4469"}],"version-history":[{"count":1,"href":"https:\/\/opus-folyoirat.sk\/index.php?rest_route=\/wp\/v2\/pages\/4469\/revisions"}],"predecessor-version":[{"id":4471,"href":"https:\/\/opus-folyoirat.sk\/index.php?rest_route=\/wp\/v2\/pages\/4469\/revisions\/4471"}],"wp:attachment":[{"href":"https:\/\/opus-folyoirat.sk\/index.php?rest_route=%2Fwp%2Fv2%2Fmedia&parent=4469"}],"curies":[{"name":"wp","href":"https:\/\/api.w.org\/{rel}","templated":true}]}}

NAPKARÁCSONY

<div class="wp-block-post-date"><time datetime="2025-12-24T20:00:00+02:00">2025-12-24</time></div>


<p>Karácsony és Nap? Hogy jön ez össze kérdezhetné az olvasó, aki megszokta, hogy ilyenkor, év vége felé csilingelő harangszóval és szikrázó csillagszórókkal ünnepeljük a kis Jézus születését.&nbsp;<br>Mások azonban némán bólogatnak, mivel jól tudják, hogy ez a szent ünnepünk sem kerülte el a pszeudomorfózis törvényszerűségét, és bölcs papjaink, püspökeink engedve az ősi hagyományoknak, icipicit igazítottak egyes kinyilatkoztatások idején és módján.<br>Istenfia születésének időpontja nem véletlenül lett épp a téli napfordulóhoz (december 21) közeli napra téve. Kompromisszum volt ez, hiszen a kereszténység előtti időkben az emberek számára ez az ősi ünnep évezredek óta a nap születését jelentette, legyen az akár az akkád Samas, az egyiptomi Ré, a görög Héliosz vagy a perzsa és a római birodalom egész területén tisztelt Mithra.<br>A Spengler által bevezetett pszeudomorfózis értelmezése szerint a mi (keresztények) esetünkben is arról van szó, hogy a kultúrközi kapcsolatokban az újonnan kialakult forma nem fojtotta meg a kellő belső erővel rendelkező régebbi kultúrát (a nap születésének ősi ünnepét), hanem valamiképp beleépítette saját formavilágába.<br>Nos, mint mindannyian tudjuk, ez történt a karácsony esetében is. Hogy mindez a későbbiekben az ünnepi misék, csilingelő harangszók, betlehemezések járulékaival egészült ki nem csak az emberek szeretet iránti igényét, de az emberi fantáziát is dicséri.<br>Jézus születése időpontjának megválasztása eme elgondolás miatt, cseng össze a régi Nap születésének ünnepével, „valamiféle” folytonosság tehát egy új formában megmaradt, az ünneplés módja azonban évszázadok kitartó, lelkes ösztönzésének köszönhető alakult és gondolom, alakulni, változni is fog a jövőben.&nbsp;<br>Ha netán valaki rossznéven veszi ezt a magyarázatot meg kell nyugtatnom, akár tudatosítjuk, akár nem, az életet adó Nap iránti tisztelet és hála örökre a lelkünkbe vésődött.<br>Emberi mivoltunk és talán megmaradásunk legfontosabb feltétele, hogy a teremtés iránti tiszteletünk és hálánk mellett a szeretet és megértés továbbra is ott ragyogjon a szívünkben.&nbsp;</p>



<p><br><em>Hogya György</em></p>

<p>Karácsony és Nap? Hogy jön ez össze kérdezhetné az olvasó, aki megszokta, hogy ilyenkor, év vége felé csilingelő harangszóval és szikrázó csillagszórókkal ünnepeljük a kis Jézus születését.&nbsp;Mások azonban némán bólogatnak, mivel jól tudják, hogy ez a szent ünnepünk sem kerülte &hellip; <a href="https://opus-folyoirat.sk/?page_id=4469">Egy kattintás ide a folytatáshoz&#8230;. <span class="meta-nav">&rarr;</span></a></p>
