{"id":4488,"date":"2025-10-17T20:00:00","date_gmt":"2025-10-17T18:00:00","guid":{"rendered":"https:\/\/opus-folyoirat.sk\/?page_id=4488"},"modified":"2026-01-28T21:04:48","modified_gmt":"2026-01-28T19:04:48","slug":"tozser-arpad-versei","status":"publish","type":"page","link":"https:\/\/opus-folyoirat.sk\/?page_id=4488","title":{"rendered":"T\u0151zs\u00e9r \u00c1rp\u00e1d versei"},"content":{"rendered":"<div class=\"wp-block-post-date\"><time datetime=\"2025-10-17T20:00:00+02:00\">2025-10-17<\/time><\/div>\n\n\n<p><strong>Ikarosz buk\u00e1sa<\/strong><\/p>\n\n\n\n<p><em>Az 1949-ben felfedezett s Icarusnak ne-<\/em><br><em>vezett t\u00f6rpebolyg\u00f3 p\u00e1ly\u00e1j\u00e1nak \u00e9rdekes-<\/em><br><em>s\u00e9ge, hogy napk\u00f6zelpontja valamennyi<\/em><br><em>bolyg\u00f3 k\u00f6z\u00fcl legk\u00f6zelebb esik a Naphoz.<\/em><br>(Wikip\u00e9diA)<\/p>\n\n\n\n<p>A m\u0171v\u00e9szetek szimult\u00e1n eonj\u00e1ban Ovidi-<br>us \u00e9s Bruegel kort\u00e1rsak, s nem tudni, me-<br>lyik\u00fck hatott a m\u00e1sikra. Mindketten meg-<br>\u00f6r\u00f6k\u00edtett\u00e9k Ikarosz buk\u00e1s\u00e1t,\u00a0de egyik\u00fck<br>sem tudta pontosan,\u00a0hogy Ikarosz hov\u00e1<br>t\u0171nt a Nap megk\u00f6zel\u00edt\u00e9se ut\u00e1n. Ovidiusz<br>Daidalosza\u00a0csak a fia sz\u00e1rny\u00e1b\u00f3l kihullt<br>tollakat l\u00e1tta a tenger habjaiban, Bruegel<br>k\u00e9p\u00e9n pedig a v\u00edzb\u0151l kimered\u0151 uszonyt I-<br>karosznak tulajdon\u00edtani nem t\u00f6bb\u00a0puszta<br>\u00f6nk\u00e9nyn\u00e9l.\u00a0Az igazs\u00e1g: Ikarosz a rep\u00fcl\u0151<br>Daidalosz mell\u0151l nem a tengerbe bukott,<br>hanem a vil\u00e1g\u0171rbe\u00a0zuhant. Miut\u00e1n\u00a0apja<br>tilt\u00e1sa ellen\u00e9re is elhagyta a f\u00f6ldi gravit\u00e1-<br>ci\u00f3\u00a0 ter\u00e9t, az \u0171r v\u00e1kuumejektora mag\u00e1ba<br>szippantotta. \u00c9s hirtelen\u00a0\u00f6sszekeveredett<br>benne a l\u00e1zad\u00e1s k\u00e9je s a l\u00e1tv\u00e1ny d\u00f6bbene-<br>te, Minosz f\u00f6ldi labirintus\u00e1nak eml\u00e9ke \u00e9s<br>Zeusz \u00e9gi \u00fatveszt\u0151i. A roppant csillagpor-<br>hegyek, tauruszbolyg\u00f3k s egy\u00e9b \u0171ralakza-<br>tok k\u00f6zt \u00e9rezte,\u00a0 maga is valami \u0171ri t\u00e1rgy-<br>gy\u00e1 v\u00e1ltozik. \u2013 1949. j\u00fanius 27-\u00e9n a Bru-<br>egel-m\u0171 jobb als\u00f3sark\u00e1ban \u00fcl\u0151 hal\u00e1sz ke-<br>z\u00e9ben,\u00a0fog\u00e1st jelezve, megr\u00e1ndult\u00a0 a n\u00e1d-<br>sz\u00e1r, egy t\u00f6rpeharcsa verg\u0151d\u00f6tt\u00a0a horgon.<\/p>\n\n\n\n<p><br><br><strong>Nyelvist\u00e1ll\u00f3<\/strong><\/p>\n\n\n\n<p><em>A -szer\u0171<\/em>, ez a farkcsontszer\u0171 ut\u00f3-<br>tag\u00a0egymag\u00e1ban m\u00e1r semmit sem<br>jelent.\u00a0R\u00e1csimpaszkodik egy-egy<br>sz\u00f3ra, ahol azt\u00e1n\u00a0egy\u00e1ltal\u00e1n\u00a0nem<br>vend\u00e9gk\u00e9nt viselkedik: g\u00e1tl\u00e1stala-<br>nul megv\u00e1ltoztatja a gazdasz\u00f3 je-<br>lent\u00e9s\u00e9t, s ahol csak\u00a0lehet kelle-<br>metlenkedik. Sohasem lehet tudni,<br>hogy most \u00e9ppen milyen viszony-<br>ban van az alapsz\u00f3val, nincsenek-<br>-e haragban egym\u00e1ssal,\u00a0lehet-e \u0151<br>-ket egybe \u00edrni avagy strajf\u00e1t, azaz<br>k\u00f6t\u0151jelet kell k\u00f6z\u00e9j\u00fck tenni, hogy<br>\u00f6ssze ne r\u00fagj\u00e1k a patk\u00f3t? A nyelv-<br>ist\u00e1ll\u00f3 \u00e9jszak\u00e1ja csupa\u00a0 bauxit,\u00a0\u00edr-<br>ja\u00a0a\u00a0jeles\u00a0k\u00f6lt\u0151,\u00a0s\u00a0\u0151 csak\u00a0tudja.<\/p>\n\n\n\n<p><br><em>Megjelent az Opus 2025\/5-\u00f6s sz\u00e1m\u00e1ban<\/em><\/p>\n","protected":false},"excerpt":{"rendered":"<p>Ikarosz buk\u00e1sa Az 1949-ben felfedezett s Icarusnak ne-vezett t\u00f6rpebolyg\u00f3 p\u00e1ly\u00e1j\u00e1nak \u00e9rdekes-s\u00e9ge, hogy napk\u00f6zelpontja valamennyibolyg\u00f3 k\u00f6z\u00fcl legk\u00f6zelebb esik a Naphoz.(Wikip\u00e9diA) A m\u0171v\u00e9szetek szimult\u00e1n eonj\u00e1ban Ovidi-us \u00e9s Bruegel kort\u00e1rsak, s nem tudni, me-lyik\u00fck hatott a m\u00e1sikra. Mindketten meg-\u00f6r\u00f6k\u00edtett\u00e9k Ikarosz buk\u00e1s\u00e1t,\u00a0de egyik\u00fcksem tudta &hellip; <a href=\"https:\/\/opus-folyoirat.sk\/?page_id=4488\">Egy kattint\u00e1s ide a folytat\u00e1shoz&#8230;. <span class=\"meta-nav\">&rarr;<\/span><\/a><\/p>\n","protected":false},"author":4,"featured_media":0,"parent":0,"menu_order":0,"comment_status":"closed","ping_status":"closed","template":"","meta":{"footnotes":""},"class_list":["post-4488","page","type-page","status-publish","hentry"],"_links":{"self":[{"href":"https:\/\/opus-folyoirat.sk\/index.php?rest_route=\/wp\/v2\/pages\/4488","targetHints":{"allow":["GET"]}}],"collection":[{"href":"https:\/\/opus-folyoirat.sk\/index.php?rest_route=\/wp\/v2\/pages"}],"about":[{"href":"https:\/\/opus-folyoirat.sk\/index.php?rest_route=\/wp\/v2\/types\/page"}],"author":[{"embeddable":true,"href":"https:\/\/opus-folyoirat.sk\/index.php?rest_route=\/wp\/v2\/users\/4"}],"replies":[{"embeddable":true,"href":"https:\/\/opus-folyoirat.sk\/index.php?rest_route=%2Fwp%2Fv2%2Fcomments&post=4488"}],"version-history":[{"count":2,"href":"https:\/\/opus-folyoirat.sk\/index.php?rest_route=\/wp\/v2\/pages\/4488\/revisions"}],"predecessor-version":[{"id":4491,"href":"https:\/\/opus-folyoirat.sk\/index.php?rest_route=\/wp\/v2\/pages\/4488\/revisions\/4491"}],"wp:attachment":[{"href":"https:\/\/opus-folyoirat.sk\/index.php?rest_route=%2Fwp%2Fv2%2Fmedia&parent=4488"}],"curies":[{"name":"wp","href":"https:\/\/api.w.org\/{rel}","templated":true}]}}

Tőzsér Árpád versei

<div class="wp-block-post-date"><time datetime="2025-10-17T20:00:00+02:00">2025-10-17</time></div>


<p><strong>Ikarosz bukása</strong></p>



<p><em>Az 1949-ben felfedezett s Icarusnak ne-</em><br><em>vezett törpebolygó pályájának érdekes-</em><br><em>sége, hogy napközelpontja valamennyi</em><br><em>bolygó közül legközelebb esik a Naphoz.</em><br>(WikipédiA)</p>



<p>A művészetek szimultán eonjában Ovidi-<br>us és Bruegel kortársak, s nem tudni, me-<br>lyikük hatott a másikra. Mindketten meg-<br>örökítették Ikarosz bukását, de egyikük<br>sem tudta pontosan, hogy Ikarosz hová<br>tűnt a Nap megközelítése után. Ovidiusz<br>Daidalosza csak a fia szárnyából kihullt<br>tollakat látta a tenger habjaiban, Bruegel<br>képén pedig a vízből kimeredő uszonyt I-<br>karosznak tulajdonítani nem több puszta<br>önkénynél. Az igazság: Ikarosz a repülő<br>Daidalosz mellől nem a tengerbe bukott,<br>hanem a világűrbe zuhant. Miután apja<br>tiltása ellenére is elhagyta a földi gravitá-<br>ció  terét, az űr vákuumejektora magába<br>szippantotta. És hirtelen összekeveredett<br>benne a lázadás kéje s a látvány döbbene-<br>te, Minosz földi labirintusának emléke és<br>Zeusz égi útvesztői. A roppant csillagpor-<br>hegyek, tauruszbolygók s egyéb űralakza-<br>tok közt érezte,  maga is valami űri tárgy-<br>gyá változik. – 1949. június 27-én a Bru-<br>egel-mű jobb alsósarkában ülő halász ke-<br>zében, fogást jelezve, megrándult  a nád-<br>szár, egy törpeharcsa vergődött a horgon.</p>



<p><br><br><strong>Nyelvistálló</strong></p>



<p><em>A -szerű</em>, ez a farkcsontszerű utó-<br>tag egymagában már semmit sem<br>jelent. Rácsimpaszkodik egy-egy<br>szóra, ahol aztán egyáltalán nem<br>vendégként viselkedik: gátlástala-<br>nul megváltoztatja a gazdaszó je-<br>lentését, s ahol csak lehet kelle-<br>metlenkedik. Sohasem lehet tudni,<br>hogy most éppen milyen viszony-<br>ban van az alapszóval, nincsenek-<br>-e haragban egymással, lehet-e ő<br>-ket egybe írni avagy strajfát, azaz<br>kötőjelet kell közéjük tenni, hogy<br>össze ne rúgják a patkót? A nyelv-<br>istálló éjszakája csupa  bauxit, ír-<br>ja a jeles költő, s ő csak tudja.</p>



<p><br><em>Megjelent az Opus 2025/5-ös számában</em></p>

<p>Ikarosz bukása Az 1949-ben felfedezett s Icarusnak ne-vezett törpebolygó pályájának érdekes-sége, hogy napközelpontja valamennyibolygó közül legközelebb esik a Naphoz.(WikipédiA) A művészetek szimultán eonjában Ovidi-us és Bruegel kortársak, s nem tudni, me-lyikük hatott a másikra. Mindketten meg-örökítették Ikarosz bukását, de egyiküksem tudta &hellip; <a href="https://opus-folyoirat.sk/?page_id=4488">Egy kattintás ide a folytatáshoz&#8230;. <span class="meta-nav">&rarr;</span></a></p>
