{"id":4492,"date":"2025-10-18T10:06:00","date_gmt":"2025-10-18T08:06:00","guid":{"rendered":"https:\/\/opus-folyoirat.sk\/?page_id=4492"},"modified":"2026-01-28T21:08:40","modified_gmt":"2026-01-28T19:08:40","slug":"z-nemeth-istvan-7","status":"publish","type":"page","link":"https:\/\/opus-folyoirat.sk\/?page_id=4492","title":{"rendered":"Z. N\u00e9meth Istv\u00e1n"},"content":{"rendered":"<div class=\"wp-block-post-date\"><time datetime=\"2025-10-18T10:06:00+02:00\">2025-10-18<\/time><\/div>\n\n\n<p><strong>Egy sz\u00e9tszabdalt festm\u00e9ny \u00f6sszeragaszt\u00e1sa<\/strong><br><em>T\u0151zs\u00e9r \u00c1rp\u00e1d 90. sz\u00fclet\u00e9snapj\u00e1ra<\/em><\/p>\n\n\n\n<div class=\"wp-block-group is-vertical is-layout-flex wp-container-core-group-is-layout-8cf370e7 wp-block-group-is-layout-flex\">\n<p>I.<\/p>\n\n\n\n<p>A kan\u00e1l g\u00f6rbe, a t\u00e1ny\u00e9r foltos, a poh\u00e1r csorba.<\/p>\n\n\n\n<p>Felforr \u00e9s habzik a k\u00f6lt\u0151v\u00e9r, ak\u00e1r a must.<\/p>\n\n\n\n<p>Bele lehet inni k\u00e9tszer ugyanabba a borba?<\/p>\n\n\n\n<p>Mert a foly\u00f3 nem t\u0171r el hasonl\u00f3 inzultust.<\/p>\n\n\n\n<p>Az vagyok, akiv\u00e9 a versek meg\u00edrtak engem.<\/p>\n\n\n\n<p>A versszakok \u00f6sszefognak, sz\u00e9thullnom tilos.<\/p>\n\n\n\n<p>Sziget a hull\u00e1mz\u00f3, k\u00f6nyvt\u00e1rnyi v\u00e9gtelenben,<\/p>\n\n\n\n<p>felborzolt toll\u00fa t\u0171zmad\u00e1r, megfagyott papiros.<\/p>\n\n\n\n<p>Bele lehet \u00edrni k\u00e9tszer ugyanabba a versbe?<\/p>\n\n\n\n<p>Leonardo szak\u00e1ll\u00e1n f\u00e9lbet\u00f6rt hangjegyek.<\/p>\n\n\n\n<p>Mona Lisa, titkodba k\u00e9rlek, te vezess be.<\/p>\n\n\n\n<p>Egy megv\u00e1lt\u00f3, ki m\u00e1sodszor elj\u00f6nni restell.<\/p>\n\n\n\n<p>Ujjaidnak v\u00e9g\u00e9n hint\u00e1zom, l\u00e1sd, szenvedek.<\/p>\n\n\n\n<p>A mosolyt \u00fajrafestem, de mi lesz a testtel?<\/p>\n<\/div>\n\n\n\n<div class=\"wp-block-group is-vertical is-layout-flex wp-container-core-group-is-layout-8cf370e7 wp-block-group-is-layout-flex\">\n<p><br>II.<\/p>\n\n\n\n<p>Verscafatok a t\u00e1ny\u00e9rodon.<\/p>\n\n\n\n<p>Halsz\u00e1lka \u00e9kezet, szempilla<\/p>\n\n\n\n<p>z\u00e1r\u00f3jel, pont, mint k\u00f6r\u00f6mpiszok,<\/p>\n\n\n\n<p>m\u0171k\u00f6r\u00f6mnyi r\u00edm.<\/p>\n\n\n\n<p>J\u00f3llakik veled a l\u00edra, felb\u00f6f\u00f6gi<\/p>\n\n\n\n<p>\u00e1lmos k\u00e9k szemed. A k\u00e1v\u00e9<\/p>\n\n\n\n<p>fekete tenger\u00e9n habvitorla.<\/p>\n\n\n\n<p>K\u00e9rd\u0151jel, k\u00e9s, villa, kan\u00e1lis.<\/p>\n\n\n\n<p>Ez az utols\u00f3 versszak: t\u00f6bb<\/p>\n\n\n\n<p>fog\u00e1s sz\u00fcks\u00e9gtelen. Ne legyen<\/p>\n\n\n\n<p>el\u0151tt\u00fck m\u00e1sik istened: k\u00f6ve-<\/p>\n\n\n\n<p>tel\u0151znek a bet\u00f6rdelt verssorok.<\/p>\n<\/div>\n\n\n\n<div class=\"wp-block-group is-vertical is-layout-flex wp-container-core-group-is-layout-8cf370e7 wp-block-group-is-layout-flex\">\n<p><br>III.<\/p>\n\n\n\n<p>A sz\u00e9lbe szegeket vet a bolond,<\/p>\n\n\n\n<p>s v\u00e1rja, majd kikelnek azok.<\/p>\n\n\n\n<p>Vir\u00e1g serken az ujja r\u00fcgy\u00e9b\u0151l,<\/p>\n\n\n\n<p>fojtogatj\u00e1k megszentelt halmazok.<\/p>\n\n\n\n<p>H\u00e1rtyav\u00e9kony az \u00e9g, a mereng\u0151<\/p>\n\n\n\n<p>h\u0151snek j\u00f3l esik a felh\u0151n \u00fcl\u00e9s.<\/p>\n\n\n\n<p>Ingyente\u00e1t osztanak \u00e9s mar\u00f3l\u00fagot,<\/p>\n\n\n\n<p>ott lenn \u00fcnnep\u00e9ly lett az elh\u00fcly\u00fcl\u00e9s.<\/p>\n<\/div>\n\n\n\n<div class=\"wp-block-group is-vertical is-layout-flex wp-container-core-group-is-layout-8cf370e7 wp-block-group-is-layout-flex\">\n<p><br>IV.<\/p>\n\n\n\n<p>K\u00e9rdeztem \u00e9n is a n\u00e9vtelen utaz\u00f3t.<\/p>\n\n\n\n<p>Engedte, hogy \u00e1tlapozzam \u00fcres<\/p>\n\n\n\n<p>jegyzetf\u00fczet\u00e9t. Nincs m\u00e1r meg a park,<\/p>\n\n\n\n<p>ahol egy padra le\u00fclt\u00fcnk, az arc\u00e1ra<\/p>\n\n\n\n<p>sem eml\u00e9kszem. Csak a d\u00f6bbenetre,<\/p>\n\n\n\n<p>hogy mindig is ismert\u00fck egym\u00e1st,<\/p>\n\n\n\n<p>\u00e9s a gesztusra, ahogy \u00e1tadta hely\u00e9t.<\/p>\n\n\n\n<p>Az\u00f3ta a vil\u00e1got j\u00e1rom, \u00e9s nem tudok<\/p>\n\n\n\n<p>megpihenni. A lapok c\u00edmoldal\u00e1n<\/p>\n\n\n\n<p>olvasok arr\u00f3l, amit a nevemben<\/p>\n\n\n\n<p>cselekszik, s hi\u00e1ba naprak\u00e9szek<\/p>\n\n\n\n<p>\u00e1lneveim, visszat\u00e9r hozz\u00e1m egyre<\/p>\n\n\n\n<p>az elhaj\u00edtott \u00fatlev\u00e9l.<\/p>\n<\/div>\n\n\n\n<div class=\"wp-block-group is-vertical is-layout-flex wp-container-core-group-is-layout-8cf370e7 wp-block-group-is-layout-flex\">\n<p><br>V.<\/p>\n\n\n\n<p>az \u00e1gak a t\u00f6rzsre a levelek az \u00e1gra<\/p>\n\n\n\n<p>a f\u00e9nypermet a levelekre \u00e9s v\u00e9g\u00fcl<\/p>\n\n\n\n<p>az eg\u00e9sz fa a r\u00e9t k\u00f6zep\u00e9re a r\u00e9t meg<\/p>\n\n\n\n<p>a tenyerembe a teny\u00e9r a zsebembe<\/p>\n\n\n\n<p>\u00e9s a sz\u00edvbe minden de minden vissza<\/p>\n\n\n\n<p>minden \u00e1ron vissza<\/p>\n\n\n\n<p>hiszen az \u00edz volt el\u0151bb s csak azt\u00e1n a harap\u00e1s<\/p>\n<\/div>\n\n\n\n<div class=\"wp-block-group is-vertical is-layout-flex wp-container-core-group-is-layout-8cf370e7 wp-block-group-is-layout-flex\">\n<p><br>VI.<\/p>\n\n\n\n<p>Sz\u00f3l a tan\u00e1r, mit nektek verstanmagvak<\/p>\n\n\n\n<p>meg sz\u00f3lamtagol\u00e1s, eh, \u00e1tlagos haland\u00f3k!<\/p>\n\n\n\n<p>Sz\u00e1motokra egy f\u00e9lk\u00f6v\u00e9r jambus vagy<\/p>\n\n\n\n<p>fogcsattogtat\u00f3 krokodaktilus csak humusz.<\/p>\n\n\n\n<p>Julika l\u00edrai alkat t\u0151lem p\u00e1r hexam\u00e9terre.<\/p>\n\n\n\n<p>L\u00f6v\u00e9sz\u00e1rkot h\u00faz k\u00f6z\u00e9nk a front\u00e1lis oktat\u00e1s.<\/p>\n\n\n\n<p>Adoniszi sorr\u00f3l \u00e1lmodik, kiv\u00e1rom, m\u00edg<\/p>\n\n\n\n<p>egy szabad versl\u00e1b is meghatja. Id\u0151m \u00e9rt\u00e9k.<\/p>\n<\/div>\n\n\n\n<div class=\"wp-block-group is-vertical is-layout-flex wp-container-core-group-is-layout-8cf370e7 wp-block-group-is-layout-flex\">\n<p><br>VII.<\/p>\n\n\n\n<p>ha valaha is bek\u00f6lt\u00f6zn\u00e9l egy versbe<\/p>\n\n\n\n<p>csak a legfontosabb dolgokat vidd magaddal<\/p>\n\n\n\n<p>az \u00f6r\u00f6k \u00e9let viz\u00e9t j\u00f3l hangolt id\u0151g\u00e9pet<\/p>\n\n\n\n<p>erny\u0151t csikland\u00f3 r\u00edmes\u0151k ellen<\/p>\n\n\n\n<p>f\u00fcldug\u00f3t ha t\u00fal hangos a ritmus<\/p>\n\n\n\n<p>spongy\u00e1t a spondeusra sz\u00e1raz v\u00f6r\u00f6st a bacchiusra<\/p>\n\n\n\n<p>\u00e9s ne lepjen meg a gesztus<\/p>\n\n\n\n<p>ha lebeg-dobol az anapesztus<\/p>\n\n\n\n<p>ha egy szonett utols\u00f3 sor\u00e1b\u00f3l<\/p>\n\n\n\n<p>kider\u00fclne: csakis \u00e9n ismerlek fel<\/p>\n\n\n\n<p>ebben a tolakod\u00e1sban<\/p>\n\n\n\n<p>mert v\u00e9rk\u00f6r\u00fcnk ugyanaz<\/p>\n<\/div>\n\n\n\n<p><br><em>Megjelent az Opus 2025\/5-\u00f6s sz\u00e1m\u00e1ban<\/em><\/p>\n","protected":false},"excerpt":{"rendered":"<p>Egy sz\u00e9tszabdalt festm\u00e9ny \u00f6sszeragaszt\u00e1saT\u0151zs\u00e9r \u00c1rp\u00e1d 90. sz\u00fclet\u00e9snapj\u00e1ra I. A kan\u00e1l g\u00f6rbe, a t\u00e1ny\u00e9r foltos, a poh\u00e1r csorba. Felforr \u00e9s habzik a k\u00f6lt\u0151v\u00e9r, ak\u00e1r a must. Bele lehet inni k\u00e9tszer ugyanabba a borba? Mert a foly\u00f3 nem t\u0171r el hasonl\u00f3 inzultust. &hellip; <a href=\"https:\/\/opus-folyoirat.sk\/?page_id=4492\">Egy kattint\u00e1s ide a folytat\u00e1shoz&#8230;. <span class=\"meta-nav\">&rarr;<\/span><\/a><\/p>\n","protected":false},"author":4,"featured_media":0,"parent":0,"menu_order":0,"comment_status":"closed","ping_status":"closed","template":"","meta":{"footnotes":""},"class_list":["post-4492","page","type-page","status-publish","hentry"],"_links":{"self":[{"href":"https:\/\/opus-folyoirat.sk\/index.php?rest_route=\/wp\/v2\/pages\/4492","targetHints":{"allow":["GET"]}}],"collection":[{"href":"https:\/\/opus-folyoirat.sk\/index.php?rest_route=\/wp\/v2\/pages"}],"about":[{"href":"https:\/\/opus-folyoirat.sk\/index.php?rest_route=\/wp\/v2\/types\/page"}],"author":[{"embeddable":true,"href":"https:\/\/opus-folyoirat.sk\/index.php?rest_route=\/wp\/v2\/users\/4"}],"replies":[{"embeddable":true,"href":"https:\/\/opus-folyoirat.sk\/index.php?rest_route=%2Fwp%2Fv2%2Fcomments&post=4492"}],"version-history":[{"count":1,"href":"https:\/\/opus-folyoirat.sk\/index.php?rest_route=\/wp\/v2\/pages\/4492\/revisions"}],"predecessor-version":[{"id":4493,"href":"https:\/\/opus-folyoirat.sk\/index.php?rest_route=\/wp\/v2\/pages\/4492\/revisions\/4493"}],"wp:attachment":[{"href":"https:\/\/opus-folyoirat.sk\/index.php?rest_route=%2Fwp%2Fv2%2Fmedia&parent=4492"}],"curies":[{"name":"wp","href":"https:\/\/api.w.org\/{rel}","templated":true}]}}

Z. Németh István

<div class="wp-block-post-date"><time datetime="2025-10-18T10:06:00+02:00">2025-10-18</time></div>


<p><strong>Egy szétszabdalt festmény összeragasztása</strong><br><em>Tőzsér Árpád 90. születésnapjára</em></p>



<div class="wp-block-group is-vertical is-layout-flex wp-container-core-group-is-layout-8cf370e7 wp-block-group-is-layout-flex">
<p>I.</p>



<p>A kanál görbe, a tányér foltos, a pohár csorba.</p>



<p>Felforr és habzik a költővér, akár a must.</p>



<p>Bele lehet inni kétszer ugyanabba a borba?</p>



<p>Mert a folyó nem tűr el hasonló inzultust.</p>



<p>Az vagyok, akivé a versek megírtak engem.</p>



<p>A versszakok összefognak, széthullnom tilos.</p>



<p>Sziget a hullámzó, könyvtárnyi végtelenben,</p>



<p>felborzolt tollú tűzmadár, megfagyott papiros.</p>



<p>Bele lehet írni kétszer ugyanabba a versbe?</p>



<p>Leonardo szakállán félbetört hangjegyek.</p>



<p>Mona Lisa, titkodba kérlek, te vezess be.</p>



<p>Egy megváltó, ki másodszor eljönni restell.</p>



<p>Ujjaidnak végén hintázom, lásd, szenvedek.</p>



<p>A mosolyt újrafestem, de mi lesz a testtel?</p>
</div>



<div class="wp-block-group is-vertical is-layout-flex wp-container-core-group-is-layout-8cf370e7 wp-block-group-is-layout-flex">
<p><br>II.</p>



<p>Verscafatok a tányérodon.</p>



<p>Halszálka ékezet, szempilla</p>



<p>zárójel, pont, mint körömpiszok,</p>



<p>műkörömnyi rím.</p>



<p>Jóllakik veled a líra, felböfögi</p>



<p>álmos kék szemed. A kávé</p>



<p>fekete tengerén habvitorla.</p>



<p>Kérdőjel, kés, villa, kanális.</p>



<p>Ez az utolsó versszak: több</p>



<p>fogás szükségtelen. Ne legyen</p>



<p>előttük másik istened: köve-</p>



<p>telőznek a betördelt verssorok.</p>
</div>



<div class="wp-block-group is-vertical is-layout-flex wp-container-core-group-is-layout-8cf370e7 wp-block-group-is-layout-flex">
<p><br>III.</p>



<p>A szélbe szegeket vet a bolond,</p>



<p>s várja, majd kikelnek azok.</p>



<p>Virág serken az ujja rügyéből,</p>



<p>fojtogatják megszentelt halmazok.</p>



<p>Hártyavékony az ég, a merengő</p>



<p>hősnek jól esik a felhőn ülés.</p>



<p>Ingyenteát osztanak és marólúgot,</p>



<p>ott lenn ünnepély lett az elhülyülés.</p>
</div>



<div class="wp-block-group is-vertical is-layout-flex wp-container-core-group-is-layout-8cf370e7 wp-block-group-is-layout-flex">
<p><br>IV.</p>



<p>Kérdeztem én is a névtelen utazót.</p>



<p>Engedte, hogy átlapozzam üres</p>



<p>jegyzetfüzetét. Nincs már meg a park,</p>



<p>ahol egy padra leültünk, az arcára</p>



<p>sem emlékszem. Csak a döbbenetre,</p>



<p>hogy mindig is ismertük egymást,</p>



<p>és a gesztusra, ahogy átadta helyét.</p>



<p>Azóta a világot járom, és nem tudok</p>



<p>megpihenni. A lapok címoldalán</p>



<p>olvasok arról, amit a nevemben</p>



<p>cselekszik, s hiába naprakészek</p>



<p>álneveim, visszatér hozzám egyre</p>



<p>az elhajított útlevél.</p>
</div>



<div class="wp-block-group is-vertical is-layout-flex wp-container-core-group-is-layout-8cf370e7 wp-block-group-is-layout-flex">
<p><br>V.</p>



<p>az ágak a törzsre a levelek az ágra</p>



<p>a fénypermet a levelekre és végül</p>



<p>az egész fa a rét közepére a rét meg</p>



<p>a tenyerembe a tenyér a zsebembe</p>



<p>és a szívbe minden de minden vissza</p>



<p>minden áron vissza</p>



<p>hiszen az íz volt előbb s csak aztán a harapás</p>
</div>



<div class="wp-block-group is-vertical is-layout-flex wp-container-core-group-is-layout-8cf370e7 wp-block-group-is-layout-flex">
<p><br>VI.</p>



<p>Szól a tanár, mit nektek verstanmagvak</p>



<p>meg szólamtagolás, eh, átlagos halandók!</p>



<p>Számotokra egy félkövér jambus vagy</p>



<p>fogcsattogtató krokodaktilus csak humusz.</p>



<p>Julika lírai alkat tőlem pár hexaméterre.</p>



<p>Lövészárkot húz közénk a frontális oktatás.</p>



<p>Adoniszi sorról álmodik, kivárom, míg</p>



<p>egy szabad versláb is meghatja. Időm érték.</p>
</div>



<div class="wp-block-group is-vertical is-layout-flex wp-container-core-group-is-layout-8cf370e7 wp-block-group-is-layout-flex">
<p><br>VII.</p>



<p>ha valaha is beköltöznél egy versbe</p>



<p>csak a legfontosabb dolgokat vidd magaddal</p>



<p>az örök élet vizét jól hangolt időgépet</p>



<p>ernyőt csiklandó rímesők ellen</p>



<p>füldugót ha túl hangos a ritmus</p>



<p>spongyát a spondeusra száraz vöröst a bacchiusra</p>



<p>és ne lepjen meg a gesztus</p>



<p>ha lebeg-dobol az anapesztus</p>



<p>ha egy szonett utolsó sorából</p>



<p>kiderülne: csakis én ismerlek fel</p>



<p>ebben a tolakodásban</p>



<p>mert vérkörünk ugyanaz</p>
</div>



<p><br><em>Megjelent az Opus 2025/5-ös számában</em></p>

<p>Egy szétszabdalt festmény összeragasztásaTőzsér Árpád 90. születésnapjára I. A kanál görbe, a tányér foltos, a pohár csorba. Felforr és habzik a költővér, akár a must. Bele lehet inni kétszer ugyanabba a borba? Mert a folyó nem tűr el hasonló inzultust. &hellip; <a href="https://opus-folyoirat.sk/?page_id=4492">Egy kattintás ide a folytatáshoz&#8230;. <span class="meta-nav">&rarr;</span></a></p>
