{"id":4570,"date":"2025-12-23T11:00:00","date_gmt":"2025-12-23T09:00:00","guid":{"rendered":"https:\/\/opus-folyoirat.sk\/?page_id=4570"},"modified":"2026-02-01T11:59:53","modified_gmt":"2026-02-01T09:59:53","slug":"fellinger-karoly-3","status":"publish","type":"page","link":"https:\/\/opus-folyoirat.sk\/?page_id=4570","title":{"rendered":"Fellinger K\u00e1roly"},"content":{"rendered":"<div class=\"has-text-align-right wp-block-post-date\"><time datetime=\"2025-12-23T11:00:00+02:00\">2025-12-23<\/time><\/div>\n\n\n<p><strong>Hal\u00e1szh\u00e1l\u00f3<\/strong><\/p>\n\n\n\n<div class=\"wp-block-group is-vertical is-layout-flex wp-container-core-group-is-layout-8cf370e7 wp-block-group-is-layout-flex\">\n<p>Az elv\u00e1r\u00e1sok, mint a hal\u00e1szh\u00e1l\u00f3<\/p>\n\n\n\n<p>apr\u00f3 n\u00e9gyzetei. A k\u00f6lt\u0151 v\u00e1r, ki-<\/p>\n\n\n\n<p>fogja az akv\u00e1rium nem l\u00e9tez\u0151<\/p>\n\n\n\n<p>sz\u00f6rny\u00e9t, sz\u00e1j\u00e1ba r\u00e1gva a mindig<\/p>\n\n\n\n<p><br>szelekt\u00e1l\u00f3 val\u00f3s\u00e1got, l\u00e1sd, vakon<\/p>\n\n\n\n<p>letapogat benn\u00fcnket az igazs\u00e1g,<\/p>\n\n\n\n<p>ha nem el\u00e9g \u00e9rdekes, ha nem h\u00edvja<\/p>\n\n\n\n<p>fel mag\u00e1ra a figyelmet, egyszer\u0171<\/p>\n\n\n\n<p><br>\u00e9rdeknek t\u0171nhet, k\u00f6z\u00f6mb\u00f6sek vagyunk\u00a0<\/p>\n\n\n\n<p>a saj\u00e1t sz\u00edv\u00fcnkkel, a b\u00e9lrendszer\u00fcnk&nbsp;<\/p>\n\n\n\n<p>\u0151seink kir\u00e1molt, kirabolt, boldog&nbsp;<\/p>\n\n\n\n<p>temet\u0151je, vajon mit l\u00e1t bele az<\/p>\n\n\n\n<p><br>Isten a s\u00edrg\u00f6d\u00f6rbe, a r\u00f6vid vers<\/p>\n\n\n\n<p>irgalom, a hossz\u00fat\u00e1vfut\u00f3 l\u00e9pte,<\/p>\n\n\n\n<p>J\u00e9zusom, micsoda konok barb\u00e1rs\u00e1g,<\/p>\n\n\n\n<p>fasz\u00f6g lehetek t\u00e9rk\u00e9p tenyeredben.<\/p>\n<\/div>\n\n\n\n<p><\/p>\n\n\n\n<p><em>Megjelent az Opus 2025\/5-\u00f6s sz\u00e1m\u00e1ban<\/em><\/p>\n","protected":false},"excerpt":{"rendered":"<p>Hal\u00e1szh\u00e1l\u00f3 Az elv\u00e1r\u00e1sok, mint a hal\u00e1szh\u00e1l\u00f3 apr\u00f3 n\u00e9gyzetei. A k\u00f6lt\u0151 v\u00e1r, ki- fogja az akv\u00e1rium nem l\u00e9tez\u0151 sz\u00f6rny\u00e9t, sz\u00e1j\u00e1ba r\u00e1gva a mindig szelekt\u00e1l\u00f3 val\u00f3s\u00e1got, l\u00e1sd, vakon letapogat benn\u00fcnket az igazs\u00e1g, ha nem el\u00e9g \u00e9rdekes, ha nem h\u00edvja fel mag\u00e1ra a &hellip; <a href=\"https:\/\/opus-folyoirat.sk\/?page_id=4570\">Egy kattint\u00e1s ide a folytat\u00e1shoz&#8230;. <span class=\"meta-nav\">&rarr;<\/span><\/a><\/p>\n","protected":false},"author":4,"featured_media":0,"parent":0,"menu_order":0,"comment_status":"closed","ping_status":"closed","template":"","meta":{"footnotes":""},"class_list":["post-4570","page","type-page","status-publish","hentry"],"_links":{"self":[{"href":"https:\/\/opus-folyoirat.sk\/index.php?rest_route=\/wp\/v2\/pages\/4570","targetHints":{"allow":["GET"]}}],"collection":[{"href":"https:\/\/opus-folyoirat.sk\/index.php?rest_route=\/wp\/v2\/pages"}],"about":[{"href":"https:\/\/opus-folyoirat.sk\/index.php?rest_route=\/wp\/v2\/types\/page"}],"author":[{"embeddable":true,"href":"https:\/\/opus-folyoirat.sk\/index.php?rest_route=\/wp\/v2\/users\/4"}],"replies":[{"embeddable":true,"href":"https:\/\/opus-folyoirat.sk\/index.php?rest_route=%2Fwp%2Fv2%2Fcomments&post=4570"}],"version-history":[{"count":1,"href":"https:\/\/opus-folyoirat.sk\/index.php?rest_route=\/wp\/v2\/pages\/4570\/revisions"}],"predecessor-version":[{"id":4571,"href":"https:\/\/opus-folyoirat.sk\/index.php?rest_route=\/wp\/v2\/pages\/4570\/revisions\/4571"}],"wp:attachment":[{"href":"https:\/\/opus-folyoirat.sk\/index.php?rest_route=%2Fwp%2Fv2%2Fmedia&parent=4570"}],"curies":[{"name":"wp","href":"https:\/\/api.w.org\/{rel}","templated":true}]}}

Fellinger Károly

<div class="has-text-align-right wp-block-post-date"><time datetime="2025-12-23T11:00:00+02:00">2025-12-23</time></div>


<p><strong>Halászháló</strong></p>



<div class="wp-block-group is-vertical is-layout-flex wp-container-core-group-is-layout-8cf370e7 wp-block-group-is-layout-flex">
<p>Az elvárások, mint a halászháló</p>



<p>apró négyzetei. A költő vár, ki-</p>



<p>fogja az akvárium nem létező</p>



<p>szörnyét, szájába rágva a mindig</p>



<p><br>szelektáló valóságot, lásd, vakon</p>



<p>letapogat bennünket az igazság,</p>



<p>ha nem elég érdekes, ha nem hívja</p>



<p>fel magára a figyelmet, egyszerű</p>



<p><br>érdeknek tűnhet, közömbösek vagyunk </p>



<p>a saját szívünkkel, a bélrendszerünk&nbsp;</p>



<p>őseink kirámolt, kirabolt, boldog&nbsp;</p>



<p>temetője, vajon mit lát bele az</p>



<p><br>Isten a sírgödörbe, a rövid vers</p>



<p>irgalom, a hosszútávfutó lépte,</p>



<p>Jézusom, micsoda konok barbárság,</p>



<p>faszög lehetek térkép tenyeredben.</p>
</div>



<p></p>



<p><em>Megjelent az Opus 2025/5-ös számában</em></p>

<p>Halászháló Az elvárások, mint a halászháló apró négyzetei. A költő vár, ki- fogja az akvárium nem létező szörnyét, szájába rágva a mindig szelektáló valóságot, lásd, vakon letapogat bennünket az igazság, ha nem elég érdekes, ha nem hívja fel magára a &hellip; <a href="https://opus-folyoirat.sk/?page_id=4570">Egy kattintás ide a folytatáshoz&#8230;. <span class="meta-nav">&rarr;</span></a></p>
