{"id":4576,"date":"2025-11-22T12:06:00","date_gmt":"2025-11-22T10:06:00","guid":{"rendered":"https:\/\/opus-folyoirat.sk\/?page_id=4576"},"modified":"2026-02-01T12:08:38","modified_gmt":"2026-02-01T10:08:38","slug":"saitos-lajos","status":"publish","type":"page","link":"https:\/\/opus-folyoirat.sk\/?page_id=4576","title":{"rendered":"Saitos Lajos"},"content":{"rendered":"<div class=\"has-text-align-right wp-block-post-date\"><time datetime=\"2025-11-22T12:06:00+02:00\">2025-11-22<\/time><\/div>\n\n\n<p><strong>R\u00e9gi alb\u00e9rletek<\/strong><\/p>\n\n\n\n<div class=\"wp-block-group is-vertical is-layout-flex wp-container-core-group-is-layout-8cf370e7 wp-block-group-is-layout-flex\">\n<p>Az utc\u00e1t m\u00e1r r\u00e9g \u00e1tkeresztelt\u00e9k<\/p>\n\n\n\n<p>N\u00e9pk\u00f6zt\u00e1rsas\u00e1gr\u00f3l V\u00e1r k\u00f6r\u00fatra<\/p>\n\n\n\n<p>de a h\u00e1z m\u00e9g ma is \u00e1ll hol els\u0151<\/p>\n\n\n\n<p>alb\u00e9rleti szob\u00e1mra leltem \u2013<\/p>\n\n\n\n<p>s lettem falusi fi\u00fab\u00f3l v\u00e1roslak\u00f3<\/p>\n\n\n\n<p>de hol vannak a j\u00f3s\u00e1gos asszonyok<\/p>\n\n\n\n<p>kikhez ditirambust \u00edrhatn\u00e9k mostan<\/p>\n\n\n\n<p>hol Irmus n\u00e9ni aki a sz\u00e1ll\u00e1st szerezte<\/p>\n\n\n\n<p>hol Juliska n\u00e9ni ki befogadott<\/p>\n\n\n\n<p>s hol a h\u00e1zb\u00e9li M\u00e1ria n\u00e9ni ki<\/p>\n\n\n\n<p>l\u00e1nyk\u00e9nt megj\u00e1rta Auschwitzot<\/p>\n\n\n\n<p>\u00e9n meg csak sz\u00e9gyenkezem \u00e9s<\/p>\n\n\n\n<p>pironkodom mert nem b\u00edrtam sz\u00f3ra<\/p>\n\n\n\n<p>hogy besz\u00e9ljen \u00e9s valljon hisz\u2019<\/p>\n\n\n\n<p>minden panasznak elmondhat\u00f3ja \u2013<\/p>\n\n\n\n<p>s hol a r\u00e9gi h\u00e1zb\u00e9liek mind\u2026<\/p>\n\n\n\n<p>hol Szarka G\u00e9za a vit\u00e9zz\u00e9 lett<\/p>\n\n\n\n<p>\u00edr\u00f3 \u00e9s t\u00e1rsas\u00e1galap\u00edt\u00f3 igazgat\u00f3<\/p>\n\n\n\n<p>\u00e9s h\u00e1t hol Erzsi tan\u00edt\u00f3 n\u00e9ni aki<\/p>\n\n\n\n<p>mid\u0151n megtudta hogy verset \u00edrok<\/p>\n\n\n\n<p>meg\u00e1llt a k\u00fcsz\u00f6b\u00f6m\u00f6n \u00e9s csak<\/p>\n\n\n\n<p>annyit mondott: ne haragudjon<\/p>\n\n\n\n<p>\u00e9n ezt nem n\u00e9ztem ki mag\u00e1b\u00f3l<\/p>\n\n\n\n<p>s ott a k\u00fcsz\u00f6b\u00f6n csak hebegtem<\/p>\n\n\n\n<p>\u00e9s habogtam hogy h\u00e1t a k\u00f6lt\u00e9s<\/p>\n\n\n\n<p>nem is kin\u00e9zet dolga\u2026<\/p>\n<\/div>\n\n\n\n<p><br><strong>M\u00e1lyvavir\u00e1g<\/strong><\/p>\n\n\n\n<div class=\"wp-block-group is-vertical is-layout-flex wp-container-core-group-is-layout-8cf370e7 wp-block-group-is-layout-flex\">\n<p>Ez a vakfolt a szememen<\/p>\n\n\n\n<p>ez a fekete m\u00e1lyvavir\u00e1g<\/p>\n\n\n\n<p>mindig kitakar a k\u00e9pb\u0151l<\/p>\n\n\n\n<p>valamelyest, amit nem<\/p>\n\n\n\n<p>l\u00e1thatok \u00e9pnek soha m\u00e1r.<\/p>\n\n\n\n<p>Ez a fekete m\u00e1lyvavir\u00e1g<\/p>\n\n\n\n<p>ontotta szirm\u00e1t akkor is<\/p>\n\n\n\n<p>mid\u0151n r\u00e1d v\u00e1rtam<\/p>\n\n\n\n<p>f\u00e9l\u0151 tekintet\u0171 \u00e9jjeleken<\/p>\n\n\n\n<p>: j\u00f6ssz-e \u2013 nem j\u00f6ssz-e,<\/p>\n\n\n\n<p>hogy egy\u00fctt utazzunk \u00e1t \u00e9leteket<\/p>\n\n\n\n<p>a ti\u00e9det \u2013 az eny\u00e9met net\u00e1n<\/p>\n\n\n\n<p>: a mindens\u00e9get hoztad percekk\u00e9nt<\/p>\n\n\n\n<p>k\u00f6t\u00e9nyedben.<\/p>\n\n\n\n<p>S ez a fekete m\u00e1lyvavir\u00e1g<\/p>\n\n\n\n<p>\u00e9rett\u00fcnk \u00e1llt ki a sz\u00e9lbe<\/p>\n\n\n\n<p>\u00e9rett\u00fcnk ontotta b\u00e1rsony\u00e1t<\/p>\n\n\n\n<p>megfejthetetlen titkaival m\u00e9g \u2013 m\u00e9g<\/p>\n\n\n\n<p>az \u00f6r\u00f6kk\u00e9val\u00f3s\u00e1gon innen<\/p>\n\n\n\n<p>szertefoszlott \u00e1lmainkkal \u2013<\/p>\n\n\n\n<p>visszavonhatatlanul.<\/p>\n<\/div>\n\n\n\n<p><br><strong>Sz\u00ednuszg\u00f6rbe<\/strong><\/p>\n\n\n\n<div class=\"wp-block-group is-vertical is-layout-flex wp-container-core-group-is-layout-8cf370e7 wp-block-group-is-layout-flex\">\n<p>J\u00f6n, j\u00f6n a megv\u00e1lt\u00f3,<\/p>\n\n\n\n<p>j\u00f6n a Szamar\u00e1val,<\/p>\n\n\n\n<p>a g\u00e9pbe \u00e9p\u00edtett csod\u00e1val\u2026<\/p>\n\n\n\n<p>\u0150 azok a k\u00e1pr\u00e1zatos dugatty\u00fak,<\/p>\n\n\n\n<p>mint csapatost\u00f3l a hatty\u00fak,<\/p>\n\n\n\n<p>beh\u00fazz\u00e1k-kiny\u00fajtj\u00e1k hatty\u00fa-<\/p>\n\n\n\n<p>nyakuk: sz\u00edv-s\u00fcr\u00edt-erekt\u00e1l-<\/p>\n\n\n\n<p>-kipufog, \u00edgy ford\u00edtanak\/forgatnak<\/p>\n\n\n\n<p>a lend\u00edt\u0151ker\u00e9ken, s ett\u0151l a<\/p>\n\n\n\n<p>mozg\u00e1skombin\u00e1ci\u00f3t\u00f3l \u2013 s nem<\/p>\n\n\n\n<p>a n\u00e1ci\u00f3t\u00f3l, nem is csukl\u00f3nkon<\/p>\n\n\n\n<p>a di\u00f3t\u00f3l \u2013 szebb\u00fcl a vil\u00e1g;<\/p>\n\n\n\n<p>\u00e9s szinuszg\u00f6rb\u00e9vel<\/p>\n\n\n\n<p>\u00edrjuk le a harm\u00f3ni\u00e1t!<\/p>\n<\/div>\n\n\n\n<p><br><strong>M\u00e9g alszanak<\/strong><\/p>\n\n\n\n<div class=\"wp-block-group is-vertical is-layout-flex wp-container-core-group-is-layout-8cf370e7 wp-block-group-is-layout-flex\">\n<p>M\u00e9g alszanak kint a patanyomok \u2013<\/p>\n\n\n\n<p>gondtalan v\u00e1gt\u00e1nk \u00e1rv\u00e1i:<\/p>\n\n\n\n<p>\u00e9s sz\u00edv\u00fcnkben: rem\u00e9nys\u00e9g csillagai \u2013<\/p>\n\n\n\n<p>dobbannak \u2013 nyiladoznak.<\/p>\n\n\n\n<p>M\u00edg alszol \u2013 \u00e9l az \u00e1lom.<\/p>\n\n\n\n<p>Az \u00e1lom t\u00f6k\u00e9letes.<\/p>\n\n\n\n<p>S a m\u00e1snap \u2013 csup\u00e1n rezzen\u00e9snyi.<\/p>\n<\/div>\n\n\n\n<p><\/p>\n\n\n\n<p><em>Megjelent az Opus 2025\/5-\u00f6s sz\u00e1m\u00e1ban<\/em><\/p>\n","protected":false},"excerpt":{"rendered":"<p>R\u00e9gi alb\u00e9rletek Az utc\u00e1t m\u00e1r r\u00e9g \u00e1tkeresztelt\u00e9k N\u00e9pk\u00f6zt\u00e1rsas\u00e1gr\u00f3l V\u00e1r k\u00f6r\u00fatra de a h\u00e1z m\u00e9g ma is \u00e1ll hol els\u0151 alb\u00e9rleti szob\u00e1mra leltem \u2013 s lettem falusi fi\u00fab\u00f3l v\u00e1roslak\u00f3 de hol vannak a j\u00f3s\u00e1gos asszonyok kikhez ditirambust \u00edrhatn\u00e9k mostan hol Irmus &hellip; <a href=\"https:\/\/opus-folyoirat.sk\/?page_id=4576\">Egy kattint\u00e1s ide a folytat\u00e1shoz&#8230;. <span class=\"meta-nav\">&rarr;<\/span><\/a><\/p>\n","protected":false},"author":4,"featured_media":0,"parent":0,"menu_order":0,"comment_status":"closed","ping_status":"closed","template":"","meta":{"footnotes":""},"class_list":["post-4576","page","type-page","status-publish","hentry"],"_links":{"self":[{"href":"https:\/\/opus-folyoirat.sk\/index.php?rest_route=\/wp\/v2\/pages\/4576","targetHints":{"allow":["GET"]}}],"collection":[{"href":"https:\/\/opus-folyoirat.sk\/index.php?rest_route=\/wp\/v2\/pages"}],"about":[{"href":"https:\/\/opus-folyoirat.sk\/index.php?rest_route=\/wp\/v2\/types\/page"}],"author":[{"embeddable":true,"href":"https:\/\/opus-folyoirat.sk\/index.php?rest_route=\/wp\/v2\/users\/4"}],"replies":[{"embeddable":true,"href":"https:\/\/opus-folyoirat.sk\/index.php?rest_route=%2Fwp%2Fv2%2Fcomments&post=4576"}],"version-history":[{"count":1,"href":"https:\/\/opus-folyoirat.sk\/index.php?rest_route=\/wp\/v2\/pages\/4576\/revisions"}],"predecessor-version":[{"id":4577,"href":"https:\/\/opus-folyoirat.sk\/index.php?rest_route=\/wp\/v2\/pages\/4576\/revisions\/4577"}],"wp:attachment":[{"href":"https:\/\/opus-folyoirat.sk\/index.php?rest_route=%2Fwp%2Fv2%2Fmedia&parent=4576"}],"curies":[{"name":"wp","href":"https:\/\/api.w.org\/{rel}","templated":true}]}}

<div class="has-text-align-right wp-block-post-date"><time datetime="2025-11-22T12:06:00+02:00">2025-11-22</time></div>


<p><strong>Régi albérletek</strong></p>



<div class="wp-block-group is-vertical is-layout-flex wp-container-core-group-is-layout-8cf370e7 wp-block-group-is-layout-flex">
<p>Az utcát már rég átkeresztelték</p>



<p>Népköztársaságról Vár körútra</p>



<p>de a ház még ma is áll hol első</p>



<p>albérleti szobámra leltem –</p>



<p>s lettem falusi fiúból városlakó</p>



<p>de hol vannak a jóságos asszonyok</p>



<p>kikhez ditirambust írhatnék mostan</p>



<p>hol Irmus néni aki a szállást szerezte</p>



<p>hol Juliska néni ki befogadott</p>



<p>s hol a házbéli Mária néni ki</p>



<p>lányként megjárta Auschwitzot</p>



<p>én meg csak szégyenkezem és</p>



<p>pironkodom mert nem bírtam szóra</p>



<p>hogy beszéljen és valljon hisz’</p>



<p>minden panasznak elmondhatója –</p>



<p>s hol a régi házbéliek mind…</p>



<p>hol Szarka Géza a vitézzé lett</p>



<p>író és társaságalapító igazgató</p>



<p>és hát hol Erzsi tanító néni aki</p>



<p>midőn megtudta hogy verset írok</p>



<p>megállt a küszöbömön és csak</p>



<p>annyit mondott: ne haragudjon</p>



<p>én ezt nem néztem ki magából</p>



<p>s ott a küszöbön csak hebegtem</p>



<p>és habogtam hogy hát a költés</p>



<p>nem is kinézet dolga…</p>
</div>



<p><br><strong>Mályvavirág</strong></p>



<div class="wp-block-group is-vertical is-layout-flex wp-container-core-group-is-layout-8cf370e7 wp-block-group-is-layout-flex">
<p>Ez a vakfolt a szememen</p>



<p>ez a fekete mályvavirág</p>



<p>mindig kitakar a képből</p>



<p>valamelyest, amit nem</p>



<p>láthatok épnek soha már.</p>



<p>Ez a fekete mályvavirág</p>



<p>ontotta szirmát akkor is</p>



<p>midőn rád vártam</p>



<p>félő tekintetű éjjeleken</p>



<p>: jössz-e – nem jössz-e,</p>



<p>hogy együtt utazzunk át életeket</p>



<p>a tiédet – az enyémet netán</p>



<p>: a mindenséget hoztad percekként</p>



<p>kötényedben.</p>



<p>S ez a fekete mályvavirág</p>



<p>érettünk állt ki a szélbe</p>



<p>érettünk ontotta bársonyát</p>



<p>megfejthetetlen titkaival még – még</p>



<p>az örökkévalóságon innen</p>



<p>szertefoszlott álmainkkal –</p>



<p>visszavonhatatlanul.</p>
</div>



<p><br><strong>Színuszgörbe</strong></p>



<div class="wp-block-group is-vertical is-layout-flex wp-container-core-group-is-layout-8cf370e7 wp-block-group-is-layout-flex">
<p>Jön, jön a megváltó,</p>



<p>jön a Szamarával,</p>



<p>a gépbe épített csodával…</p>



<p>Ő azok a káprázatos dugattyúk,</p>



<p>mint csapatostól a hattyúk,</p>



<p>behúzzák-kinyújtják hattyú-</p>



<p>nyakuk: szív-sürít-erektál-</p>



<p>-kipufog, így fordítanak/forgatnak</p>



<p>a lendítőkeréken, s ettől a</p>



<p>mozgáskombinációtól – s nem</p>



<p>a nációtól, nem is csuklónkon</p>



<p>a diótól – szebbül a világ;</p>



<p>és szinuszgörbével</p>



<p>írjuk le a harmóniát!</p>
</div>



<p><br><strong>Még alszanak</strong></p>



<div class="wp-block-group is-vertical is-layout-flex wp-container-core-group-is-layout-8cf370e7 wp-block-group-is-layout-flex">
<p>Még alszanak kint a patanyomok –</p>



<p>gondtalan vágtánk árvái:</p>



<p>és szívünkben: reménység csillagai –</p>



<p>dobbannak – nyiladoznak.</p>



<p>Míg alszol – él az álom.</p>



<p>Az álom tökéletes.</p>



<p>S a másnap – csupán rezzenésnyi.</p>
</div>



<p></p>



<p><em>Megjelent az Opus 2025/5-ös számában</em></p>

<p>Régi albérletek Az utcát már rég átkeresztelték Népköztársaságról Vár körútra de a ház még ma is áll hol első albérleti szobámra leltem – s lettem falusi fiúból városlakó de hol vannak a jóságos asszonyok kikhez ditirambust írhatnék mostan hol Irmus &hellip; <a href="https://opus-folyoirat.sk/?page_id=4576">Egy kattintás ide a folytatáshoz&#8230;. <span class="meta-nav">&rarr;</span></a></p>
