{"id":4949,"date":"2026-01-01T12:52:33","date_gmt":"2026-01-01T10:52:33","guid":{"rendered":"https:\/\/opus-folyoirat.sk\/?page_id=4949"},"modified":"2026-03-31T09:25:12","modified_gmt":"2026-03-31T07:25:12","slug":"tuske-laszlo","status":"publish","type":"page","link":"https:\/\/opus-folyoirat.sk\/?page_id=4949","title":{"rendered":"T\u00fcske L\u00e1szl\u00f3"},"content":{"rendered":"\n<div class=\"wp-block-group is-vertical is-layout-flex wp-container-core-group-is-layout-8cf370e7 wp-block-group-is-layout-flex\">\n<div class=\"wp-block-group is-vertical is-layout-flex wp-container-core-group-is-layout-b7faace9 wp-block-group-is-layout-flex\"><div class=\"wp-block-post-date\"><time datetime=\"2026-01-01T12:52:33+02:00\">2026-01-01<\/time><\/div>\n\n\n<p><strong>Minden pestis<\/strong><\/p>\n\n\n\n<p><\/p>\n<\/div>\n<\/div>\n\n\n\n<div class=\"wp-block-group is-vertical is-layout-flex wp-container-core-group-is-layout-8cf370e7 wp-block-group-is-layout-flex\">\n<p><\/p>\n\n\n\n<p>K\u00edv\u00e1nhatod-e szeretteid veszt\u00e9t, mikor a hajnal v\u00e9rsz\u00edn\u0171re v\u00e1lt&nbsp;<\/p>\n\n\n\n<p>\u00e9s a f\u00fcst \u00fagy csap fel a hegyek f\u00f6l\u00e9, mint teuton keresztesek z\u00e1szl\u00f3ja,&nbsp;<\/p>\n\n\n\n<p>kik rezzen\u00e9stelen&nbsp;\u00f6lnek meg asszonyt&nbsp;\u00e9s gyermeket.<\/p>\n\n\n\n<p>\u00d3, mennyi f\u00e1jdalom lobog a f\u00e1kly\u00e1kkal, mennyi kapkod\u00f3&nbsp;jaj ver&nbsp;<\/p>\n\n\n\n<p>visszhangot benned a k\u00f6vek k\u00f6z\u00f6tt dideregve,&nbsp;<\/p>\n\n\n\n<p>hol az&nbsp;\u00e9j m\u00e9g a szerelmet is fekete p\u00e1nc\u00e9lba k\u00e9nyszer\u00edti.<\/p>\n\n\n\n<p>Eltemeted-e majd magadba, f\u00f6ldbe a f\u00e1jdalmat, hogy n\u00e9mas\u00e1god&nbsp;<\/p>\n\n\n\n<p>szent legyen, titok, a templom \u00e1rny\u00e9ka, hol a gyermek sz\u00edve dobog,&nbsp;<\/p>\n\n\n\n<p>\u00e9s te, nehogy meghallj\u00e1k, kik zs\u00e1km\u00e1nyt keresnek egyre, suttogva im\u00e1dkozol?&nbsp;&nbsp;<\/p>\n\n\n\n<p>Rabl\u00e1s&nbsp;\u00e9s fosztogat\u00e1s ez, l\u00e1thatod, a hossz\u00fa v\u00f6lgyekben b\u00f6l\u00e9nyek,&nbsp;<\/p>\n\n\n\n<p>a templom fal\u00e1n tat\u00e1rok, kelm\u00e9k&#8230; Itt er\u0151dtemplomok \u0151rzik a f\u00e9lelmet,&nbsp;<\/p>\n\n\n\n<p class=\"has-black-color has-text-color has-link-color wp-elements-89df78aac25207aabe00108ed15ae6a0\">\u00e9s fresk\u00f3kban a rem\u00e9ny:&nbsp;<a>Gy<\/a>\u00f6rgy szinte a falb\u00f3l is kil\u00e9pne m\u00e1r,<a><\/a><\/p>\n\n\n\n<p>de odakint m\u00e1s s\u00e1rk\u00e1ny tombol, a neve: vall\u00e1sh\u00e1bor\u00fa.<\/p>\n\n\n\n<p>Eltemeted-e majd magadba, f\u00f6ldbe ezeket mind, hogy hov\u00e1 \u00e1llt\u00e1l, a s\u00e1rga kelm\u00e9ket,<\/p>\n\n\n\n<p>kinek az oldal\u00e1ra, mikor gyermeket rejtegett\u00e9l a suhog\u00f3 \u00e9j el\u0151l? Kire b\u00edzhatn\u00e1d&nbsp;<\/p>\n\n\n\n<p>\u00fcdv\u00f6ss\u00e9g\u00e9t a te hited szerint? Mikor csak a szabad \u00fat fel\u00e9&nbsp;kapkod,<\/p>\n\n\n\n<p>ak\u00e1r a medve, a szarvas a f\u00e9lelem-\u0171zte f\u00e9nyl\u0151 Hold alatt?<\/p>\n\n\n\n<p>Honnan villan az esk\u00fcv\u0151! a menyasszony maga-varrta ruh\u00e1ja k\u00ednai selyem&nbsp;<\/p>\n\n\n\n<p>zs\u00e1ksz\u00f6vetre dolgozva, mint a Nap darabja, dics\u0151s\u00e9g,&nbsp;\u00e9s most k\u00e9t rabl\u00f3&nbsp;k\u00e9zb\u0151l<\/p>\n\n\n\n<p>hull a d\u00e9lel\u0151ttre, hogy hajnal&nbsp;\u00f3ta gyulladnak sorra a h\u00e1zak,&nbsp;<\/p>\n\n\n\n<p class=\"has-black-color has-text-color has-link-color wp-elements-c9c337a279331eef4e515584bbdb7805\">a templom f\u00fcst\u00f6lg\u0151 f\u00e1klya<a>, megint elhal az \u00fcnnepi&nbsp;<\/a>\u00e9nek,&nbsp;<\/p>\n\n\n\n<p>\u00e9s ez a s\u00e1rga selyem Nap&nbsp;<em>nyugatr<\/em><em>\u00f3<\/em><em>l<\/em>&nbsp;kel&nbsp;fel!&nbsp;<\/p>\n\n\n\n<p>F\u00fcstt\u00e9&nbsp;v\u00e1lt a cs\u00f3k, a lobog\u00f3&nbsp;gyertya&nbsp;\u00f6sszerogyott a viasz k\u00f6nnyeiben.<\/p>\n\n\n\n<p>Kem\u00e9ny \u00fcdv\u00f6ss\u00e9g, de meddig rideg\u00fclhet benned az anya?&nbsp;&nbsp;<\/p>\n\n\n\n<p>Hova lesz ez a kezeid-varrta felt\u00e1mad\u00e1sos ruha is,&nbsp;<\/p>\n\n\n\n<p>lesz-e bel\u0151le \u00farvacsora ter\u00edt\u0151je, sz\u00f3sz\u00e9k nemes karzat\u00e1nak d\u00edsze?&nbsp;&nbsp;<\/p>\n\n\n\n<p>L\u00e1sd, minden pestis. Felbukkan \u00fajra&nbsp;\u00e9s \u00fajra. \u00c1rny\u00e9k, nem ismer id\u0151t.&nbsp;<br>A rabl\u00e1s patk\u00e1ny, utat tal\u00e1l mag\u00e1nak, f\u00fcst, mely f\u00f6lsziv\u00e1rog&nbsp;<\/p>\n\n\n\n<p>a tisztaszob\u00e1kba, ahol m\u00e1r nevek sincsenek, se poh\u00e1r bor,&nbsp;<\/p>\n\n\n\n<p>vend\u00e9gv\u00e1r\u00f3&nbsp;vir\u00e1gok, csak halottnak&nbsp;\u00f6lt\u00f6z\u00f6tt csecsem\u0151k, sorvad\u00f3&nbsp;any\u00e1k.&nbsp;<\/p>\n\n\n\n<p>Tehetsz b\u00e1rmit. A hal\u00e1l most is arctalan marad. Nincsen keresztel\u00e9s.&nbsp;<\/p>\n\n\n\n<p>\u00dcdv\u00f6ss\u00e9g? \u2013&nbsp;A v\u00e1ros puszta m\u00e9szbe vetett testek halma.&nbsp;<\/p>\n\n\n\n<p>A nagys\u00e1gos asszony foh\u00e1sza torpan, \u201e<em>Venn<\/em><em>\u00e9&nbsp;<\/em><em>el ink<\/em><em>\u00e1bb az Isten<\/em>\u2026\u201d \u2013 majd elakad.<\/p>\n\n\n\n<p>De eltemeted-e majd magadba, f\u00f6ldbe az ismer\u0151s fresk\u00f3k riadalm\u00e1t?&nbsp;<\/p>\n\n\n\n<p>Fesz\u00e9lyeznek-e t\u00e9ged, aki meg\u00e9lte, hogy a h\u0171s\u00e9g nem&nbsp;\u00e9let, hanem \u00e1tl\u00e9p\u00e9s \u2013&nbsp;<\/p>\n\n\n\n<p>K\u00edv\u00e1nhatod-e szeretteid hal\u00e1l\u00e1t?<\/p>\n<\/div>\n\n\n\n<p><\/p>\n\n\n\n<p><strong>Kebele patak az \u201e\u00c1s\u00e1s\u201d<\/strong><\/p>\n\n\n\n<div class=\"wp-block-group is-vertical is-layout-flex wp-container-core-group-is-layout-8cf370e7 wp-block-group-is-layout-flex\">\n<p>A tompa, szor\u00edt\u00f3&nbsp;sajg\u00e1s hirtelen<\/p>\n\n\n\n<p>\u00e9rkezett. A sebess\u00e9gb\u0151l kivette,&nbsp;<\/p>\n\n\n\n<p>de j\u00e1r\u00f3&nbsp;motorral laz\u00e1n&nbsp;&nbsp;<\/p>\n\n\n\n<p>gurulni engedte a Skod\u00e1t,<\/p>\n\n\n\n<p>\u00e1t a vasbeton h\u00eddon, egy kicsit&nbsp;<\/p>\n\n\n\n<p>jobbra tartva az \u201e\u00c1s\u00e1s\u201d f\u00f6l\u00f6tt&nbsp;\u2013<\/p>\n\n\n\n<p><em>Kebele patak<\/em>&nbsp;\u2013&nbsp;villant f\u00f6l&nbsp;<\/p>\n\n\n\n<p>el\u0151tte v\u00e1ratlanul a hivatalos n\u00e9v<\/p>\n\n\n\n<p>egy t\u00e9rk\u00e9p halv\u00e1nyk\u00e9k bet\u0171sor\u00e1ban.&nbsp;<\/p>\n\n\n\n<p>Nem kapkodott, el\u0151kotorta a gy\u00f3gyszert<\/p>\n\n\n\n<p>a nyelve al\u00e1, hogy tegye, persze<\/p>\n\n\n\n<p>leesett, lecs\u00faszott a combj\u00e1n&nbsp;<\/p>\n\n\n\n<p>megpattant&nbsp;\u00e9s elt\u0171nt a bal l\u00e1bfej\u00e9n&nbsp;&nbsp;<\/p>\n\n\n\n<p>a szand\u00e1l b\u0151rnyelve m\u00f6g\u00f6tt.<\/p>\n\n\n\n<p>M\u00e1sikra meg nem maradt id\u0151.&nbsp;<\/p>\n\n\n\n<p>Ezt k\u00e9s\u0151bb megtal\u00e1lt\u00e1k.&nbsp;<\/p>\n\n\n\n<p>Igen, ahogy ut\u00e1na kapott, az ujjai<\/p>\n\n\n\n<p>m\u00e1r-m\u00e1r el\u00e9rhett\u00e9k volna \u2013, tal\u00e1n ek\u00f6zben&nbsp;<\/p>\n\n\n\n<p>bukott a korm\u00e1nyker\u00e9kre.&nbsp;<\/p>\n\n\n\n<p>A motor m\u00e9g akkor is&nbsp;<\/p>\n\n\n\n<p>j\u00e1rt, amikor valaki izzadt arccal besz\u00f3lt&nbsp;<\/p>\n\n\n\n<p>a nyitott ablakon \u00e1t,&nbsp;<\/p>\n\n\n\n<p>Mi t\u00f6rt\u00e9nt mag\u00e1val? Rosszul van?<\/p>\n<\/div>\n","protected":false},"excerpt":{"rendered":"<p>Minden pestis K\u00edv\u00e1nhatod-e szeretteid veszt\u00e9t, mikor a hajnal v\u00e9rsz\u00edn\u0171re v\u00e1lt&nbsp; \u00e9s a f\u00fcst \u00fagy csap fel a hegyek f\u00f6l\u00e9, mint teuton keresztesek z\u00e1szl\u00f3ja,&nbsp; kik rezzen\u00e9stelen&nbsp;\u00f6lnek meg asszonyt&nbsp;\u00e9s gyermeket. \u00d3, mennyi f\u00e1jdalom lobog a f\u00e1kly\u00e1kkal, mennyi kapkod\u00f3&nbsp;jaj ver&nbsp; visszhangot benned a &hellip; <a href=\"https:\/\/opus-folyoirat.sk\/?page_id=4949\">Egy kattint\u00e1s ide a folytat\u00e1shoz&#8230;. <span class=\"meta-nav\">&rarr;<\/span><\/a><\/p>\n","protected":false},"author":5,"featured_media":0,"parent":0,"menu_order":0,"comment_status":"closed","ping_status":"closed","template":"","meta":{"footnotes":""},"class_list":["post-4949","page","type-page","status-publish","hentry"],"_links":{"self":[{"href":"https:\/\/opus-folyoirat.sk\/index.php?rest_route=\/wp\/v2\/pages\/4949","targetHints":{"allow":["GET"]}}],"collection":[{"href":"https:\/\/opus-folyoirat.sk\/index.php?rest_route=\/wp\/v2\/pages"}],"about":[{"href":"https:\/\/opus-folyoirat.sk\/index.php?rest_route=\/wp\/v2\/types\/page"}],"author":[{"embeddable":true,"href":"https:\/\/opus-folyoirat.sk\/index.php?rest_route=\/wp\/v2\/users\/5"}],"replies":[{"embeddable":true,"href":"https:\/\/opus-folyoirat.sk\/index.php?rest_route=%2Fwp%2Fv2%2Fcomments&post=4949"}],"version-history":[{"count":9,"href":"https:\/\/opus-folyoirat.sk\/index.php?rest_route=\/wp\/v2\/pages\/4949\/revisions"}],"predecessor-version":[{"id":4981,"href":"https:\/\/opus-folyoirat.sk\/index.php?rest_route=\/wp\/v2\/pages\/4949\/revisions\/4981"}],"wp:attachment":[{"href":"https:\/\/opus-folyoirat.sk\/index.php?rest_route=%2Fwp%2Fv2%2Fmedia&parent=4949"}],"curies":[{"name":"wp","href":"https:\/\/api.w.org\/{rel}","templated":true}]}}

Tüske László

<div class="wp-block-group is-vertical is-layout-flex wp-container-core-group-is-layout-8cf370e7 wp-block-group-is-layout-flex">
<div class="wp-block-group is-vertical is-layout-flex wp-container-core-group-is-layout-b7faace9 wp-block-group-is-layout-flex"><div class="wp-block-post-date"><time datetime="2026-01-01T12:52:33+02:00">2026-01-01</time></div>


<p><strong>Minden pestis</strong></p>



<p></p>
</div>
</div>



<div class="wp-block-group is-vertical is-layout-flex wp-container-core-group-is-layout-8cf370e7 wp-block-group-is-layout-flex">
<p></p>



<p>Kívánhatod-e szeretteid vesztét, mikor a hajnal vérszínűre vált&nbsp;</p>



<p>és a füst úgy csap fel a hegyek fölé, mint teuton keresztesek zászlója,&nbsp;</p>



<p>kik rezzenéstelen&nbsp;ölnek meg asszonyt&nbsp;és gyermeket.</p>



<p>Ó, mennyi fájdalom lobog a fáklyákkal, mennyi kapkodó&nbsp;jaj ver&nbsp;</p>



<p>visszhangot benned a kövek között dideregve,&nbsp;</p>



<p>hol az&nbsp;éj még a szerelmet is fekete páncélba kényszeríti.</p>



<p>Eltemeted-e majd magadba, földbe a fájdalmat, hogy némaságod&nbsp;</p>



<p>szent legyen, titok, a templom árnyéka, hol a gyermek szíve dobog,&nbsp;</p>



<p>és te, nehogy meghallják, kik zsákmányt keresnek egyre, suttogva imádkozol?&nbsp;&nbsp;</p>



<p>Rablás&nbsp;és fosztogatás ez, láthatod, a hosszú völgyekben bölények,&nbsp;</p>



<p>a templom falán tatárok, kelmék&#8230; Itt erődtemplomok őrzik a félelmet,&nbsp;</p>



<p class="has-black-color has-text-color has-link-color wp-elements-89df78aac25207aabe00108ed15ae6a0">és freskókban a remény:&nbsp;<a>Gy</a>örgy szinte a falból is kilépne már,<a></a></p>



<p>de odakint más sárkány tombol, a neve: vallásháború.</p>



<p>Eltemeted-e majd magadba, földbe ezeket mind, hogy hová álltál, a sárga kelméket,</p>



<p>kinek az oldalára, mikor gyermeket rejtegettél a suhogó éj elől? Kire bízhatnád&nbsp;</p>



<p>üdvösségét a te hited szerint? Mikor csak a szabad út felé&nbsp;kapkod,</p>



<p>akár a medve, a szarvas a félelem-űzte fénylő Hold alatt?</p>



<p>Honnan villan az esküvő! a menyasszony maga-varrta ruhája kínai selyem&nbsp;</p>



<p>zsákszövetre dolgozva, mint a Nap darabja, dicsőség,&nbsp;és most két rabló&nbsp;kézből</p>



<p>hull a délelőttre, hogy hajnal&nbsp;óta gyulladnak sorra a házak,&nbsp;</p>



<p class="has-black-color has-text-color has-link-color wp-elements-c9c337a279331eef4e515584bbdb7805">a templom füstölgő fáklya<a>, megint elhal az ünnepi&nbsp;</a>ének,&nbsp;</p>



<p>és ez a sárga selyem Nap&nbsp;<em>nyugatr</em><em>ó</em><em>l</em>&nbsp;kel&nbsp;fel!&nbsp;</p>



<p>Füstté&nbsp;vált a csók, a lobogó&nbsp;gyertya&nbsp;összerogyott a viasz könnyeiben.</p>



<p>Kemény üdvösség, de meddig ridegülhet benned az anya?&nbsp;&nbsp;</p>



<p>Hova lesz ez a kezeid-varrta feltámadásos ruha is,&nbsp;</p>



<p>lesz-e belőle úrvacsora terítője, szószék nemes karzatának dísze?&nbsp;&nbsp;</p>



<p>Lásd, minden pestis. Felbukkan újra&nbsp;és újra. Árnyék, nem ismer időt.&nbsp;<br>A rablás patkány, utat talál magának, füst, mely fölszivárog&nbsp;</p>



<p>a tisztaszobákba, ahol már nevek sincsenek, se pohár bor,&nbsp;</p>



<p>vendégváró&nbsp;virágok, csak halottnak&nbsp;öltözött csecsemők, sorvadó&nbsp;anyák.&nbsp;</p>



<p>Tehetsz bármit. A halál most is arctalan marad. Nincsen keresztelés.&nbsp;</p>



<p>Üdvösség? –&nbsp;A város puszta mészbe vetett testek halma.&nbsp;</p>



<p>A nagyságos asszony fohásza torpan, „<em>Venn</em><em>é&nbsp;</em><em>el ink</em><em>ább az Isten</em>…” – majd elakad.</p>



<p>De eltemeted-e majd magadba, földbe az ismerős freskók riadalmát?&nbsp;</p>



<p>Feszélyeznek-e téged, aki megélte, hogy a hűség nem&nbsp;élet, hanem átlépés –&nbsp;</p>



<p>Kívánhatod-e szeretteid halálát?</p>
</div>



<p></p>



<p><strong>Kebele patak az „Ásás”</strong></p>



<div class="wp-block-group is-vertical is-layout-flex wp-container-core-group-is-layout-8cf370e7 wp-block-group-is-layout-flex">
<p>A tompa, szorító&nbsp;sajgás hirtelen</p>



<p>érkezett. A sebességből kivette,&nbsp;</p>



<p>de járó&nbsp;motorral lazán&nbsp;&nbsp;</p>



<p>gurulni engedte a Skodát,</p>



<p>át a vasbeton hídon, egy kicsit&nbsp;</p>



<p>jobbra tartva az „Ásás” fölött&nbsp;–</p>



<p><em>Kebele patak</em>&nbsp;–&nbsp;villant föl&nbsp;</p>



<p>előtte váratlanul a hivatalos név</p>



<p>egy térkép halványkék betűsorában.&nbsp;</p>



<p>Nem kapkodott, előkotorta a gyógyszert</p>



<p>a nyelve alá, hogy tegye, persze</p>



<p>leesett, lecsúszott a combján&nbsp;</p>



<p>megpattant&nbsp;és eltűnt a bal lábfején&nbsp;&nbsp;</p>



<p>a szandál bőrnyelve mögött.</p>



<p>Másikra meg nem maradt idő.&nbsp;</p>



<p>Ezt később megtalálták.&nbsp;</p>



<p>Igen, ahogy utána kapott, az ujjai</p>



<p>már-már elérhették volna –, talán eközben&nbsp;</p>



<p>bukott a kormánykerékre.&nbsp;</p>



<p>A motor még akkor is&nbsp;</p>



<p>járt, amikor valaki izzadt arccal beszólt&nbsp;</p>



<p>a nyitott ablakon át,&nbsp;</p>



<p>Mi történt magával? Rosszul van?</p>
</div>

<p>Minden pestis Kívánhatod-e szeretteid vesztét, mikor a hajnal vérszínűre vált&nbsp; és a füst úgy csap fel a hegyek fölé, mint teuton keresztesek zászlója,&nbsp; kik rezzenéstelen&nbsp;ölnek meg asszonyt&nbsp;és gyermeket. Ó, mennyi fájdalom lobog a fáklyákkal, mennyi kapkodó&nbsp;jaj ver&nbsp; visszhangot benned a &hellip; <a href="https://opus-folyoirat.sk/?page_id=4949">Egy kattintás ide a folytatáshoz&#8230;. <span class="meta-nav">&rarr;</span></a></p>
