{"id":4972,"date":"2026-03-30T16:00:43","date_gmt":"2026-03-30T14:00:43","guid":{"rendered":"https:\/\/opus-folyoirat.sk\/?page_id=4972"},"modified":"2026-03-30T16:00:43","modified_gmt":"2026-03-30T14:00:43","slug":"nemeth-istvan-peter-versei","status":"publish","type":"page","link":"https:\/\/opus-folyoirat.sk\/?page_id=4972","title":{"rendered":"N\u00e9meth Istv\u00e1n P\u00e9ter versei"},"content":{"rendered":"\n<div class=\"wp-block-group is-vertical is-layout-flex wp-container-core-group-is-layout-8cf370e7 wp-block-group-is-layout-flex\">\n<p>2026-03-30<\/p>\n\n\n\n<p><strong>A bogl\u00e1ri m\u00f3l\u00f3n, megint<\/strong><\/p>\n<\/div>\n\n\n\n<p>T\u00f6bb mint h\u00fasz\u00a0\u00e9ve m\u00e1r, hogy itt j\u00e1rt\u00e1l, s az\u00f3ta<br>ki sem jutott\u00e1l a bogl\u00e1ri m\u00f3l\u00f3ra:<br><br>indul az\u00a0\u00c9szaki partnak, majd v\u00e1ratlanul<br>Fony\u00f3d kett\u0151s tufa-k\u00fapja fel\u00e9\u00a0kanyarul.<br><br>Oly ismer\u0151s, hogy nem tudod, hol tart a<br>l\u00e9pted, mert m\u00edg a Badacsony sz\u00fcrk\u00e9sk\u00e9k bazaltja<br><br>t\u00fckr\u00f6z\u0151dik rajta, innen is, onnan is<br>k\u00f6rbe\u00f6lel \u2013\u00a0hull\u00e1ml\u00f3n, majd simulva \u2013 a v\u00edz;<br><br>s f\u00f6l\u00e9bed az\u00a0\u00e9gbolt, a m\u00e1sik \u00edv hajol:<br>e kett\u0151 egybe\u00e9r Keszthelyn\u00e9l valahol.<br><br>Egyens\u00falyozz piros permi k\u00f6vek\u00a0\u00e9lein<br>b\u00e1tran csak, bizton megtartnak megint,<br><br>l\u00e1sd, a bakonyi sz\u00e9llel sir\u00e1ly sz\u00e1llna szemben,<br>\u00e9s verdes\u00e9se el\u00e9g, hogy helyben lebegjen,<\/p>\n\n\n\n<p><\/p>\n\n\n\n<p><strong>Zsolt\u00e1r-t\u00f6red\u00e9k<\/strong><\/p>\n\n\n\n<p>Bitangj\u00e1ra maradt kertest\u00fcl a ny\u00e1ri lak,<br>de j\u00e9gpiramist\u00a0\u00e9p\u00edt a t\u00f3parti t\u00e9l;<br><br>el\u0151tt\u00fcnk omlottak al\u00e1 v\u00e1rb\u00e1sty\u00e1k is,<br>f\u00f6l\u00f6tt\u00fck csak a fellegek tornyosultak tov\u00e1bb;<br><br>pattogzik az ikonok aranya, de nem \u00fagy<br>az alkonyi Nap a Balatonn\u00e1l;<br><br>az \u0151szi t\u0171zfalt\u00f3l most r\u00fagta el mag\u00e1t egy fecske,<br>de sz\u00e1rnyasincs versem f\u00e9l l\u00e1bon is ugr\u00e1ndoz ut\u00e1nad.<\/p>\n","protected":false},"excerpt":{"rendered":"<p>2026-03-30 A bogl\u00e1ri m\u00f3l\u00f3n, megint T\u00f6bb mint h\u00fasz\u00a0\u00e9ve m\u00e1r, hogy itt j\u00e1rt\u00e1l, s az\u00f3taki sem jutott\u00e1l a bogl\u00e1ri m\u00f3l\u00f3ra: indul az\u00a0\u00c9szaki partnak, majd v\u00e1ratlanulFony\u00f3d kett\u0151s tufa-k\u00fapja fel\u00e9\u00a0kanyarul. Oly ismer\u0151s, hogy nem tudod, hol tart al\u00e9pted, mert m\u00edg a Badacsony sz\u00fcrk\u00e9sk\u00e9k &hellip; <a href=\"https:\/\/opus-folyoirat.sk\/?page_id=4972\">Egy kattint\u00e1s ide a folytat\u00e1shoz&#8230;. <span class=\"meta-nav\">&rarr;<\/span><\/a><\/p>\n","protected":false},"author":5,"featured_media":0,"parent":0,"menu_order":0,"comment_status":"closed","ping_status":"closed","template":"","meta":{"footnotes":""},"class_list":["post-4972","page","type-page","status-publish","hentry"],"_links":{"self":[{"href":"https:\/\/opus-folyoirat.sk\/index.php?rest_route=\/wp\/v2\/pages\/4972","targetHints":{"allow":["GET"]}}],"collection":[{"href":"https:\/\/opus-folyoirat.sk\/index.php?rest_route=\/wp\/v2\/pages"}],"about":[{"href":"https:\/\/opus-folyoirat.sk\/index.php?rest_route=\/wp\/v2\/types\/page"}],"author":[{"embeddable":true,"href":"https:\/\/opus-folyoirat.sk\/index.php?rest_route=\/wp\/v2\/users\/5"}],"replies":[{"embeddable":true,"href":"https:\/\/opus-folyoirat.sk\/index.php?rest_route=%2Fwp%2Fv2%2Fcomments&post=4972"}],"version-history":[{"count":1,"href":"https:\/\/opus-folyoirat.sk\/index.php?rest_route=\/wp\/v2\/pages\/4972\/revisions"}],"predecessor-version":[{"id":4973,"href":"https:\/\/opus-folyoirat.sk\/index.php?rest_route=\/wp\/v2\/pages\/4972\/revisions\/4973"}],"wp:attachment":[{"href":"https:\/\/opus-folyoirat.sk\/index.php?rest_route=%2Fwp%2Fv2%2Fmedia&parent=4972"}],"curies":[{"name":"wp","href":"https:\/\/api.w.org\/{rel}","templated":true}]}}