{"id":5034,"date":"2026-04-02T20:25:14","date_gmt":"2026-04-02T18:25:14","guid":{"rendered":"https:\/\/opus-folyoirat.sk\/?page_id=5034"},"modified":"2026-04-02T20:25:15","modified_gmt":"2026-04-02T18:25:15","slug":"koszonet-petocz-andrasnak","status":"publish","type":"page","link":"https:\/\/opus-folyoirat.sk\/?page_id=5034","title":{"rendered":"K\u00f6sz\u00f6net Pet\u0151cz Andr\u00e1snak"},"content":{"rendered":"\n<p>Pet\u0151cz Andr\u00e1s, az <em>Opus<\/em> febru\u00e1rban lek\u00f6sz\u00f6n\u0151 f\u0151szerkeszt\u0151je betegs\u00e9g miatt nem tudott r\u00e9szt venni az <em>Opus 100<\/em> \u00fcnneps\u00e9gen, ez\u00e9rt nem vehette \u00e1t a neki sz\u00e1nt aj\u00e1nd\u00e9kot. Ez\u00e9rt Hodossy Gyula, az <em>Opus<\/em> irodalmi \u00e9s m\u0171v\u00e9szeti foly\u00f3irat kiad\u00f3ja, a Szlov\u00e1kiai Magyar \u00cdr\u00f3k T\u00e1rsas\u00e1g\u00e1nak eln\u00f6ke Budapesten tal\u00e1lkozott a volt f\u0151szerkeszt\u0151vel. Pet\u0151cz itt vehette \u00e1t a neki sz\u00e1nt d\u00edszoklevelet \u00e9s az aj\u00e1nd\u00e9kot, Hodossy pedig k\u00f6sz\u00f6netet mondott neki a szerkeszt\u0151s\u00e9g nev\u00e9ben az <em>Opus<\/em> foly\u00f3irat \u00e9let\u00e9ben v\u00e9gzett munk\u00e1j\u00e1\u00e9rt.<\/p>\n\n\n\n<figure class=\"wp-block-gallery has-nested-images columns-default is-cropped wp-block-gallery-1 is-layout-flex wp-block-gallery-is-layout-flex\">\n<figure class=\"wp-block-image size-large\"><img loading=\"lazy\" decoding=\"async\" width=\"768\" height=\"1024\" data-id=\"5036\" src=\"https:\/\/opus-folyoirat.sk\/wp-content\/uploads\/2026\/04\/IMG_3751-768x1024.jpeg\" alt=\"\" class=\"wp-image-5036\" srcset=\"https:\/\/opus-folyoirat.sk\/wp-content\/uploads\/2026\/04\/IMG_3751-768x1024.jpeg 768w, https:\/\/opus-folyoirat.sk\/wp-content\/uploads\/2026\/04\/IMG_3751-225x300.jpeg 225w, https:\/\/opus-folyoirat.sk\/wp-content\/uploads\/2026\/04\/IMG_3751-1152x1536.jpeg 1152w, https:\/\/opus-folyoirat.sk\/wp-content\/uploads\/2026\/04\/IMG_3751-1536x2048.jpeg 1536w, https:\/\/opus-folyoirat.sk\/wp-content\/uploads\/2026\/04\/IMG_3751-scaled.jpeg 1920w\" sizes=\"auto, (max-width: 768px) 100vw, 768px\" \/><\/figure>\n\n\n\n<figure class=\"wp-block-image size-large\"><img loading=\"lazy\" decoding=\"async\" width=\"768\" height=\"1024\" data-id=\"5035\" src=\"https:\/\/opus-folyoirat.sk\/wp-content\/uploads\/2026\/04\/IMG_3753-768x1024.jpeg\" alt=\"\" class=\"wp-image-5035\" srcset=\"https:\/\/opus-folyoirat.sk\/wp-content\/uploads\/2026\/04\/IMG_3753-768x1024.jpeg 768w, https:\/\/opus-folyoirat.sk\/wp-content\/uploads\/2026\/04\/IMG_3753-225x300.jpeg 225w, https:\/\/opus-folyoirat.sk\/wp-content\/uploads\/2026\/04\/IMG_3753-1152x1536.jpeg 1152w, https:\/\/opus-folyoirat.sk\/wp-content\/uploads\/2026\/04\/IMG_3753-1536x2048.jpeg 1536w, https:\/\/opus-folyoirat.sk\/wp-content\/uploads\/2026\/04\/IMG_3753-scaled.jpeg 1920w\" sizes=\"auto, (max-width: 768px) 100vw, 768px\" \/><\/figure>\n<\/figure>\n\n\n\n<p><br>Hodossy Gyula ell\u00e1togatott Budapest kultikus m\u0171v\u00e9szeti k\u00f6zpontj\u00e1ba, a Nyitott M\u0171helybe is, ahol szint\u00e9n d\u00edszoklevelet adott \u00e1t az int\u00e9zm\u00e9ny tulajdonos\u00e1nak \u00e9s vezet\u0151j\u00e9nek, Finta L\u00e1szl\u00f3nak, ami\u00e9rt t\u00f6bb alkalommal is helyet biztos\u00edtott a foly\u00f3irat bemutat\u00f3i sz\u00e1m\u00e1ra. Emellett abban is megegyeztek, hogy az idei \u00e9v folyam\u00e1n az <em>Opus<\/em> foly\u00f3irat negyedik, augusztusban megjelen\u0151 sz\u00e1m\u00e1nak bemutat\u00f3j\u00e1t szeptemberben ism\u00e9t a Nyitott M\u0171hely falai k\u00f6z\u00f6tt rendezik meg.<\/p>\n\n\n\n<figure class=\"wp-block-gallery has-nested-images columns-default is-cropped wp-block-gallery-2 is-layout-flex wp-block-gallery-is-layout-flex\">\n<figure class=\"wp-block-image size-large\"><img loading=\"lazy\" decoding=\"async\" width=\"768\" height=\"1024\" data-id=\"5037\" src=\"https:\/\/opus-folyoirat.sk\/wp-content\/uploads\/2026\/04\/IMG_3744-768x1024.jpeg\" alt=\"\" class=\"wp-image-5037\" srcset=\"https:\/\/opus-folyoirat.sk\/wp-content\/uploads\/2026\/04\/IMG_3744-768x1024.jpeg 768w, https:\/\/opus-folyoirat.sk\/wp-content\/uploads\/2026\/04\/IMG_3744-225x300.jpeg 225w, https:\/\/opus-folyoirat.sk\/wp-content\/uploads\/2026\/04\/IMG_3744-1152x1536.jpeg 1152w, https:\/\/opus-folyoirat.sk\/wp-content\/uploads\/2026\/04\/IMG_3744-1536x2048.jpeg 1536w, https:\/\/opus-folyoirat.sk\/wp-content\/uploads\/2026\/04\/IMG_3744-scaled.jpeg 1920w\" sizes=\"auto, (max-width: 768px) 100vw, 768px\" \/><\/figure>\n\n\n\n<figure class=\"wp-block-image size-large\"><img loading=\"lazy\" decoding=\"async\" width=\"768\" height=\"1024\" data-id=\"5038\" src=\"https:\/\/opus-folyoirat.sk\/wp-content\/uploads\/2026\/04\/IMG_3747-768x1024.jpeg\" alt=\"\" class=\"wp-image-5038\" srcset=\"https:\/\/opus-folyoirat.sk\/wp-content\/uploads\/2026\/04\/IMG_3747-768x1024.jpeg 768w, https:\/\/opus-folyoirat.sk\/wp-content\/uploads\/2026\/04\/IMG_3747-225x300.jpeg 225w, https:\/\/opus-folyoirat.sk\/wp-content\/uploads\/2026\/04\/IMG_3747-1152x1536.jpeg 1152w, https:\/\/opus-folyoirat.sk\/wp-content\/uploads\/2026\/04\/IMG_3747-1536x2048.jpeg 1536w, https:\/\/opus-folyoirat.sk\/wp-content\/uploads\/2026\/04\/IMG_3747-scaled.jpeg 1920w\" sizes=\"auto, (max-width: 768px) 100vw, 768px\" \/><\/figure>\n<\/figure>\n\n\n\n<p class=\"has-text-align-right\"><em>(opus)<\/em><\/p>\n","protected":false},"excerpt":{"rendered":"<p>Pet\u0151cz Andr\u00e1s, az Opus febru\u00e1rban lek\u00f6sz\u00f6n\u0151 f\u0151szerkeszt\u0151je betegs\u00e9g miatt nem tudott r\u00e9szt venni az Opus 100 \u00fcnneps\u00e9gen, ez\u00e9rt nem vehette \u00e1t a neki sz\u00e1nt aj\u00e1nd\u00e9kot. Ez\u00e9rt Hodossy Gyula, az Opus irodalmi \u00e9s m\u0171v\u00e9szeti foly\u00f3irat kiad\u00f3ja, a Szlov\u00e1kiai Magyar \u00cdr\u00f3k T\u00e1rsas\u00e1g\u00e1nak &hellip; <a href=\"https:\/\/opus-folyoirat.sk\/?page_id=5034\">Egy kattint\u00e1s ide a folytat\u00e1shoz&#8230;. <span class=\"meta-nav\">&rarr;<\/span><\/a><\/p>\n","protected":false},"author":4,"featured_media":0,"parent":0,"menu_order":0,"comment_status":"closed","ping_status":"closed","template":"","meta":{"footnotes":""},"class_list":["post-5034","page","type-page","status-publish","hentry"],"_links":{"self":[{"href":"https:\/\/opus-folyoirat.sk\/index.php?rest_route=\/wp\/v2\/pages\/5034","targetHints":{"allow":["GET"]}}],"collection":[{"href":"https:\/\/opus-folyoirat.sk\/index.php?rest_route=\/wp\/v2\/pages"}],"about":[{"href":"https:\/\/opus-folyoirat.sk\/index.php?rest_route=\/wp\/v2\/types\/page"}],"author":[{"embeddable":true,"href":"https:\/\/opus-folyoirat.sk\/index.php?rest_route=\/wp\/v2\/users\/4"}],"replies":[{"embeddable":true,"href":"https:\/\/opus-folyoirat.sk\/index.php?rest_route=%2Fwp%2Fv2%2Fcomments&post=5034"}],"version-history":[{"count":1,"href":"https:\/\/opus-folyoirat.sk\/index.php?rest_route=\/wp\/v2\/pages\/5034\/revisions"}],"predecessor-version":[{"id":5040,"href":"https:\/\/opus-folyoirat.sk\/index.php?rest_route=\/wp\/v2\/pages\/5034\/revisions\/5040"}],"wp:attachment":[{"href":"https:\/\/opus-folyoirat.sk\/index.php?rest_route=%2Fwp%2Fv2%2Fmedia&parent=5034"}],"curies":[{"name":"wp","href":"https:\/\/api.w.org\/{rel}","templated":true}]}}