{"id":5085,"date":"2026-04-09T13:39:51","date_gmt":"2026-04-09T11:39:51","guid":{"rendered":"https:\/\/opus-folyoirat.sk\/?page_id=5085"},"modified":"2026-04-09T13:39:51","modified_gmt":"2026-04-09T11:39:51","slug":"bakonyi-istvan-versei","status":"publish","type":"page","link":"https:\/\/opus-folyoirat.sk\/?page_id=5085","title":{"rendered":"Bakonyi Istv\u00e1n versei"},"content":{"rendered":"\n<p class=\"has-text-align-right\">2026-01-07<\/p>\n\n\n\n<p><strong>A nevek<\/strong><\/p>\n\n\n\n<div class=\"wp-block-group is-vertical is-layout-flex wp-container-core-group-is-layout-8cf370e7 wp-block-group-is-layout-flex\">\n<p>Jaj, a nevek! A nevek! A nevek!<\/p>\n\n\n\n<p>A sok\u00e1ig felejthetetlenek.<\/p>\n\n\n\n<p>A nevek, a nevek, a nevek, a nevek.<\/p>\n\n\n\n<p>M\u00e1r nem felejthetetlenek.<\/p>\n\n\n\n<p>Bar\u00e1tok, kedvesek, ellenfelek.<\/p>\n\n\n\n<p>A nevek, a nevek, a nevek!<\/p>\n\n\n\n<p>Jaj, azok a nevek!<\/p>\n\n\n\n<p>A r\u00e9gen felejthetetlenek.<\/p>\n\n\n\n<p>Jaj, hogy is h\u00edvj\u00e1k \u0151ket?<\/p>\n\n\n\n<p>A m\u00e9g itt lev\u0151ket?<\/p>\n\n\n\n<p>Jaj, a nevek!<\/p>\n\n\n\n<p>Agyunkb\u00f3l kisz\u00e1llt nevek!<\/p>\n\n\n\n<p>A felejthetetlenek\u2026<\/p>\n\n\n\n<p>Jaj!<\/p>\n<\/div>\n\n\n\n<p><\/p>\n\n\n\n<p><strong>Pillang\u00f3k<\/strong><\/p>\n\n\n\n<div class=\"wp-block-group is-vertical is-layout-flex wp-container-core-group-is-layout-8cf370e7 wp-block-group-is-layout-flex\">\n<p>r\u00f6pk\u00f6dnek. \u00c1lmos a d\u00e9lut\u00e1n.<\/p>\n\n\n\n<p>K\u00f6zben vend\u00e9get v\u00e1runk.<\/p>\n\n\n\n<p>Alszik a t\u00e1j, hang is alig.<\/p>\n\n\n\n<p>S egy dong\u00f3&nbsp;elsz\u00e1ll a falig.<\/p>\n\n\n\n<p>Koppan\u00e1s\u00e1ra remeg a leveg\u0151.<\/p>\n\n\n\n<p>Minden olyan ny\u00e1releji.<\/p>\n\n\n\n<p>Sz\u00e1ll az id\u0151 is,<\/p>\n\n\n\n<p>sz\u00e1ll kegyetlen\u00fcl.<\/p>\n\n\n\n<p>Szell\u0151k csiklandozz\u00e1k a leveleket.<\/p>\n\n\n\n<p>Remeg a l\u00e9lek is.<\/p>\n\n\n\n<p>S az ember nem&nbsp;\u00e9lhet<\/p>\n\n\n\n<p>rem\u00e9nytelen\u00fcl.<\/p>\n<\/div>\n","protected":false},"excerpt":{"rendered":"<p>2026-01-07 A nevek Jaj, a nevek! A nevek! A nevek! A sok\u00e1ig felejthetetlenek. A nevek, a nevek, a nevek, a nevek. M\u00e1r nem felejthetetlenek. Bar\u00e1tok, kedvesek, ellenfelek. A nevek, a nevek, a nevek! Jaj, azok a nevek! A r\u00e9gen felejthetetlenek. &hellip; <a href=\"https:\/\/opus-folyoirat.sk\/?page_id=5085\">Egy kattint\u00e1s ide a folytat\u00e1shoz&#8230;. <span class=\"meta-nav\">&rarr;<\/span><\/a><\/p>\n","protected":false},"author":5,"featured_media":0,"parent":0,"menu_order":0,"comment_status":"closed","ping_status":"closed","template":"","meta":{"footnotes":""},"class_list":["post-5085","page","type-page","status-publish","hentry"],"_links":{"self":[{"href":"https:\/\/opus-folyoirat.sk\/index.php?rest_route=\/wp\/v2\/pages\/5085","targetHints":{"allow":["GET"]}}],"collection":[{"href":"https:\/\/opus-folyoirat.sk\/index.php?rest_route=\/wp\/v2\/pages"}],"about":[{"href":"https:\/\/opus-folyoirat.sk\/index.php?rest_route=\/wp\/v2\/types\/page"}],"author":[{"embeddable":true,"href":"https:\/\/opus-folyoirat.sk\/index.php?rest_route=\/wp\/v2\/users\/5"}],"replies":[{"embeddable":true,"href":"https:\/\/opus-folyoirat.sk\/index.php?rest_route=%2Fwp%2Fv2%2Fcomments&post=5085"}],"version-history":[{"count":1,"href":"https:\/\/opus-folyoirat.sk\/index.php?rest_route=\/wp\/v2\/pages\/5085\/revisions"}],"predecessor-version":[{"id":5086,"href":"https:\/\/opus-folyoirat.sk\/index.php?rest_route=\/wp\/v2\/pages\/5085\/revisions\/5086"}],"wp:attachment":[{"href":"https:\/\/opus-folyoirat.sk\/index.php?rest_route=%2Fwp%2Fv2%2Fmedia&parent=5085"}],"curies":[{"name":"wp","href":"https:\/\/api.w.org\/{rel}","templated":true}]}}

Bakonyi István versei

<p class="has-text-align-right">2026-01-07</p>



<p><strong>A nevek</strong></p>



<div class="wp-block-group is-vertical is-layout-flex wp-container-core-group-is-layout-8cf370e7 wp-block-group-is-layout-flex">
<p>Jaj, a nevek! A nevek! A nevek!</p>



<p>A sokáig felejthetetlenek.</p>



<p>A nevek, a nevek, a nevek, a nevek.</p>



<p>Már nem felejthetetlenek.</p>



<p>Barátok, kedvesek, ellenfelek.</p>



<p>A nevek, a nevek, a nevek!</p>



<p>Jaj, azok a nevek!</p>



<p>A régen felejthetetlenek.</p>



<p>Jaj, hogy is hívják őket?</p>



<p>A még itt levőket?</p>



<p>Jaj, a nevek!</p>



<p>Agyunkból kiszállt nevek!</p>



<p>A felejthetetlenek…</p>



<p>Jaj!</p>
</div>



<p></p>



<p><strong>Pillangók</strong></p>



<div class="wp-block-group is-vertical is-layout-flex wp-container-core-group-is-layout-8cf370e7 wp-block-group-is-layout-flex">
<p>röpködnek. Álmos a délután.</p>



<p>Közben vendéget várunk.</p>



<p>Alszik a táj, hang is alig.</p>



<p>S egy dongó&nbsp;elszáll a falig.</p>



<p>Koppanására remeg a levegő.</p>



<p>Minden olyan nyáreleji.</p>



<p>Száll az idő is,</p>



<p>száll kegyetlenül.</p>



<p>Szellők csiklandozzák a leveleket.</p>



<p>Remeg a lélek is.</p>



<p>S az ember nem&nbsp;élhet</p>



<p>reménytelenül.</p>
</div>

<p>2026-01-07 A nevek Jaj, a nevek! A nevek! A nevek! A sokáig felejthetetlenek. A nevek, a nevek, a nevek, a nevek. Már nem felejthetetlenek. Barátok, kedvesek, ellenfelek. A nevek, a nevek, a nevek! Jaj, azok a nevek! A régen felejthetetlenek. &hellip; <a href="https://opus-folyoirat.sk/?page_id=5085">Egy kattintás ide a folytatáshoz&#8230;. <span class="meta-nav">&rarr;</span></a></p>
