{"id":5103,"date":"2026-05-04T11:43:37","date_gmt":"2026-05-04T09:43:37","guid":{"rendered":"https:\/\/opus-folyoirat.sk\/?page_id=5103"},"modified":"2026-05-04T11:43:38","modified_gmt":"2026-05-04T09:43:38","slug":"mirol-mesel-az-aprilisi-opus","status":"publish","type":"page","link":"https:\/\/opus-folyoirat.sk\/?page_id=5103","title":{"rendered":"Mir\u0151l mes\u00e9l az \u00e1prilisi Opus?\u00a0"},"content":{"rendered":"\n<p>Az Opus irodalmi \u00e9s m\u0171v\u00e9szeti foly\u00f3irat 101. sz\u00e1ma visszany\u00fal a gy\u00f6kerekhez \u2013 olyan m\u0171veket k\u00f6z\u00f6l, amelyeket mindenki meg\u00e9rthet, a legkisebbekt\u0151l a legnagyobbakig. Az \u00e1prilisi Opusban a gyermekirodalom kapta a f\u0151szerepet.&nbsp;<\/p>\n\n\n\n<figure class=\"wp-block-image size-large\"><img loading=\"lazy\" decoding=\"async\" width=\"1024\" height=\"768\" src=\"https:\/\/opus-folyoirat.sk\/wp-content\/uploads\/2026\/05\/IMG_3081-1024x768.jpg\" alt=\"\" class=\"wp-image-5104\" style=\"aspect-ratio:16\/9;object-fit:cover\" srcset=\"https:\/\/opus-folyoirat.sk\/wp-content\/uploads\/2026\/05\/IMG_3081-1024x768.jpg 1024w, https:\/\/opus-folyoirat.sk\/wp-content\/uploads\/2026\/05\/IMG_3081-300x225.jpg 300w, https:\/\/opus-folyoirat.sk\/wp-content\/uploads\/2026\/05\/IMG_3081-768x576.jpg 768w, https:\/\/opus-folyoirat.sk\/wp-content\/uploads\/2026\/05\/IMG_3081-1536x1152.jpg 1536w, https:\/\/opus-folyoirat.sk\/wp-content\/uploads\/2026\/05\/IMG_3081-2048x1536.jpg 2048w, https:\/\/opus-folyoirat.sk\/wp-content\/uploads\/2026\/05\/IMG_3081-400x300.jpg 400w\" sizes=\"auto, (max-width: 1024px) 100vw, 1024px\" \/><\/figure>\n\n\n\n<p>Nem el\u0151sz\u00f6r, \u00e9s bizony\u00e1ra nem is utolj\u00e1ra v\u00e1llalkoztak szerkeszt\u0151ink arra, hogy a gyerekirodalom vil\u00e1g\u00e1ba kalauzolj\u00e1k el az olvas\u00f3t. A lapsz\u00e1m elej\u00e9n azonban m\u00e9g komolyabb hangv\u00e9tel\u0171 \u00edr\u00e1sokkal tal\u00e1lkozhatunk. A lapot az <strong>Opus 100 \u2013 Besz\u00e9dek<\/strong>, azaz a foly\u00f3irat 100. lapsz\u00e1m\u00e1nak \u00fcnnep\u00e9lyes bemutat\u00f3j\u00e1n elhangzott besz\u00e9dek kezdik, ahol bar\u00e1ti lapok f\u0151szerkeszt\u0151i, illetve <em>Pet\u0151cz Andr\u00e1s<\/em> volt \u00e9s <em>Kov\u00e1cs Bal\u00e1zs<\/em> \u00fajonnan kinevezett f\u0151szerkeszt\u0151 sz\u00e9kfoglal\u00f3ja is olvashat\u00f3. Ezek a szem\u00e9lyes hang\u00fa, m\u00e9gis irodalomt\u00f6rt\u00e9neti t\u00e1vlatokat nyit\u00f3 sz\u00f6vegek nemcsak visszatekintenek, hanem a j\u00f6v\u0151 k\u00e9rd\u00e9seit is felvetik: mit jelent ma irodalmi foly\u00f3iratot m\u0171k\u00f6dtetni, k\u00f6z\u00f6ss\u00e9get \u00e9p\u00edteni, \u00e9rt\u00e9ket k\u00f6zvet\u00edteni.&nbsp;<\/p>\n\n\n\n<figure class=\"wp-block-gallery has-nested-images columns-default is-cropped wp-block-gallery-1 is-layout-flex wp-block-gallery-is-layout-flex\">\n<figure class=\"wp-block-image size-large\"><img loading=\"lazy\" decoding=\"async\" width=\"1024\" height=\"682\" data-id=\"5105\" src=\"https:\/\/opus-folyoirat.sk\/wp-content\/uploads\/2026\/05\/IMG_3082-1024x682.jpg\" alt=\"\" class=\"wp-image-5105\" srcset=\"https:\/\/opus-folyoirat.sk\/wp-content\/uploads\/2026\/05\/IMG_3082-1024x682.jpg 1024w, https:\/\/opus-folyoirat.sk\/wp-content\/uploads\/2026\/05\/IMG_3082-300x200.jpg 300w, https:\/\/opus-folyoirat.sk\/wp-content\/uploads\/2026\/05\/IMG_3082-768x512.jpg 768w, https:\/\/opus-folyoirat.sk\/wp-content\/uploads\/2026\/05\/IMG_3082-1536x1024.jpg 1536w, https:\/\/opus-folyoirat.sk\/wp-content\/uploads\/2026\/05\/IMG_3082-2048x1365.jpg 2048w, https:\/\/opus-folyoirat.sk\/wp-content\/uploads\/2026\/05\/IMG_3082-450x300.jpg 450w\" sizes=\"auto, (max-width: 1024px) 100vw, 1024px\" \/><\/figure>\n\n\n\n<figure class=\"wp-block-image size-large\"><img loading=\"lazy\" decoding=\"async\" width=\"1024\" height=\"682\" data-id=\"5106\" src=\"https:\/\/opus-folyoirat.sk\/wp-content\/uploads\/2026\/05\/IMG_3084-1024x682.jpg\" alt=\"\" class=\"wp-image-5106\" srcset=\"https:\/\/opus-folyoirat.sk\/wp-content\/uploads\/2026\/05\/IMG_3084-1024x682.jpg 1024w, https:\/\/opus-folyoirat.sk\/wp-content\/uploads\/2026\/05\/IMG_3084-300x200.jpg 300w, https:\/\/opus-folyoirat.sk\/wp-content\/uploads\/2026\/05\/IMG_3084-768x512.jpg 768w, https:\/\/opus-folyoirat.sk\/wp-content\/uploads\/2026\/05\/IMG_3084-1536x1024.jpg 1536w, https:\/\/opus-folyoirat.sk\/wp-content\/uploads\/2026\/05\/IMG_3084-2048x1365.jpg 2048w, https:\/\/opus-folyoirat.sk\/wp-content\/uploads\/2026\/05\/IMG_3084-450x300.jpg 450w\" sizes=\"auto, (max-width: 1024px) 100vw, 1024px\" \/><\/figure>\n\n\n\n<figure class=\"wp-block-image size-large\"><img loading=\"lazy\" decoding=\"async\" width=\"1024\" height=\"682\" data-id=\"5107\" src=\"https:\/\/opus-folyoirat.sk\/wp-content\/uploads\/2026\/05\/IMG_3085-1024x682.jpg\" alt=\"\" class=\"wp-image-5107\" srcset=\"https:\/\/opus-folyoirat.sk\/wp-content\/uploads\/2026\/05\/IMG_3085-1024x682.jpg 1024w, https:\/\/opus-folyoirat.sk\/wp-content\/uploads\/2026\/05\/IMG_3085-300x200.jpg 300w, https:\/\/opus-folyoirat.sk\/wp-content\/uploads\/2026\/05\/IMG_3085-768x512.jpg 768w, https:\/\/opus-folyoirat.sk\/wp-content\/uploads\/2026\/05\/IMG_3085-1536x1024.jpg 1536w, https:\/\/opus-folyoirat.sk\/wp-content\/uploads\/2026\/05\/IMG_3085-2048x1365.jpg 2048w, https:\/\/opus-folyoirat.sk\/wp-content\/uploads\/2026\/05\/IMG_3085-450x300.jpg 450w\" sizes=\"auto, (max-width: 1024px) 100vw, 1024px\" \/><\/figure>\n<\/figure>\n\n\n\n<p>A <strong>Bet\u0171\u00f6sv\u00e9ny<\/strong> rovat gazdag \u00e9s v\u00e1ltozatos v\u00e1logat\u00e1st k\u00edn\u00e1l: mes\u00e9k, versek \u00e9s ifj\u00fas\u00e1gi pr\u00f3z\u00e1k v\u00e1ltj\u00e1k egym\u00e1st. T\u00f6bbek k\u00f6z\u00f6tt <em>T\u00f3th L\u00e1szl\u00f3, Z. N\u00e9meth Istv\u00e1n, Kir\u00e1ly Anik\u00f3, Benk\u0151 Timea<\/em> \u00e9s <em>Gy\u00f6keres Kinga<\/em> mes\u00e9i, <em>Kiss Judit \u00c1gnes, Lackfi J\u00e1nos, Fellinger K\u00e1roly, F. Nagy G\u00e1bor<\/em> \u00e9s <em>Sz\u00e1raz P\u00e1l<\/em> j\u00e1t\u00e9kos versei, <em>Kert\u00e9sz Erzsi<\/em> ifj\u00fas\u00e1gi novell\u00e1ja, valamint <em>M. K\u00e1csor Zolt\u00e1n<\/em> reg\u00e9nyr\u00e9szlete egy k\u00e9sz\u00fcl\u0151 kiadv\u00e1nyb\u00f3l.&nbsp;<\/p>\n\n\n\n<figure class=\"wp-block-gallery has-nested-images columns-default is-cropped wp-block-gallery-2 is-layout-flex wp-block-gallery-is-layout-flex\">\n<figure class=\"wp-block-image size-large\"><img loading=\"lazy\" decoding=\"async\" width=\"1024\" height=\"682\" data-id=\"5111\" src=\"https:\/\/opus-folyoirat.sk\/wp-content\/uploads\/2026\/05\/IMG_3086-1024x682.jpg\" alt=\"\" class=\"wp-image-5111\" srcset=\"https:\/\/opus-folyoirat.sk\/wp-content\/uploads\/2026\/05\/IMG_3086-1024x682.jpg 1024w, https:\/\/opus-folyoirat.sk\/wp-content\/uploads\/2026\/05\/IMG_3086-300x200.jpg 300w, https:\/\/opus-folyoirat.sk\/wp-content\/uploads\/2026\/05\/IMG_3086-768x512.jpg 768w, https:\/\/opus-folyoirat.sk\/wp-content\/uploads\/2026\/05\/IMG_3086-1536x1024.jpg 1536w, https:\/\/opus-folyoirat.sk\/wp-content\/uploads\/2026\/05\/IMG_3086-2048x1365.jpg 2048w, https:\/\/opus-folyoirat.sk\/wp-content\/uploads\/2026\/05\/IMG_3086-450x300.jpg 450w\" sizes=\"auto, (max-width: 1024px) 100vw, 1024px\" \/><\/figure>\n\n\n\n<figure class=\"wp-block-image size-large\"><img loading=\"lazy\" decoding=\"async\" width=\"1024\" height=\"682\" data-id=\"5114\" src=\"https:\/\/opus-folyoirat.sk\/wp-content\/uploads\/2026\/05\/IMG_3087-1024x682.jpg\" alt=\"\" class=\"wp-image-5114\" srcset=\"https:\/\/opus-folyoirat.sk\/wp-content\/uploads\/2026\/05\/IMG_3087-1024x682.jpg 1024w, https:\/\/opus-folyoirat.sk\/wp-content\/uploads\/2026\/05\/IMG_3087-300x200.jpg 300w, https:\/\/opus-folyoirat.sk\/wp-content\/uploads\/2026\/05\/IMG_3087-768x512.jpg 768w, https:\/\/opus-folyoirat.sk\/wp-content\/uploads\/2026\/05\/IMG_3087-1536x1024.jpg 1536w, https:\/\/opus-folyoirat.sk\/wp-content\/uploads\/2026\/05\/IMG_3087-2048x1365.jpg 2048w, https:\/\/opus-folyoirat.sk\/wp-content\/uploads\/2026\/05\/IMG_3087-450x300.jpg 450w\" sizes=\"auto, (max-width: 1024px) 100vw, 1024px\" \/><\/figure>\n\n\n\n<figure class=\"wp-block-image size-large\"><img loading=\"lazy\" decoding=\"async\" width=\"1024\" height=\"682\" data-id=\"5108\" src=\"https:\/\/opus-folyoirat.sk\/wp-content\/uploads\/2026\/05\/IMG_3088-1024x682.jpg\" alt=\"\" class=\"wp-image-5108\" srcset=\"https:\/\/opus-folyoirat.sk\/wp-content\/uploads\/2026\/05\/IMG_3088-1024x682.jpg 1024w, https:\/\/opus-folyoirat.sk\/wp-content\/uploads\/2026\/05\/IMG_3088-300x200.jpg 300w, https:\/\/opus-folyoirat.sk\/wp-content\/uploads\/2026\/05\/IMG_3088-768x512.jpg 768w, https:\/\/opus-folyoirat.sk\/wp-content\/uploads\/2026\/05\/IMG_3088-1536x1024.jpg 1536w, https:\/\/opus-folyoirat.sk\/wp-content\/uploads\/2026\/05\/IMG_3088-2048x1365.jpg 2048w, https:\/\/opus-folyoirat.sk\/wp-content\/uploads\/2026\/05\/IMG_3088-450x300.jpg 450w\" sizes=\"auto, (max-width: 1024px) 100vw, 1024px\" \/><\/figure>\n\n\n\n<figure class=\"wp-block-image size-large\"><img loading=\"lazy\" decoding=\"async\" width=\"1024\" height=\"682\" data-id=\"5113\" src=\"https:\/\/opus-folyoirat.sk\/wp-content\/uploads\/2026\/05\/IMG_3089-1024x682.jpg\" alt=\"\" class=\"wp-image-5113\" srcset=\"https:\/\/opus-folyoirat.sk\/wp-content\/uploads\/2026\/05\/IMG_3089-1024x682.jpg 1024w, https:\/\/opus-folyoirat.sk\/wp-content\/uploads\/2026\/05\/IMG_3089-300x200.jpg 300w, https:\/\/opus-folyoirat.sk\/wp-content\/uploads\/2026\/05\/IMG_3089-768x512.jpg 768w, https:\/\/opus-folyoirat.sk\/wp-content\/uploads\/2026\/05\/IMG_3089-1536x1024.jpg 1536w, https:\/\/opus-folyoirat.sk\/wp-content\/uploads\/2026\/05\/IMG_3089-2048x1365.jpg 2048w, https:\/\/opus-folyoirat.sk\/wp-content\/uploads\/2026\/05\/IMG_3089-450x300.jpg 450w\" sizes=\"auto, (max-width: 1024px) 100vw, 1024px\" \/><\/figure>\n\n\n\n<figure class=\"wp-block-image size-large\"><img loading=\"lazy\" decoding=\"async\" width=\"1024\" height=\"682\" data-id=\"5112\" src=\"https:\/\/opus-folyoirat.sk\/wp-content\/uploads\/2026\/05\/IMG_3090-1024x682.jpg\" alt=\"\" class=\"wp-image-5112\" srcset=\"https:\/\/opus-folyoirat.sk\/wp-content\/uploads\/2026\/05\/IMG_3090-1024x682.jpg 1024w, https:\/\/opus-folyoirat.sk\/wp-content\/uploads\/2026\/05\/IMG_3090-300x200.jpg 300w, https:\/\/opus-folyoirat.sk\/wp-content\/uploads\/2026\/05\/IMG_3090-768x512.jpg 768w, https:\/\/opus-folyoirat.sk\/wp-content\/uploads\/2026\/05\/IMG_3090-1536x1024.jpg 1536w, https:\/\/opus-folyoirat.sk\/wp-content\/uploads\/2026\/05\/IMG_3090-2048x1365.jpg 2048w, https:\/\/opus-folyoirat.sk\/wp-content\/uploads\/2026\/05\/IMG_3090-450x300.jpg 450w\" sizes=\"auto, (max-width: 1024px) 100vw, 1024px\" \/><\/figure>\n\n\n\n<figure class=\"wp-block-image size-large\"><img loading=\"lazy\" decoding=\"async\" width=\"1024\" height=\"682\" data-id=\"5115\" src=\"https:\/\/opus-folyoirat.sk\/wp-content\/uploads\/2026\/05\/IMG_3091-1024x682.jpg\" alt=\"\" class=\"wp-image-5115\" srcset=\"https:\/\/opus-folyoirat.sk\/wp-content\/uploads\/2026\/05\/IMG_3091-1024x682.jpg 1024w, https:\/\/opus-folyoirat.sk\/wp-content\/uploads\/2026\/05\/IMG_3091-300x200.jpg 300w, https:\/\/opus-folyoirat.sk\/wp-content\/uploads\/2026\/05\/IMG_3091-768x512.jpg 768w, https:\/\/opus-folyoirat.sk\/wp-content\/uploads\/2026\/05\/IMG_3091-1536x1024.jpg 1536w, https:\/\/opus-folyoirat.sk\/wp-content\/uploads\/2026\/05\/IMG_3091-2048x1365.jpg 2048w, https:\/\/opus-folyoirat.sk\/wp-content\/uploads\/2026\/05\/IMG_3091-450x300.jpg 450w\" sizes=\"auto, (max-width: 1024px) 100vw, 1024px\" \/><\/figure>\n\n\n\n<figure class=\"wp-block-image size-large\"><img loading=\"lazy\" decoding=\"async\" width=\"1024\" height=\"682\" data-id=\"5109\" src=\"https:\/\/opus-folyoirat.sk\/wp-content\/uploads\/2026\/05\/IMG_3092-1024x682.jpg\" alt=\"\" class=\"wp-image-5109\" srcset=\"https:\/\/opus-folyoirat.sk\/wp-content\/uploads\/2026\/05\/IMG_3092-1024x682.jpg 1024w, https:\/\/opus-folyoirat.sk\/wp-content\/uploads\/2026\/05\/IMG_3092-300x200.jpg 300w, https:\/\/opus-folyoirat.sk\/wp-content\/uploads\/2026\/05\/IMG_3092-768x512.jpg 768w, https:\/\/opus-folyoirat.sk\/wp-content\/uploads\/2026\/05\/IMG_3092-1536x1024.jpg 1536w, https:\/\/opus-folyoirat.sk\/wp-content\/uploads\/2026\/05\/IMG_3092-2048x1365.jpg 2048w, https:\/\/opus-folyoirat.sk\/wp-content\/uploads\/2026\/05\/IMG_3092-450x300.jpg 450w\" sizes=\"auto, (max-width: 1024px) 100vw, 1024px\" \/><\/figure>\n\n\n\n<figure class=\"wp-block-image size-large\"><img loading=\"lazy\" decoding=\"async\" width=\"1024\" height=\"682\" data-id=\"5110\" src=\"https:\/\/opus-folyoirat.sk\/wp-content\/uploads\/2026\/05\/IMG_3093-1024x682.jpg\" alt=\"\" class=\"wp-image-5110\" srcset=\"https:\/\/opus-folyoirat.sk\/wp-content\/uploads\/2026\/05\/IMG_3093-1024x682.jpg 1024w, https:\/\/opus-folyoirat.sk\/wp-content\/uploads\/2026\/05\/IMG_3093-300x200.jpg 300w, https:\/\/opus-folyoirat.sk\/wp-content\/uploads\/2026\/05\/IMG_3093-768x512.jpg 768w, https:\/\/opus-folyoirat.sk\/wp-content\/uploads\/2026\/05\/IMG_3093-1536x1024.jpg 1536w, https:\/\/opus-folyoirat.sk\/wp-content\/uploads\/2026\/05\/IMG_3093-2048x1365.jpg 2048w, https:\/\/opus-folyoirat.sk\/wp-content\/uploads\/2026\/05\/IMG_3093-450x300.jpg 450w\" sizes=\"auto, (max-width: 1024px) 100vw, 1024px\" \/><\/figure>\n<\/figure>\n\n\n\n<p>A <strong>Sz\u00ednpad<\/strong> rovatban egy mesej\u00e1t\u00e9k kap helyet, a nemr\u00e9giben elhunyt <em>F\u00fcl\u00f6p Antal<\/em> toll\u00e1b\u00f3l, aki <em>Kov\u00e1cs Magda Kisk\u00edgy\u00f3<\/em> c. mes\u00e9j\u00e9t dramatiz\u00e1lta.&nbsp;<\/p>\n\n\n\n<p>A <strong>L\u00e1that\u00e1r<\/strong> kitekint\u00e9st ny\u00fajt a szlov\u00e1k irodalom fel\u00e9, <em>Jana Bodn\u00e1rov\u00e1 Kuty\u00e1k<\/em> c. \u00edr\u00e1s\u00e1val, <em>T\u00f3th Ozsvald Zsuzsanna<\/em> ford\u00edt\u00e1s\u00e1ban k\u00f6z\u00f6lt pr\u00f3z\u00e1val.&nbsp;<\/p>\n\n\n\n<figure class=\"wp-block-gallery has-nested-images columns-default is-cropped wp-block-gallery-3 is-layout-flex wp-block-gallery-is-layout-flex\">\n<figure class=\"wp-block-image size-large\"><img loading=\"lazy\" decoding=\"async\" width=\"1024\" height=\"682\" data-id=\"5116\" src=\"https:\/\/opus-folyoirat.sk\/wp-content\/uploads\/2026\/05\/IMG_3094-1024x682.jpg\" alt=\"\" class=\"wp-image-5116\" srcset=\"https:\/\/opus-folyoirat.sk\/wp-content\/uploads\/2026\/05\/IMG_3094-1024x682.jpg 1024w, https:\/\/opus-folyoirat.sk\/wp-content\/uploads\/2026\/05\/IMG_3094-300x200.jpg 300w, https:\/\/opus-folyoirat.sk\/wp-content\/uploads\/2026\/05\/IMG_3094-768x512.jpg 768w, https:\/\/opus-folyoirat.sk\/wp-content\/uploads\/2026\/05\/IMG_3094-1536x1024.jpg 1536w, https:\/\/opus-folyoirat.sk\/wp-content\/uploads\/2026\/05\/IMG_3094-2048x1365.jpg 2048w, https:\/\/opus-folyoirat.sk\/wp-content\/uploads\/2026\/05\/IMG_3094-450x300.jpg 450w\" sizes=\"auto, (max-width: 1024px) 100vw, 1024px\" \/><\/figure>\n\n\n\n<figure class=\"wp-block-image size-large\"><img loading=\"lazy\" decoding=\"async\" width=\"1024\" height=\"682\" data-id=\"5118\" src=\"https:\/\/opus-folyoirat.sk\/wp-content\/uploads\/2026\/05\/IMG_3095-1024x682.jpg\" alt=\"\" class=\"wp-image-5118\" srcset=\"https:\/\/opus-folyoirat.sk\/wp-content\/uploads\/2026\/05\/IMG_3095-1024x682.jpg 1024w, https:\/\/opus-folyoirat.sk\/wp-content\/uploads\/2026\/05\/IMG_3095-300x200.jpg 300w, https:\/\/opus-folyoirat.sk\/wp-content\/uploads\/2026\/05\/IMG_3095-768x512.jpg 768w, https:\/\/opus-folyoirat.sk\/wp-content\/uploads\/2026\/05\/IMG_3095-1536x1024.jpg 1536w, https:\/\/opus-folyoirat.sk\/wp-content\/uploads\/2026\/05\/IMG_3095-2048x1365.jpg 2048w, https:\/\/opus-folyoirat.sk\/wp-content\/uploads\/2026\/05\/IMG_3095-450x300.jpg 450w\" sizes=\"auto, (max-width: 1024px) 100vw, 1024px\" \/><\/figure>\n\n\n\n<figure class=\"wp-block-image size-large\"><img loading=\"lazy\" decoding=\"async\" width=\"1024\" height=\"682\" data-id=\"5117\" src=\"https:\/\/opus-folyoirat.sk\/wp-content\/uploads\/2026\/05\/IMG_3096-1024x682.jpg\" alt=\"\" class=\"wp-image-5117\" srcset=\"https:\/\/opus-folyoirat.sk\/wp-content\/uploads\/2026\/05\/IMG_3096-1024x682.jpg 1024w, https:\/\/opus-folyoirat.sk\/wp-content\/uploads\/2026\/05\/IMG_3096-300x200.jpg 300w, https:\/\/opus-folyoirat.sk\/wp-content\/uploads\/2026\/05\/IMG_3096-768x512.jpg 768w, https:\/\/opus-folyoirat.sk\/wp-content\/uploads\/2026\/05\/IMG_3096-1536x1024.jpg 1536w, https:\/\/opus-folyoirat.sk\/wp-content\/uploads\/2026\/05\/IMG_3096-2048x1365.jpg 2048w, https:\/\/opus-folyoirat.sk\/wp-content\/uploads\/2026\/05\/IMG_3096-450x300.jpg 450w\" sizes=\"auto, (max-width: 1024px) 100vw, 1024px\" \/><\/figure>\n<\/figure>\n\n\n\n<p>A <strong>Gondolatm\u0171hely<\/strong> essz\u00e9i <em>Moln\u00e1r Kantner \u00c9va<\/em> \u00e9s <em>N\u00f3gr\u00e1di G\u00e1bor <\/em>toll\u00e1b\u00f3l az ifj\u00fas\u00e1gi \u00e9s a gyermekirodalom t\u00e9mak\u00f6r\u00e9t j\u00e1rj\u00e1k k\u00f6r\u00fcl, reflekt\u00e1lva annak mai szerep\u00e9re \u00e9s kih\u00edv\u00e1saira.&nbsp;<\/p>\n\n\n\n<p>A lapsz\u00e1m fontos r\u00e9sze a <strong>K\u00f6nyvek k\u00f6z\u00f6tt <\/strong>c\u00edm\u0171 rovat, ahol kritik\u00e1k \u00e9s recenzi\u00f3k seg\u00edtik az eligazod\u00e1st a kort\u00e1rs gyermekirodalmi k\u00edn\u00e1latban. <em>Tam\u00e1si Orosz J\u00e1nos, Juh\u00e1sz Korn\u00e9lia, B\u00edr\u00f3 Szabolcs <\/em>\u00e9s<em> Kov\u00e1cs Jol\u00e1nka<\/em> \u00edr\u00e1sai keltik fel az \u00e9rdekl\u0151d\u00e9st a kort\u00e1rs gyermekirodalmi kiadv\u00e1nyok ir\u00e1nt.&nbsp;<\/p>\n\n\n\n<figure class=\"wp-block-gallery has-nested-images columns-default is-cropped wp-block-gallery-4 is-layout-flex wp-block-gallery-is-layout-flex\">\n<figure class=\"wp-block-image size-large\"><img loading=\"lazy\" decoding=\"async\" width=\"1024\" height=\"682\" data-id=\"5121\" src=\"https:\/\/opus-folyoirat.sk\/wp-content\/uploads\/2026\/05\/IMG_3097-1024x682.jpg\" alt=\"\" class=\"wp-image-5121\" srcset=\"https:\/\/opus-folyoirat.sk\/wp-content\/uploads\/2026\/05\/IMG_3097-1024x682.jpg 1024w, https:\/\/opus-folyoirat.sk\/wp-content\/uploads\/2026\/05\/IMG_3097-300x200.jpg 300w, https:\/\/opus-folyoirat.sk\/wp-content\/uploads\/2026\/05\/IMG_3097-768x512.jpg 768w, https:\/\/opus-folyoirat.sk\/wp-content\/uploads\/2026\/05\/IMG_3097-1536x1024.jpg 1536w, https:\/\/opus-folyoirat.sk\/wp-content\/uploads\/2026\/05\/IMG_3097-2048x1365.jpg 2048w, https:\/\/opus-folyoirat.sk\/wp-content\/uploads\/2026\/05\/IMG_3097-450x300.jpg 450w\" sizes=\"auto, (max-width: 1024px) 100vw, 1024px\" \/><\/figure>\n\n\n\n<figure class=\"wp-block-image size-large\"><img loading=\"lazy\" decoding=\"async\" width=\"1024\" height=\"682\" data-id=\"5119\" src=\"https:\/\/opus-folyoirat.sk\/wp-content\/uploads\/2026\/05\/IMG_3098-1024x682.jpg\" alt=\"\" class=\"wp-image-5119\" srcset=\"https:\/\/opus-folyoirat.sk\/wp-content\/uploads\/2026\/05\/IMG_3098-1024x682.jpg 1024w, https:\/\/opus-folyoirat.sk\/wp-content\/uploads\/2026\/05\/IMG_3098-300x200.jpg 300w, https:\/\/opus-folyoirat.sk\/wp-content\/uploads\/2026\/05\/IMG_3098-768x512.jpg 768w, https:\/\/opus-folyoirat.sk\/wp-content\/uploads\/2026\/05\/IMG_3098-1536x1024.jpg 1536w, https:\/\/opus-folyoirat.sk\/wp-content\/uploads\/2026\/05\/IMG_3098-2048x1365.jpg 2048w, https:\/\/opus-folyoirat.sk\/wp-content\/uploads\/2026\/05\/IMG_3098-450x300.jpg 450w\" sizes=\"auto, (max-width: 1024px) 100vw, 1024px\" \/><\/figure>\n\n\n\n<figure class=\"wp-block-image size-large\"><img loading=\"lazy\" decoding=\"async\" width=\"1024\" height=\"682\" data-id=\"5120\" src=\"https:\/\/opus-folyoirat.sk\/wp-content\/uploads\/2026\/05\/IMG_3099-1024x682.jpg\" alt=\"\" class=\"wp-image-5120\" srcset=\"https:\/\/opus-folyoirat.sk\/wp-content\/uploads\/2026\/05\/IMG_3099-1024x682.jpg 1024w, https:\/\/opus-folyoirat.sk\/wp-content\/uploads\/2026\/05\/IMG_3099-300x200.jpg 300w, https:\/\/opus-folyoirat.sk\/wp-content\/uploads\/2026\/05\/IMG_3099-768x512.jpg 768w, https:\/\/opus-folyoirat.sk\/wp-content\/uploads\/2026\/05\/IMG_3099-1536x1024.jpg 1536w, https:\/\/opus-folyoirat.sk\/wp-content\/uploads\/2026\/05\/IMG_3099-2048x1365.jpg 2048w, https:\/\/opus-folyoirat.sk\/wp-content\/uploads\/2026\/05\/IMG_3099-450x300.jpg 450w\" sizes=\"auto, (max-width: 1024px) 100vw, 1024px\" \/><\/figure>\n<\/figure>\n\n\n\n<p>A <strong>K\u00fcsz\u00f6b<\/strong> k\u00e9t fiatal \u2013 <em>D\u00e1vid D\u00f3ra <\/em>\u00e9s<em> Kalina Krisztina<\/em> \u2013 mes\u00e9it k\u00f6zli, m\u00edg a <strong>M\u0171terem<\/strong> rovatban <em>Miglinczi \u00c9va<\/em> m\u00e9ltatja a lapban megtal\u00e1lhat\u00f3 illusztr\u00e1ci\u00f3k alkot\u00f3j\u00e1t, az id\u00e9n 60. \u00e9let\u00e9v\u00e9t bet\u00f6lt\u0151 <em>Tak\u00e1cs J\u00e1nos<\/em>t.&nbsp;<\/p>\n\n\n\n<figure class=\"wp-block-gallery has-nested-images columns-default is-cropped wp-block-gallery-5 is-layout-flex wp-block-gallery-is-layout-flex\">\n<figure class=\"wp-block-image size-large\"><img loading=\"lazy\" decoding=\"async\" width=\"1024\" height=\"682\" data-id=\"5124\" src=\"https:\/\/opus-folyoirat.sk\/wp-content\/uploads\/2026\/05\/IMG_3100-1024x682.jpg\" alt=\"\" class=\"wp-image-5124\" srcset=\"https:\/\/opus-folyoirat.sk\/wp-content\/uploads\/2026\/05\/IMG_3100-1024x682.jpg 1024w, https:\/\/opus-folyoirat.sk\/wp-content\/uploads\/2026\/05\/IMG_3100-300x200.jpg 300w, https:\/\/opus-folyoirat.sk\/wp-content\/uploads\/2026\/05\/IMG_3100-768x512.jpg 768w, https:\/\/opus-folyoirat.sk\/wp-content\/uploads\/2026\/05\/IMG_3100-1536x1024.jpg 1536w, https:\/\/opus-folyoirat.sk\/wp-content\/uploads\/2026\/05\/IMG_3100-2048x1365.jpg 2048w, https:\/\/opus-folyoirat.sk\/wp-content\/uploads\/2026\/05\/IMG_3100-450x300.jpg 450w\" sizes=\"auto, (max-width: 1024px) 100vw, 1024px\" \/><\/figure>\n\n\n\n<figure class=\"wp-block-image size-large\"><img loading=\"lazy\" decoding=\"async\" width=\"1024\" height=\"682\" data-id=\"5123\" src=\"https:\/\/opus-folyoirat.sk\/wp-content\/uploads\/2026\/05\/IMG_3102-1024x682.jpg\" alt=\"\" class=\"wp-image-5123\" srcset=\"https:\/\/opus-folyoirat.sk\/wp-content\/uploads\/2026\/05\/IMG_3102-1024x682.jpg 1024w, https:\/\/opus-folyoirat.sk\/wp-content\/uploads\/2026\/05\/IMG_3102-300x200.jpg 300w, https:\/\/opus-folyoirat.sk\/wp-content\/uploads\/2026\/05\/IMG_3102-768x512.jpg 768w, https:\/\/opus-folyoirat.sk\/wp-content\/uploads\/2026\/05\/IMG_3102-1536x1024.jpg 1536w, https:\/\/opus-folyoirat.sk\/wp-content\/uploads\/2026\/05\/IMG_3102-2048x1365.jpg 2048w, https:\/\/opus-folyoirat.sk\/wp-content\/uploads\/2026\/05\/IMG_3102-450x300.jpg 450w\" sizes=\"auto, (max-width: 1024px) 100vw, 1024px\" \/><\/figure>\n\n\n\n<figure class=\"wp-block-image size-large\"><img loading=\"lazy\" decoding=\"async\" width=\"1024\" height=\"682\" data-id=\"5122\" src=\"https:\/\/opus-folyoirat.sk\/wp-content\/uploads\/2026\/05\/IMG_3104-1024x682.jpg\" alt=\"\" class=\"wp-image-5122\" srcset=\"https:\/\/opus-folyoirat.sk\/wp-content\/uploads\/2026\/05\/IMG_3104-1024x682.jpg 1024w, https:\/\/opus-folyoirat.sk\/wp-content\/uploads\/2026\/05\/IMG_3104-300x200.jpg 300w, https:\/\/opus-folyoirat.sk\/wp-content\/uploads\/2026\/05\/IMG_3104-768x512.jpg 768w, https:\/\/opus-folyoirat.sk\/wp-content\/uploads\/2026\/05\/IMG_3104-1536x1024.jpg 1536w, https:\/\/opus-folyoirat.sk\/wp-content\/uploads\/2026\/05\/IMG_3104-2048x1365.jpg 2048w, https:\/\/opus-folyoirat.sk\/wp-content\/uploads\/2026\/05\/IMG_3104-450x300.jpg 450w\" sizes=\"auto, (max-width: 1024px) 100vw, 1024px\" \/><\/figure>\n<\/figure>\n\n\n\n<p>Az Opus a megszokott m\u00f3don a SZM\u00cdT \u00e9s a szerkeszt\u0151s\u00e9g h\u00edreivel z\u00e1rja a lapot.&nbsp;<\/p>\n\n\n\n<p class=\"has-text-align-right\"><em>(opus)<\/em><\/p>\n","protected":false},"excerpt":{"rendered":"<p>Az Opus irodalmi \u00e9s m\u0171v\u00e9szeti foly\u00f3irat 101. sz\u00e1ma visszany\u00fal a gy\u00f6kerekhez \u2013 olyan m\u0171veket k\u00f6z\u00f6l, amelyeket mindenki meg\u00e9rthet, a legkisebbekt\u0151l a legnagyobbakig. Az \u00e1prilisi Opusban a gyermekirodalom kapta a f\u0151szerepet.&nbsp; Nem el\u0151sz\u00f6r, \u00e9s bizony\u00e1ra nem is utolj\u00e1ra v\u00e1llalkoztak szerkeszt\u0151ink arra, &hellip; <a href=\"https:\/\/opus-folyoirat.sk\/?page_id=5103\">Egy kattint\u00e1s ide a folytat\u00e1shoz&#8230;. <span class=\"meta-nav\">&rarr;<\/span><\/a><\/p>\n","protected":false},"author":4,"featured_media":0,"parent":0,"menu_order":0,"comment_status":"closed","ping_status":"closed","template":"","meta":{"footnotes":""},"class_list":["post-5103","page","type-page","status-publish","hentry"],"_links":{"self":[{"href":"https:\/\/opus-folyoirat.sk\/index.php?rest_route=\/wp\/v2\/pages\/5103","targetHints":{"allow":["GET"]}}],"collection":[{"href":"https:\/\/opus-folyoirat.sk\/index.php?rest_route=\/wp\/v2\/pages"}],"about":[{"href":"https:\/\/opus-folyoirat.sk\/index.php?rest_route=\/wp\/v2\/types\/page"}],"author":[{"embeddable":true,"href":"https:\/\/opus-folyoirat.sk\/index.php?rest_route=\/wp\/v2\/users\/4"}],"replies":[{"embeddable":true,"href":"https:\/\/opus-folyoirat.sk\/index.php?rest_route=%2Fwp%2Fv2%2Fcomments&post=5103"}],"version-history":[{"count":1,"href":"https:\/\/opus-folyoirat.sk\/index.php?rest_route=\/wp\/v2\/pages\/5103\/revisions"}],"predecessor-version":[{"id":5125,"href":"https:\/\/opus-folyoirat.sk\/index.php?rest_route=\/wp\/v2\/pages\/5103\/revisions\/5125"}],"wp:attachment":[{"href":"https:\/\/opus-folyoirat.sk\/index.php?rest_route=%2Fwp%2Fv2%2Fmedia&parent=5103"}],"curies":[{"name":"wp","href":"https:\/\/api.w.org\/{rel}","templated":true}]}}